-- Table structure for table `gender`
--

CREATE TABLE `gender` (
  `id` int(10) unsigned NOT NULL AUTO_INCREMENT,
  `title` varchar(25) COLLATE utf8_unicode_ci NOT NULL,
  `deleted_at` timestamp NULL DEFAULT NULL,
  PRIMARY KEY (`id`)
) ENGINE=InnoDB DEFAULT CHARSET=utf8 COLLATE=utf8_unicode_ci;

--
-- Dumping data for table `gender`
--


--
-- Table structure for table `images`
--

CREATE TABLE `images` (
  `id` int(10) unsigned NOT NULL AUTO_INCREMENT,
  `file_name` varchar(255) COLLATE utf8_unicode_ci NOT NULL,
  `created_at` timestamp NULL DEFAULT NULL,
  `updated_at` timestamp NULL DEFAULT NULL,
  `deleted_at` timestamp NULL DEFAULT NULL,
  `company_id` bigint(20) unsigned DEFAULT NULL,
  PRIMARY KEY (`id`)
) ENGINE=InnoDB AUTO_INCREMENT=84 DEFAULT CHARSET=utf8 COLLATE=utf8_unicode_ci;

--
-- Dumping data for table `images`
--

INSERT INTO `images` VALUES (1,'58f4b8c8e9eff','2017-04-17 12:44:56','2017-04-17 12:44:56',NULL,NULL),(3,'594b643e988df','2017-06-22 06:31:26','2017-06-22 06:31:26',NULL,NULL),(5,'594b69d84dada','2017-06-22 06:55:20','2017-06-22 06:55:20',NULL,NULL),(6,'594b6c306f30b','2017-06-22 07:05:20','2017-06-22 07:05:20',NULL,NULL),(7,'594b6e3f3d18b','2017-06-22 07:14:07','2017-06-22 07:14:07',NULL,NULL),(8,'594b6faf43295','2017-06-22 07:20:15','2017-06-22 07:20:15',NULL,NULL),(9,'594b77f33e14b','2017-06-22 07:55:31','2017-06-22 07:55:31',NULL,NULL),(10,'594b7c5adc901','2017-06-22 08:14:18','2017-06-22 08:14:18',NULL,NULL),(11,'594b88ff7948a','2017-06-22 09:08:15','2017-06-22 09:08:15',NULL,NULL),(12,'594b8f7c67a4e','2017-06-22 09:35:56','2017-06-22 09:35:56',NULL,NULL),(13,'594b902fb13a1','2017-06-22 09:38:55','2017-06-22 09:38:55',NULL,NULL),(14,'594b90c995908','2017-06-22 09:41:29','2017-06-22 09:41:29',NULL,NULL),(15,'594b91645267e','2017-06-22 09:44:04','2017-06-22 09:44:04',NULL,NULL),(16,'594b93f3b16e9','2017-06-22 09:54:59','2017-06-22 09:54:59',NULL,NULL),(17,'594b952536d09','2017-06-22 10:00:05','2017-06-22 10:00:05',NULL,NULL),(18,'594b95a8bf1ae','2017-06-22 10:02:16','2017-06-22 10:02:16',NULL,NULL),(19,'594b9633e1322','2017-06-22 10:04:35','2017-06-22 10:04:35',NULL,NULL),(22,'5959dbdf100cb','2017-07-03 05:53:35','2017-07-03 05:53:35',NULL,NULL),(30,'5979dbee19431','2017-07-27 12:26:22','2017-07-27 12:26:22',NULL,NULL),(32,'59a009bcc76df','2017-08-25 11:27:56','2017-08-25 11:27:56',NULL,NULL),(33,'59d20bd8e82b4','2017-10-02 09:50:16','2017-10-02 09:50:16',NULL,NULL),(34,'5a724dde6ccd4','2018-01-31 23:14:38','2018-01-31 23:14:38',NULL,NULL),(35,'5a724e7aaf3ca','2018-01-31 23:17:14','2018-01-31 23:17:14',NULL,NULL),(36,'5a724f12f12bf','2018-01-31 23:19:46','2018-01-31 23:19:46',NULL,NULL),(37,'5a724f67a70f8','2018-01-31 23:21:11','2018-01-31 23:21:11',NULL,NULL),(38,'5a90d6c18402d','2018-02-24 03:06:41','2018-02-24 03:06:41',NULL,NULL),(39,'5aa3abe968e03','2018-03-10 09:56:57','2018-03-10 09:56:57',NULL,NULL),(40,'5aa3c22a7812f','2018-03-10 11:31:54','2018-03-10 11:31:54',NULL,NULL),(41,'5ade497613d24','2018-04-23 21:00:38','2018-04-23 21:00:38',NULL,NULL),(42,'5af02f907a00c','2018-05-07 10:50:56','2018-05-07 10:50:56',NULL,NULL),(43,'5af02fc99718c','2018-05-07 10:51:53','2018-05-07 10:51:53',NULL,NULL),(44,'5af030b43b140','2018-05-07 10:55:48','2018-05-07 10:55:48',NULL,NULL),(45,'5aff213d52d11','2018-05-18 18:53:49','2018-05-18 18:53:49',NULL,NULL),(47,'5b12481a3e932','2018-06-02 07:32:42','2018-06-02 07:32:42',NULL,NULL),(49,'5b2a54be19bdb','2018-06-20 13:21:02','2018-06-20 13:21:02',NULL,NULL),(50,'5b4890ea36677','2018-07-13 11:45:46','2018-07-13 11:45:46',NULL,NULL),(51,'5b48932cd5816','2018-07-13 11:55:24','2018-07-13 11:55:24',NULL,NULL),(53,'5e05bdb3abc37','2019-12-27 08:15:47','2019-12-27 08:15:47',NULL,NULL),(54,'5fc1fc529bffb','2020-11-28 07:29:22','2020-11-28 07:29:22',NULL,NULL),(55,'5ffdecfb9a545','2021-01-12 18:39:55','2021-01-12 18:39:55',NULL,NULL),(56,'5fff528b0706c','2021-01-13 20:05:31','2021-01-13 20:05:31',NULL,NULL),(57,'605c6ab9ceaea','2021-03-25 10:49:29','2021-03-25 10:49:29',NULL,NULL),(58,'605f3cb9d6e4b','2021-03-27 14:10:01','2021-03-27 14:10:01',NULL,NULL),(59,'60b9459100c6f','2021-06-03 21:11:45','2021-06-03 21:11:45',NULL,NULL),(60,'60b9462915df4','2021-06-03 21:14:17','2021-06-03 21:14:17',NULL,NULL),(61,'60cefda1eceaa','2021-06-20 08:34:41','2021-06-20 08:34:41',NULL,NULL),(62,'6106f444b2cc5','2021-08-01 19:21:40','2021-08-01 19:21:40',NULL,NULL),(63,'610b02f9ac7dd','2021-08-04 21:13:29','2021-08-04 21:13:29',NULL,NULL),(64,'610b109768aec','2021-08-04 22:11:35','2021-08-04 22:11:35',NULL,NULL),(65,'610b1735aa0e3','2021-08-04 22:39:49','2021-08-04 22:39:49',NULL,NULL),(66,'6113f0409f386','2021-08-11 15:44:00','2021-08-11 15:44:00',NULL,NULL),(67,'6114065100c1d','2021-08-11 17:18:09','2021-08-11 17:18:09',NULL,NULL),(68,'61140a756fb78','2021-08-11 17:35:49','2021-08-11 17:35:49',NULL,NULL),(69,'611411f30c2f8','2021-08-11 18:07:47','2021-08-11 18:07:47',NULL,NULL),(70,'6114153d4a085','2021-08-11 18:21:49','2021-08-11 18:21:49',NULL,NULL),(71,'611aa5091bb34','2021-08-16 17:48:57','2021-08-16 17:48:57',NULL,NULL),(72,'611aaa4815860','2021-08-16 18:11:20','2021-08-16 18:11:20',NULL,NULL),(73,'611ff7a9bf076','2021-08-20 18:42:49','2021-08-20 18:42:49',NULL,NULL),(74,'614cbfec0d440','2021-09-23 17:57:00','2021-09-23 17:57:00',NULL,283),(75,'615c3349ebc55','2021-10-05 11:13:13','2021-10-05 11:13:13',NULL,286),(76,'615c37f601deb','2021-10-05 11:33:10','2021-10-05 11:33:10',NULL,286),(77,'615df57c80406','2021-10-06 19:14:04','2021-10-06 19:14:04',NULL,286),(78,'615dfa42a99fe','2021-10-06 19:34:26','2021-10-06 19:34:26',NULL,286),(79,'61a4ccfa43782','2021-11-29 12:52:10','2021-11-29 12:52:10',NULL,306),(80,'61b23164f3f15','2021-12-09 16:40:05','2021-12-09 16:40:05',NULL,308),(81,'6200b80e64df6','2022-02-07 06:11:26','2022-02-07 06:11:26',NULL,306),(82,'6200b80f155da','2022-02-07 06:11:27','2022-02-07 06:11:27',NULL,306),(83,'62bc4da3c3e82','2022-06-29 13:03:31','2022-06-29 13:03:31',NULL,325);

--
-- Table structure for table `installed_modules`
--

CREATE TABLE `installed_modules` (
  `id` int(10) unsigned NOT NULL AUTO_INCREMENT,
  `company_id` int(10) unsigned NOT NULL,
  `module_id` int(10) unsigned NOT NULL,
  `status` tinyint(1) NOT NULL,
  `created_at` timestamp NULL DEFAULT NULL,
  `updated_at` timestamp NULL DEFAULT NULL,
  `deleted_at` timestamp NULL DEFAULT NULL,
  PRIMARY KEY (`id`),
  KEY `installed_modules_company_id_foreign` (`company_id`),
  KEY `installed_modules_module_id_foreign` (`module_id`),
  CONSTRAINT `installed_modules_company_id_foreign` FOREIGN KEY (`company_id`) REFERENCES `companies` (`id`) ON DELETE CASCADE,
  CONSTRAINT `installed_modules_module_id_foreign` FOREIGN KEY (`module_id`) REFERENCES `modules` (`id`) ON DELETE CASCADE
) ENGINE=InnoDB AUTO_INCREMENT=798 DEFAULT CHARSET=utf8 COLLATE=utf8_unicode_ci;

--
-- Dumping data for table `installed_modules`
--

INSERT INTO `installed_modules` VALUES (1,1,1,1,'2017-04-05 10:47:27','2017-04-05 10:47:27',NULL),(2,1,2,1,'2017-04-05 10:48:24','2017-04-05 10:48:24',NULL),(3,2,1,1,'2017-05-30 06:41:38','2017-05-30 06:41:38',NULL),(4,2,2,1,'2017-05-30 06:49:14','2017-05-30 06:49:14',NULL),(5,1,3,1,'2017-06-21 07:54:00','2017-06-21 07:54:00',NULL),(6,3,1,1,'2017-07-24 05:53:23','2017-07-24 05:53:23',NULL),(7,3,2,1,'2017-07-24 07:50:56','2017-07-24 07:50:56',NULL),(8,1,4,1,'2017-07-26 22:16:11','2017-07-26 22:16:11',NULL),(9,2,4,1,'2017-07-27 06:42:12','2017-07-27 06:42:12',NULL),(10,4,1,1,'2017-09-25 04:28:06','2017-09-25 04:28:06',NULL),(11,4,2,1,'2017-09-25 04:32:46','2017-09-25 04:32:46',NULL),(12,4,4,1,'2017-09-25 04:32:52','2017-09-25 04:32:52',NULL),(17,6,1,1,'2017-12-15 17:00:23','2017-12-15 17:00:23',NULL),(44,32,1,1,'2018-01-19 13:42:27','2018-01-19 13:42:27',NULL),(45,32,5,1,'2018-01-19 13:42:42','2018-01-19 13:42:42',NULL),(51,37,1,1,'2018-01-30 05:06:04','2018-01-30 05:06:04',NULL),(52,37,2,1,'2018-01-30 05:06:33','2018-01-30 05:06:33',NULL),(53,37,5,1,'2018-01-30 05:06:37','2018-01-30 05:06:37',NULL),(95,6,2,1,'2018-03-16 07:45:13','2018-03-16 07:45:13',NULL),(96,6,4,1,'2018-03-16 07:45:15','2018-03-16 07:45:15',NULL),(122,88,1,1,'2018-03-21 06:00:40','2018-03-21 06:00:40',NULL),(123,88,2,1,'2018-03-21 06:00:40','2018-03-21 06:00:40',NULL),(124,88,6,1,'2018-03-21 06:02:37','2018-03-21 06:02:37',NULL),(133,88,7,1,'2018-03-28 23:54:36','2018-04-11 06:56:33',NULL),(134,1,7,1,'2018-03-29 00:00:21','2018-03-29 00:00:21',NULL),(143,88,3,1,'2018-04-12 12:00:46','2018-04-12 12:00:46',NULL),(144,37,7,1,'2018-04-14 08:28:17','2018-04-14 08:28:17',NULL),(154,95,1,1,'2018-04-20 22:19:56','2018-04-20 22:19:56',NULL),(155,95,2,1,'2018-04-20 22:19:56','2018-04-20 22:19:56',NULL),(156,95,4,1,'2018-04-20 22:19:56','2018-04-20 22:19:56',NULL),(172,32,2,1,'2018-05-12 04:45:29','2018-05-12 04:45:29',NULL),(186,105,1,1,'2018-06-05 19:19:14','2018-06-05 19:19:14',NULL),(187,105,2,1,'2018-06-05 19:19:14','2018-06-05 19:19:14',NULL),(188,105,4,1,'2018-06-05 19:19:14','2018-06-05 19:19:14',NULL),(292,37,3,1,'2018-08-07 08:36:34','2018-08-07 08:36:34',NULL),(293,147,1,1,'2018-08-15 11:47:44','2018-08-15 11:47:44',NULL),(294,147,2,1,'2018-08-15 11:47:44','2018-08-15 11:47:44',NULL),(295,147,4,0,'2018-08-15 11:47:44','2018-08-15 20:19:48',NULL),(296,147,5,1,'2018-08-15 20:19:46','2018-08-15 20:19:46',NULL),(297,148,1,1,'2019-04-27 06:48:37','2019-04-27 06:48:37',NULL),(298,148,2,1,'2019-04-27 06:48:37','2019-04-27 06:48:37',NULL),(299,148,4,1,'2019-04-27 06:48:37','2019-04-27 06:48:37',NULL),(300,149,1,1,'2019-05-17 06:37:38','2019-05-17 06:37:38',NULL),(301,149,2,1,'2019-05-17 06:37:38','2019-05-17 06:37:38',NULL),(302,149,4,1,'2019-05-17 06:37:38','2019-05-17 06:37:38',NULL),(303,150,1,1,'2019-05-17 06:40:19','2019-05-17 06:40:19',NULL),(304,150,2,1,'2019-05-17 06:40:19','2019-05-17 06:40:19',NULL),(305,150,4,1,'2019-05-17 06:40:19','2019-05-17 06:40:19',NULL),(306,151,1,1,'2019-05-17 06:43:05','2019-05-17 06:43:05',NULL),(307,151,2,1,'2019-05-17 06:43:05','2019-05-17 06:43:05',NULL),(308,151,4,1,'2019-05-17 06:43:05','2019-05-17 06:43:05',NULL),(309,152,1,1,'2019-05-17 06:55:46','2019-05-17 06:55:46',NULL),(310,152,2,1,'2019-05-17 06:55:46','2019-05-17 06:55:46',NULL),(311,152,4,1,'2019-05-17 06:55:46','2019-05-17 06:55:46',NULL),(312,153,1,1,'2019-05-17 07:29:38','2019-05-17 07:29:38',NULL),(313,153,2,1,'2019-05-17 07:29:38','2019-05-17 07:29:38',NULL),(314,153,4,1,'2019-05-17 07:29:38','2019-05-17 07:29:38',NULL),(315,154,1,1,'2019-06-16 05:04:45','2019-06-16 05:04:45',NULL),(316,154,2,1,'2019-06-16 05:04:45','2019-06-16 05:04:45',NULL),(317,154,4,1,'2019-06-16 05:04:45','2019-06-16 05:04:45',NULL),(318,155,1,1,'2019-10-12 16:36:10','2019-10-12 16:36:10',NULL),(319,155,2,1,'2019-10-12 16:36:10','2019-10-12 16:36:10',NULL),(320,155,4,1,'2019-10-12 16:36:10','2019-10-12 16:36:10',NULL),(321,154,3,1,'2019-10-25 07:57:27','2019-10-25 07:57:27',NULL),(322,156,1,1,'2019-11-05 21:00:25','2019-11-05 21:00:25',NULL),(323,156,2,1,'2019-11-05 21:00:25','2019-11-05 21:00:25',NULL),(324,156,4,1,'2019-11-05 21:00:25','2019-11-05 21:00:25',NULL),(325,157,1,1,'2020-03-03 03:14:06','2020-03-03 03:14:06',NULL),(326,157,2,1,'2020-03-03 03:14:06','2020-03-03 03:14:06',NULL),(327,157,4,0,'2020-03-03 03:14:06','2020-04-11 07:58:37',NULL),(328,158,1,1,'2020-05-03 13:12:53','2020-05-03 13:12:53',NULL),(329,158,2,1,'2020-05-03 13:12:53','2020-05-03 13:12:53',NULL),(330,158,5,1,'2020-05-03 13:12:53','2020-05-03 13:12:53',NULL),(331,159,1,1,'2020-05-08 15:03:41','2020-05-08 15:03:41',NULL),(332,159,2,1,'2020-05-08 15:03:41','2020-05-08 15:03:41',NULL),(333,159,5,1,'2020-05-08 15:03:41','2020-05-08 15:03:41',NULL),(352,160,1,1,'2020-05-09 11:29:51','2020-05-09 11:29:51',NULL),(353,160,2,1,'2020-05-09 11:29:51','2020-05-09 11:29:51',NULL),(354,160,5,1,'2020-05-09 11:29:51','2020-05-09 11:29:51',NULL),(355,164,1,1,'2020-11-26 11:28:48','2020-11-26 11:28:48',NULL),(356,164,2,1,'2020-11-26 11:28:48','2020-11-26 11:28:48',NULL),(357,164,5,1,'2020-11-26 11:28:48','2020-11-26 11:28:48',NULL),(358,165,1,1,'2020-11-26 18:34:28','2020-11-26 18:34:28',NULL),(359,165,2,1,'2020-11-26 18:34:28','2020-11-26 18:34:28',NULL),(360,165,5,1,'2020-11-26 18:34:28','2020-11-26 18:34:28',NULL),(361,166,1,1,'2021-01-07 19:31:51','2021-01-07 19:31:51',NULL),(362,166,2,1,'2021-01-07 19:31:51','2021-01-07 19:31:51',NULL),(363,166,5,1,'2021-01-07 19:31:51','2021-01-07 19:31:51',NULL),(364,167,1,1,'2021-01-13 20:28:11','2021-01-13 20:28:11',NULL),(365,167,2,1,'2021-01-13 20:28:11','2021-01-13 20:28:11',NULL),(366,167,5,1,'2021-01-13 20:28:11','2021-01-13 20:28:11',NULL),(367,168,1,1,'2021-01-14 09:05:00','2021-01-14 09:05:00',NULL),(368,168,2,1,'2021-01-14 09:05:00','2021-01-14 09:05:00',NULL),(369,168,5,1,'2021-01-14 09:05:00','2021-01-14 09:05:00',NULL),(370,169,1,1,'2021-01-15 20:39:40','2021-01-15 20:39:40',NULL),(371,169,2,1,'2021-01-15 20:39:40','2021-01-15 20:39:40',NULL),(372,169,5,1,'2021-01-15 20:39:40','2021-01-15 20:39:40',NULL),(373,170,1,1,'2021-01-19 02:56:15','2021-01-19 02:56:15',NULL),(374,170,2,1,'2021-01-19 02:56:15','2021-01-19 02:56:15',NULL),(375,170,5,1,'2021-01-19 02:56:15','2021-01-19 02:56:15',NULL),(376,171,1,1,'2021-01-26 19:07:26','2021-01-26 19:07:26',NULL),(377,171,2,1,'2021-01-26 19:07:26','2021-01-26 19:07:26',NULL),(378,171,5,1,'2021-01-26 19:07:26','2021-01-26 19:07:26',NULL),(379,172,1,1,'2021-01-27 08:49:25','2021-01-27 08:49:25',NULL),(380,172,2,1,'2021-01-27 08:49:25','2021-01-27 08:49:25',NULL),(381,172,5,1,'2021-01-27 08:49:25','2021-01-27 08:49:25',NULL),(382,163,2,1,'2021-02-01 10:29:56','2021-02-01 10:29:56',NULL),(383,163,5,1,'2021-02-01 10:29:59','2021-02-01 10:29:59',NULL),(384,163,1,1,'2021-02-01 10:41:12','2021-02-01 10:41:12',NULL),(387,173,1,1,'2021-02-08 19:01:24','2021-02-08 19:01:24',NULL),(388,173,2,1,'2021-02-08 19:01:24','2021-02-08 19:01:24',NULL),(389,173,5,1,'2021-02-08 19:01:24','2021-02-08 19:01:24',NULL),(390,174,1,1,'2021-02-12 14:02:29','2021-02-12 14:02:29',NULL),(391,174,2,1,'2021-02-12 14:02:29','2021-02-12 14:02:29',NULL),(392,174,5,1,'2021-02-12 14:02:29','2021-02-12 14:02:29',NULL),(393,177,1,1,'2021-02-17 20:20:35','2021-02-17 20:20:35',NULL),(394,177,2,1,'2021-02-17 20:20:35','2021-02-17 20:20:35',NULL),(395,177,5,1,'2021-02-17 20:20:35','2021-02-17 20:20:35',NULL),(396,178,1,1,'2021-02-17 20:27:36','2021-02-17 20:27:36',NULL),(397,178,2,1,'2021-02-17 20:27:36','2021-02-17 20:27:36',NULL),(398,178,5,1,'2021-02-17 20:27:36','2021-02-17 20:27:36',NULL),(399,179,1,1,'2021-02-18 07:18:42','2021-02-18 07:18:42',NULL),(400,179,2,1,'2021-02-18 07:18:42','2021-02-18 07:18:42',NULL),(401,179,5,1,'2021-02-18 07:18:42','2021-02-18 07:18:42',NULL),(402,180,1,1,'2021-02-18 09:48:57','2021-02-18 09:48:57',NULL),(403,180,2,1,'2021-02-18 09:48:57','2021-02-18 09:48:57',NULL),(404,180,5,1,'2021-02-18 09:48:57','2021-02-18 09:48:57',NULL),(405,176,1,1,'2021-02-18 20:31:28','2021-02-18 20:31:28',NULL),(406,176,2,1,'2021-02-18 20:31:28','2021-02-18 20:31:28',NULL),(407,176,5,1,'2021-02-18 20:31:28','2021-02-18 20:31:28',NULL),(408,181,1,1,'2021-02-26 19:17:21','2021-02-26 19:17:21',NULL),(409,181,2,1,'2021-02-26 19:17:21','2021-02-26 19:17:21',NULL),(410,181,5,1,'2021-02-26 19:17:21','2021-02-26 19:17:21',NULL),(411,182,1,1,'2021-03-02 18:47:53','2021-03-02 18:47:53',NULL),(412,182,2,1,'2021-03-02 18:47:53','2021-03-02 18:47:53',NULL),(413,182,5,1,'2021-03-02 18:47:53','2021-03-02 18:47:53',NULL),(414,185,1,1,'2021-03-08 16:42:45','2021-03-08 16:42:45',NULL),(415,185,2,1,'2021-03-08 16:42:45','2021-03-08 16:42:45',NULL),(416,185,5,1,'2021-03-08 16:42:45','2021-03-08 16:42:45',NULL),(417,186,1,1,'2021-03-11 06:32:19','2021-03-11 06:32:19',NULL),(418,186,2,1,'2021-03-11 06:32:19','2021-03-11 06:32:19',NULL),(419,186,5,1,'2021-03-11 06:32:19','2021-03-11 06:32:19',NULL),(420,187,1,1,'2021-03-11 07:15:44','2021-03-11 07:15:44',NULL),(421,187,2,1,'2021-03-11 07:15:44','2021-03-11 07:15:44',NULL),(422,187,5,1,'2021-03-11 07:15:44','2021-03-11 07:15:44',NULL),(423,188,1,1,'2021-03-12 07:14:49','2021-03-12 07:14:49',NULL),(424,188,2,1,'2021-03-12 07:14:49','2021-03-12 07:14:49',NULL),(425,188,5,1,'2021-03-12 07:14:49','2021-03-12 07:14:49',NULL),(426,189,1,1,'2021-03-12 09:47:09','2021-03-12 09:47:09',NULL),(427,189,2,1,'2021-03-12 09:47:09','2021-03-12 09:47:09',NULL),(428,189,5,1,'2021-03-12 09:47:09','2021-03-12 09:47:09',NULL),(429,190,1,1,'2021-03-15 07:17:32','2021-03-15 07:17:32',NULL),(430,190,2,1,'2021-03-15 07:17:32','2021-03-15 07:17:32',NULL),(431,190,5,1,'2021-03-15 07:17:32','2021-03-15 07:17:32',NULL),(432,194,1,1,'2021-03-17 19:14:12','2021-03-17 19:14:12',NULL),(433,194,2,1,'2021-03-17 19:14:12','2021-03-17 19:14:12',NULL),(434,194,5,1,'2021-03-17 19:14:12','2021-03-17 19:14:12',NULL),(435,195,1,1,'2021-03-17 19:16:35','2021-03-17 19:16:35',NULL),(436,195,2,1,'2021-03-17 19:16:35','2021-03-17 19:16:35',NULL),(437,195,5,1,'2021-03-17 19:16:35','2021-03-17 19:16:35',NULL),(438,197,1,1,'2021-03-18 08:29:16','2021-03-18 08:29:16',NULL),(439,197,2,1,'2021-03-18 08:29:16','2021-03-18 08:29:16',NULL),(440,197,5,1,'2021-03-18 08:29:16','2021-03-18 08:29:16',NULL),(441,201,1,1,'2021-03-18 19:43:20','2021-03-18 19:43:20',NULL),(442,201,2,1,'2021-03-18 19:43:20','2021-03-18 19:43:20',NULL),(443,201,5,1,'2021-03-18 19:43:20','2021-03-18 19:43:20',NULL),(444,202,1,1,'2021-03-19 06:02:18','2021-03-19 06:02:18',NULL),(445,202,2,1,'2021-03-19 06:02:18','2021-03-19 06:02:18',NULL),(446,202,5,1,'2021-03-19 06:02:18','2021-03-19 06:02:18',NULL),(447,185,1,1,'2021-03-19 08:54:29','2021-03-19 08:54:29',NULL),(448,185,2,1,'2021-03-19 08:54:29','2021-03-19 08:54:29',NULL),(449,185,5,1,'2021-03-19 08:54:29','2021-03-19 08:54:29',NULL),(450,185,1,1,'2021-03-19 08:54:39','2021-03-19 08:54:39',NULL),(451,185,2,1,'2021-03-19 08:54:39','2021-03-19 08:54:39',NULL),(452,185,5,1,'2021-03-19 08:54:39','2021-03-19 08:54:39',NULL),(453,192,1,1,'2021-03-22 10:30:58','2021-03-22 10:30:58',NULL),(454,192,2,1,'2021-03-22 10:30:58','2021-03-22 10:30:58',NULL),(455,192,5,1,'2021-03-22 10:30:58','2021-03-22 10:30:58',NULL),(456,203,1,1,'2021-03-25 07:05:26','2021-03-25 07:05:26',NULL),(457,203,2,1,'2021-03-25 07:05:26','2021-03-25 07:05:26',NULL),(458,203,5,1,'2021-03-25 07:05:26','2021-03-25 07:05:26',NULL),(459,203,1,1,'2021-03-25 07:05:30','2021-03-25 07:05:30',NULL),(460,203,2,1,'2021-03-25 07:05:30','2021-03-25 07:05:30',NULL),(461,203,5,1,'2021-03-25 07:05:30','2021-03-25 07:05:30',NULL),(462,203,1,1,'2021-03-25 07:05:43','2021-03-25 07:05:43',NULL),(463,203,2,1,'2021-03-25 07:05:43','2021-03-25 07:05:43',NULL),(464,203,5,1,'2021-03-25 07:05:43','2021-03-25 07:05:43',NULL),(465,204,1,1,'2021-03-25 16:51:59','2021-03-25 16:51:59',NULL),(466,204,2,1,'2021-03-25 16:51:59','2021-03-25 16:51:59',NULL),(467,204,5,1,'2021-03-25 16:51:59','2021-03-25 16:51:59',NULL),(468,199,1,1,'2021-03-25 18:12:14','2021-03-25 18:12:14',NULL),(469,199,2,1,'2021-03-25 18:12:14','2021-03-25 18:12:14',NULL),(470,199,5,1,'2021-03-25 18:12:14','2021-03-25 18:12:14',NULL),(471,208,1,1,'2021-03-25 18:13:07','2021-03-25 18:13:07',NULL),(472,208,2,1,'2021-03-25 18:13:07','2021-03-25 18:13:07',NULL),(473,208,5,1,'2021-03-25 18:13:07','2021-03-25 18:13:07',NULL),(474,212,1,1,'2021-03-26 06:47:32','2021-03-26 06:47:32',NULL),(475,212,2,1,'2021-03-26 06:47:32','2021-03-26 06:47:32',NULL),(476,212,5,1,'2021-03-26 06:47:32','2021-03-26 06:47:32',NULL),(477,211,1,1,'2021-03-26 07:05:05','2021-03-26 07:05:05',NULL),(478,211,2,1,'2021-03-26 07:05:05','2021-03-26 07:05:05',NULL),(479,211,5,1,'2021-03-26 07:05:05','2021-03-26 07:05:05',NULL),(480,213,1,1,'2021-03-27 11:33:07','2021-03-27 11:33:07',NULL),(481,213,2,1,'2021-03-27 11:33:07','2021-03-27 11:33:07',NULL),(482,213,5,1,'2021-03-27 11:33:07','2021-03-27 11:33:07',NULL),(483,216,1,1,'2021-03-27 14:51:05','2021-03-27 14:51:05',NULL),(484,216,2,1,'2021-03-27 14:51:05','2021-03-27 14:51:05',NULL),(485,216,5,1,'2021-03-27 14:51:05','2021-03-27 14:51:05',NULL),(486,216,7,1,'2021-03-27 17:44:13','2021-03-27 17:44:13',NULL),(487,216,6,1,'2021-03-27 17:44:14','2021-03-27 17:44:14',NULL),(488,216,3,1,'2021-03-27 17:44:21','2021-03-27 17:44:21',NULL),(489,214,1,1,'2021-03-27 17:49:12','2021-03-27 17:49:12',NULL),(490,214,2,1,'2021-03-27 17:49:12','2021-03-27 17:49:12',NULL),(491,214,5,1,'2021-03-27 17:49:12','2021-03-27 17:49:12',NULL),(492,211,1,1,'2021-03-27 17:49:14','2021-03-27 17:49:14',NULL),(493,211,2,1,'2021-03-27 17:49:14','2021-03-27 17:49:14',NULL),(494,211,5,1,'2021-03-27 17:49:14','2021-03-27 17:49:14',NULL),(495,212,3,1,'2021-03-27 17:50:49','2021-03-27 17:50:49',NULL),(496,212,6,1,'2021-03-27 17:50:49','2021-03-27 17:50:49',NULL),(497,212,7,1,'2021-03-27 17:50:57','2021-03-27 17:50:57',NULL),(498,217,1,1,'2021-04-02 14:27:18','2021-04-02 14:27:18',NULL),(499,217,2,1,'2021-04-02 14:27:18','2021-04-02 14:27:18',NULL),(500,217,5,1,'2021-04-02 14:27:18','2021-04-02 14:27:18',NULL),(501,218,1,1,'2021-04-02 21:16:53','2021-04-02 21:16:53',NULL),(502,218,2,1,'2021-04-02 21:16:53','2021-04-02 21:16:53',NULL),(503,218,5,1,'2021-04-02 21:16:53','2021-04-02 21:16:53',NULL),(504,219,1,1,'2021-04-03 17:48:00','2021-04-03 17:48:00',NULL),(505,219,2,1,'2021-04-03 17:48:00','2021-04-03 17:48:00',NULL),(506,219,5,1,'2021-04-03 17:48:00','2021-04-03 17:48:00',NULL),(507,216,1,1,'2021-04-03 18:08:52','2021-04-03 18:08:52',NULL),(508,216,2,1,'2021-04-03 18:08:52','2021-04-03 18:08:52',NULL),(509,216,5,1,'2021-04-03 18:08:52','2021-04-03 18:08:52',NULL),(510,220,1,1,'2021-04-03 18:11:29','2021-04-03 18:11:29',NULL),(511,220,2,1,'2021-04-03 18:11:29','2021-04-03 18:11:29',NULL),(512,220,5,1,'2021-04-03 18:11:29','2021-04-03 18:11:29',NULL),(513,221,1,1,'2021-04-03 18:17:17','2021-04-03 18:17:17',NULL),(514,221,2,1,'2021-04-03 18:17:17','2021-04-03 18:17:17',NULL),(515,221,5,1,'2021-04-03 18:17:17','2021-04-03 18:17:17',NULL),(516,222,1,1,'2021-04-03 18:20:31','2021-04-03 18:20:31',NULL),(517,222,2,1,'2021-04-03 18:20:31','2021-04-03 18:20:31',NULL),(518,222,5,1,'2021-04-03 18:20:31','2021-04-03 18:20:31',NULL),(519,222,1,1,'2021-04-03 18:22:23','2021-04-03 18:22:23',NULL),(520,222,2,1,'2021-04-03 18:22:23','2021-04-03 18:22:23',NULL),(521,222,5,1,'2021-04-03 18:22:23','2021-04-03 18:22:23',NULL),(522,221,1,1,'2021-04-03 18:22:49','2021-04-03 18:22:49',NULL),(523,221,2,1,'2021-04-03 18:22:49','2021-04-03 18:22:49',NULL),(524,221,5,1,'2021-04-03 18:22:49','2021-04-03 18:22:49',NULL),(525,221,1,1,'2021-04-03 18:23:49','2021-04-03 18:23:49',NULL),(526,221,2,1,'2021-04-03 18:23:49','2021-04-03 18:23:49',NULL),(527,221,5,1,'2021-04-03 18:23:49','2021-04-03 18:23:49',NULL),(528,222,1,1,'2021-04-03 18:24:24','2021-04-03 18:24:24',NULL),(529,222,2,1,'2021-04-03 18:24:25','2021-04-03 18:24:25',NULL),(530,222,5,1,'2021-04-03 18:24:25','2021-04-03 18:24:25',NULL),(531,223,1,1,'2021-04-03 18:30:23','2021-04-03 18:30:23',NULL),(532,223,2,1,'2021-04-03 18:30:23','2021-04-03 18:30:23',NULL),(533,223,5,1,'2021-04-03 18:30:23','2021-04-03 18:30:23',NULL),(534,223,1,1,'2021-04-03 18:30:43','2021-04-03 18:30:43',NULL),(535,223,2,1,'2021-04-03 18:30:43','2021-04-03 18:30:43',NULL),(536,223,5,1,'2021-04-03 18:30:43','2021-04-03 18:30:43',NULL),(537,224,1,1,'2021-04-05 18:26:27','2021-04-05 18:26:27',NULL),(538,224,2,1,'2021-04-05 18:26:27','2021-04-05 18:26:27',NULL),(539,224,5,1,'2021-04-05 18:26:27','2021-04-05 18:26:27',NULL),(540,225,1,1,'2021-04-08 18:41:01','2021-04-08 18:41:01',NULL),(541,225,2,1,'2021-04-08 18:41:01','2021-04-08 18:41:01',NULL),(542,225,5,1,'2021-04-08 18:41:01','2021-04-08 18:41:01',NULL),(543,226,1,1,'2021-04-09 19:10:12','2021-04-09 19:10:12',NULL),(544,226,2,1,'2021-04-09 19:10:12','2021-04-09 19:10:12',NULL),(545,226,5,1,'2021-04-09 19:10:12','2021-04-09 19:10:12',NULL),(546,227,1,1,'2021-04-09 19:32:51','2021-04-09 19:32:51',NULL),(547,227,2,1,'2021-04-09 19:32:51','2021-04-09 19:32:51',NULL),(548,227,5,1,'2021-04-09 19:32:51','2021-04-09 19:32:51',NULL),(549,228,1,1,'2021-04-14 00:20:10','2021-04-14 00:20:10',NULL),(550,228,2,1,'2021-04-14 00:20:10','2021-04-14 00:20:10',NULL),(551,228,5,1,'2021-04-14 00:20:11','2021-04-14 00:20:11',NULL),(552,229,1,1,'2021-04-16 01:01:08','2021-04-16 01:01:08',NULL),(553,229,2,1,'2021-04-16 01:01:08','2021-04-16 01:01:08',NULL),(554,229,5,1,'2021-04-16 01:01:08','2021-04-16 01:01:08',NULL),(555,230,1,1,'2021-04-16 17:22:24','2021-04-16 17:22:24',NULL),(556,230,2,1,'2021-04-16 17:22:24','2021-04-16 17:22:24',NULL),(557,230,5,1,'2021-04-16 17:22:24','2021-04-16 17:22:24',NULL),(558,231,1,1,'2021-04-22 23:58:46','2021-04-22 23:58:46',NULL),(559,231,2,1,'2021-04-22 23:58:46','2021-04-22 23:58:46',NULL),(560,231,5,1,'2021-04-22 23:58:46','2021-04-22 23:58:46',NULL),(561,232,1,1,'2021-04-28 00:10:12','2021-04-28 00:10:12',NULL),(562,232,2,1,'2021-04-28 00:10:12','2021-04-28 00:10:12',NULL),(563,232,5,1,'2021-04-28 00:10:12','2021-04-28 00:10:12',NULL),(564,233,1,1,'2021-04-30 13:03:10','2021-04-30 13:03:10',NULL),(565,233,2,1,'2021-04-30 13:03:10','2021-04-30 13:03:10',NULL),(566,233,5,1,'2021-04-30 13:03:10','2021-04-30 13:03:10',NULL),(582,234,1,1,'2021-05-04 23:55:50','2021-05-04 23:55:50',NULL),(583,234,2,1,'2021-05-04 23:55:50','2021-05-04 23:55:50',NULL),(584,234,5,1,'2021-05-04 23:55:50','2021-05-04 23:55:50',NULL),(585,235,1,1,'2021-05-06 18:31:29','2021-05-06 18:31:29',NULL),(586,235,2,1,'2021-05-06 18:31:29','2021-05-06 18:31:29',NULL),(587,235,5,1,'2021-05-06 18:31:29','2021-05-06 18:31:29',NULL),(588,236,1,1,'2021-05-10 18:25:06','2021-05-10 18:25:06',NULL),(589,236,2,1,'2021-05-10 18:25:06','2021-05-10 18:25:06',NULL),(590,236,5,1,'2021-05-10 18:25:06','2021-05-10 18:25:06',NULL),(591,237,1,1,'2021-05-19 14:48:15','2021-05-19 14:48:15',NULL),(592,237,2,1,'2021-05-19 14:48:15','2021-05-19 14:48:15',NULL),(593,237,5,1,'2021-05-19 14:48:15','2021-05-19 14:48:15',NULL),(594,238,1,1,'2021-05-21 04:34:27','2021-05-21 04:34:27',NULL),(595,238,2,1,'2021-05-21 04:34:27','2021-05-21 04:34:27',NULL),(596,238,5,1,'2021-05-21 04:34:27','2021-05-21 04:34:27',NULL),(597,247,1,1,'2021-05-21 20:04:06','2021-05-21 20:04:06',NULL),(598,247,2,1,'2021-05-21 20:04:06','2021-05-21 20:04:06',NULL),(599,247,5,1,'2021-05-21 20:04:06','2021-05-21 20:04:06',NULL),(600,249,1,1,'2021-05-23 18:03:22','2021-05-23 18:03:22',NULL),(601,249,2,1,'2021-05-23 18:03:22','2021-05-23 18:03:22',NULL),(602,249,5,1,'2021-05-23 18:03:22','2021-05-23 18:03:22',NULL),(603,250,1,1,'2021-05-27 18:33:58','2021-05-27 18:33:58',NULL),(604,250,2,1,'2021-05-27 18:33:58','2021-05-27 18:33:58',NULL),(605,250,5,1,'2021-05-27 18:33:58','2021-05-27 18:33:58',NULL),(606,251,1,1,'2021-05-31 18:09:03','2021-05-31 18:09:03',NULL),(607,251,2,1,'2021-05-31 18:09:03','2021-05-31 18:09:03',NULL),(608,251,5,1,'2021-05-31 18:09:03','2021-05-31 18:09:03',NULL),(609,252,1,1,'2021-06-03 16:16:39','2021-06-03 16:16:39',NULL),(610,252,2,1,'2021-06-03 16:16:39','2021-06-03 16:16:39',NULL),(611,252,5,1,'2021-06-03 16:16:39','2021-06-03 16:16:39',NULL),(612,253,1,1,'2021-06-04 04:36:07','2021-06-04 04:36:07',NULL),(613,253,2,1,'2021-06-04 04:36:07','2021-06-04 04:36:07',NULL),(614,253,5,1,'2021-06-04 04:36:07','2021-06-04 04:36:07',NULL),(615,255,1,1,'2021-06-06 10:32:54','2021-06-06 10:32:54',NULL),(616,255,2,1,'2021-06-06 10:32:54','2021-06-06 10:32:54',NULL),(617,255,5,1,'2021-06-06 10:32:54','2021-06-06 10:32:54',NULL),(618,256,1,1,'2021-06-09 07:18:46','2021-06-09 07:18:46',NULL),(619,256,2,1,'2021-06-09 07:18:46','2021-06-09 07:18:46',NULL),(620,256,5,1,'2021-06-09 07:18:46','2021-06-09 07:18:46',NULL),(621,257,1,1,'2021-06-10 20:07:16','2021-06-10 20:07:16',NULL),(622,257,2,1,'2021-06-10 20:07:16','2021-06-10 20:07:16',NULL),(623,257,5,1,'2021-06-10 20:07:16','2021-06-10 20:07:16',NULL),(624,258,1,1,'2021-06-13 16:20:39','2021-06-13 16:20:39',NULL),(625,258,2,1,'2021-06-13 16:20:39','2021-06-13 16:20:39',NULL),(626,258,5,1,'2021-06-13 16:20:39','2021-06-13 16:20:39',NULL),(627,260,1,1,'2021-06-17 14:45:45','2021-06-17 14:45:45',NULL),(628,260,2,1,'2021-06-17 14:45:45','2021-06-17 14:45:45',NULL),(629,260,5,1,'2021-06-17 14:45:45','2021-06-17 14:45:45',NULL),(630,262,1,1,'2021-06-23 08:01:11','2021-06-23 08:01:11',NULL),(631,262,2,1,'2021-06-23 08:01:11','2021-06-23 08:01:11',NULL),(632,262,5,1,'2021-06-23 08:01:11','2021-06-23 08:01:11',NULL),(633,263,1,1,'2021-06-25 09:09:16','2021-06-25 09:09:16',NULL),(634,263,2,1,'2021-06-25 09:09:16','2021-06-25 09:09:16',NULL),(635,263,5,1,'2021-06-25 09:09:16','2021-06-25 09:09:16',NULL),(636,264,1,1,'2021-07-02 05:43:28','2021-07-02 05:43:28',NULL),(637,264,2,1,'2021-07-02 05:43:28','2021-07-02 05:43:28',NULL),(638,264,5,1,'2021-07-02 05:43:28','2021-07-02 05:43:28',NULL),(639,265,1,1,'2021-07-07 15:39:57','2021-07-07 15:39:57',NULL),(640,265,2,1,'2021-07-07 15:39:57','2021-07-07 15:39:57',NULL),(641,265,5,1,'2021-07-07 15:39:57','2021-07-07 15:39:57',NULL),(642,266,1,1,'2021-07-09 20:43:30','2021-07-09 20:43:30',NULL),(643,266,2,1,'2021-07-09 20:43:30','2021-07-09 20:43:30',NULL),(644,266,5,1,'2021-07-09 20:43:30','2021-07-09 20:43:30',NULL),(645,267,1,1,'2021-07-12 18:30:06','2021-07-12 18:30:06',NULL),(646,267,2,1,'2021-07-12 18:30:06','2021-07-12 18:30:06',NULL),(647,267,5,1,'2021-07-12 18:30:06','2021-07-12 18:30:06',NULL),(648,268,1,1,'2021-07-15 11:21:23','2021-07-15 11:21:23',NULL),(649,268,2,1,'2021-07-15 11:21:23','2021-07-15 11:21:23',NULL),(650,268,5,1,'2021-07-15 11:21:23','2021-07-15 11:21:23',NULL),(651,269,1,1,'2021-07-16 14:07:55','2021-07-16 14:07:55',NULL),(652,269,2,1,'2021-07-16 14:07:55','2021-07-16 14:07:55',NULL),(653,269,5,1,'2021-07-16 14:07:55','2021-07-16 14:07:55',NULL),(654,270,1,1,'2021-07-20 10:44:10','2021-07-20 10:44:10',NULL),(655,270,2,1,'2021-07-20 10:44:10','2021-07-20 10:44:10',NULL),(656,270,5,1,'2021-07-20 10:44:10','2021-07-20 10:44:10',NULL),(657,271,1,1,'2021-07-27 20:02:18','2021-07-27 20:02:18',NULL),(658,271,2,1,'2021-07-27 20:02:18','2021-07-27 20:02:18',NULL),(659,271,5,1,'2021-07-27 20:02:18','2021-07-27 20:02:18',NULL),(660,272,1,1,'2021-08-01 18:50:35','2021-08-01 18:50:35',NULL),(661,272,2,1,'2021-08-01 18:50:35','2021-08-01 18:50:35',NULL),(662,272,5,1,'2021-08-01 18:50:35','2021-08-01 18:50:35',NULL),(663,273,1,1,'2021-08-05 19:09:47','2021-08-05 19:09:47',NULL),(664,273,2,1,'2021-08-05 19:09:47','2021-08-05 19:09:47',NULL),(665,273,5,1,'2021-08-05 19:09:47','2021-08-05 19:09:47',NULL),(666,274,1,1,'2021-08-12 17:26:51','2021-08-12 17:26:51',NULL),(667,274,2,1,'2021-08-12 17:26:51','2021-08-12 17:26:51',NULL),(668,274,5,1,'2021-08-12 17:26:51','2021-08-12 17:26:51',NULL),(669,275,1,1,'2021-08-27 10:35:30','2021-08-27 10:35:30',NULL),(670,275,2,1,'2021-08-27 10:35:30','2021-08-27 10:35:30',NULL),(671,275,5,1,'2021-08-27 10:35:30','2021-08-27 10:35:30',NULL),(672,276,1,1,'2021-09-02 08:36:49','2021-09-02 08:36:49',NULL),(673,276,2,1,'2021-09-02 08:36:49','2021-09-02 08:36:49',NULL),(674,276,5,1,'2021-09-02 08:36:49','2021-09-02 08:36:49',NULL),(675,277,1,1,'2021-09-02 08:50:24','2021-09-02 08:50:24',NULL),(676,277,2,1,'2021-09-02 08:50:24','2021-09-02 08:50:24',NULL),(677,277,5,1,'2021-09-02 08:50:24','2021-09-02 08:50:24',NULL),(678,278,1,1,'2021-09-05 15:45:42','2021-09-05 15:45:42',NULL),(679,278,2,1,'2021-09-05 15:45:42','2021-09-05 15:45:42',NULL),(680,278,5,1,'2021-09-05 15:45:42','2021-09-05 15:45:42',NULL),(681,279,1,1,'2021-09-15 17:59:55','2021-09-15 17:59:55',NULL),(682,279,2,1,'2021-09-15 17:59:55','2021-09-15 17:59:55',NULL),(683,279,5,1,'2021-09-15 17:59:55','2021-09-15 17:59:55',NULL),(684,281,1,1,'2021-09-15 18:39:48','2021-09-15 18:39:48',NULL),(685,281,2,1,'2021-09-15 18:39:48','2021-09-15 18:39:48',NULL),(686,281,5,1,'2021-09-15 18:39:48','2021-09-15 18:39:48',NULL),(687,282,1,1,'2021-09-20 17:36:19','2021-09-20 17:36:19',NULL),(688,282,2,1,'2021-09-20 17:36:19','2021-09-20 17:36:19',NULL),(689,282,5,1,'2021-09-20 17:36:19','2021-09-20 17:36:19',NULL),(690,283,1,1,'2021-09-23 17:14:50','2021-09-23 17:14:50',NULL),(691,283,2,1,'2021-09-23 17:14:50','2021-09-23 17:14:50',NULL),(692,283,5,1,'2021-09-23 17:14:50','2021-09-23 17:14:50',NULL),(693,286,1,1,'2021-10-01 16:25:27','2021-10-01 16:25:27',NULL),(694,286,2,1,'2021-10-01 16:25:27','2021-10-01 16:25:27',NULL),(695,286,5,1,'2021-10-01 16:25:27','2021-10-01 16:25:27',NULL),(696,287,1,1,'2021-10-07 09:30:51','2021-10-07 09:30:51',NULL),(697,287,2,1,'2021-10-07 09:30:51','2021-10-07 09:30:51',NULL),(698,287,5,1,'2021-10-07 09:30:51','2021-10-07 09:30:51',NULL),(699,288,1,1,'2021-10-11 16:57:37','2021-10-11 16:57:37',NULL),(700,288,2,1,'2021-10-11 16:57:37','2021-10-11 16:57:37',NULL),(701,288,5,1,'2021-10-11 16:57:37','2021-10-11 16:57:37',NULL),(702,290,1,1,'2021-10-19 11:38:25','2021-10-19 11:38:25',NULL),(703,290,2,1,'2021-10-19 11:38:25','2021-10-19 11:38:25',NULL),(704,290,5,1,'2021-10-19 11:38:25','2021-10-19 11:38:25',NULL),(705,291,1,1,'2021-10-19 13:08:03','2021-10-19 13:08:03',NULL),(706,291,2,1,'2021-10-19 13:08:03','2021-10-19 13:08:03',NULL),(707,291,5,1,'2021-10-19 13:08:03','2021-10-19 13:08:03',NULL),(708,292,1,1,'2021-10-21 16:21:41','2021-10-21 16:21:41',NULL),(709,292,2,1,'2021-10-21 16:21:41','2021-10-21 16:21:41',NULL),(710,292,5,1,'2021-10-21 16:21:41','2021-10-21 16:21:41',NULL),(711,293,1,1,'2021-10-24 06:38:51','2021-10-24 06:38:51',NULL),(712,293,2,1,'2021-10-24 06:38:51','2021-10-24 06:38:51',NULL),(713,293,5,1,'2021-10-24 06:38:51','2021-10-24 06:38:51',NULL),(714,295,1,1,'2021-10-25 12:43:04','2021-10-25 12:43:04',NULL),(715,295,2,1,'2021-10-25 12:43:04','2021-10-25 12:43:04',NULL),(716,295,5,1,'2021-10-25 12:43:04','2021-10-25 12:43:04',NULL),(717,296,1,1,'2021-10-27 07:38:12','2021-10-27 07:38:12',NULL),(718,296,2,1,'2021-10-27 07:38:12','2021-10-27 07:38:12',NULL),(719,296,5,1,'2021-10-27 07:38:12','2021-10-27 07:38:12',NULL),(720,297,1,1,'2021-11-02 04:42:41','2021-11-02 04:42:41',NULL),(721,297,2,1,'2021-11-02 04:42:41','2021-11-02 04:42:41',NULL),(722,297,5,1,'2021-11-02 04:42:41','2021-11-02 04:42:41',NULL),(723,298,1,1,'2021-11-04 20:24:19','2021-11-04 20:24:19',NULL),(724,298,2,1,'2021-11-04 20:24:19','2021-11-04 20:24:19',NULL),(725,298,5,1,'2021-11-04 20:24:19','2021-11-04 20:24:19',NULL),(726,299,1,1,'2021-11-06 00:28:03','2021-11-06 00:28:26','2021-11-06 00:28:26'),(727,299,2,1,'2021-11-06 00:28:03','2021-11-06 00:28:26','2021-11-06 00:28:26'),(728,299,5,1,'2021-11-06 00:28:03','2021-11-06 00:28:26','2021-11-06 00:28:26'),(729,300,1,1,'2021-11-08 13:31:14','2021-11-08 13:31:14',NULL),(730,300,2,1,'2021-11-08 13:31:14','2021-11-08 13:31:14',NULL),(731,300,5,1,'2021-11-08 13:31:14','2021-11-08 13:31:14',NULL),(732,301,1,1,'2021-11-15 18:18:58','2021-11-15 18:18:58',NULL),(733,301,2,1,'2021-11-15 18:18:58','2021-11-15 18:18:58',NULL),(734,301,5,1,'2021-11-15 18:18:58','2021-11-15 18:18:58',NULL),(735,303,1,1,'2021-11-17 17:40:17','2021-11-17 18:00:11','2021-11-17 18:00:11'),(736,303,2,0,'2021-11-17 17:40:17','2021-11-17 18:00:11','2021-11-17 18:00:11'),(737,303,5,1,'2021-11-17 17:40:17','2021-11-17 18:00:11','2021-11-17 18:00:11'),(738,304,1,1,'2021-11-17 18:03:18','2021-11-17 18:03:18',NULL),(739,304,2,1,'2021-11-17 18:03:18','2021-11-17 18:03:18',NULL),(740,304,5,1,'2021-11-17 18:03:18','2021-11-17 18:03:18',NULL),(741,306,1,1,'2021-11-23 16:16:47','2021-11-23 16:16:47',NULL),(742,306,2,1,'2021-11-23 16:16:47','2021-11-23 16:16:47',NULL),(743,306,5,1,'2021-11-23 16:16:47','2021-11-23 16:16:47',NULL),(744,307,1,1,'2021-12-01 16:04:19','2021-12-01 16:04:19',NULL),(745,307,2,1,'2021-12-01 16:04:19','2021-12-01 16:04:19',NULL),(746,307,5,1,'2021-12-01 16:04:19','2021-12-01 16:04:19',NULL),(747,308,1,1,'2021-12-09 16:37:01','2021-12-09 16:37:01',NULL),(748,308,2,1,'2021-12-09 16:37:01','2021-12-09 16:37:01',NULL),(749,308,5,1,'2021-12-09 16:37:01','2021-12-09 16:37:01',NULL),(750,309,1,1,'2021-12-17 08:56:25','2021-12-17 08:56:25',NULL),(751,309,2,1,'2021-12-17 08:56:25','2021-12-17 08:56:25',NULL),(752,309,5,1,'2021-12-17 08:56:25','2021-12-17 08:56:25',NULL),(753,310,1,1,'2021-12-23 14:04:42','2021-12-23 14:04:42',NULL),(754,310,2,1,'2021-12-23 14:04:42','2021-12-23 14:04:42',NULL),(755,310,5,1,'2021-12-23 14:04:42','2021-12-23 14:04:42',NULL),(756,321,1,1,'2022-01-21 19:05:11','2022-01-21 19:05:11',NULL),(757,321,2,1,'2022-01-21 19:05:11','2022-01-21 19:05:11',NULL),(758,321,5,1,'2022-01-21 19:05:11','2022-01-21 19:05:11',NULL),(759,322,1,1,'2022-01-24 06:54:30','2022-01-24 06:54:30',NULL),(760,322,2,1,'2022-01-24 06:54:30','2022-01-24 06:54:30',NULL),(761,322,5,1,'2022-01-24 06:54:30','2022-01-24 06:54:30',NULL),(762,323,1,1,'2022-02-01 18:56:07','2022-02-01 18:56:07',NULL),(763,323,2,1,'2022-02-01 18:56:07','2022-02-01 18:56:07',NULL),(764,323,5,1,'2022-02-01 18:56:07','2022-02-01 18:56:07',NULL),(765,324,1,1,'2022-02-10 17:45:12','2022-02-10 17:45:12',NULL),(766,324,2,1,'2022-02-10 17:45:12','2022-02-10 17:45:12',NULL),(767,324,5,1,'2022-02-10 17:45:12','2022-02-10 17:45:12',NULL),(768,325,1,1,'2022-03-01 14:51:15','2022-03-01 14:51:15',NULL),(769,325,2,1,'2022-03-01 14:51:15','2022-03-01 14:51:15',NULL),(770,325,5,1,'2022-03-01 14:51:15','2022-03-01 14:51:15',NULL),(771,326,1,1,'2022-03-10 07:24:44','2022-03-10 07:24:44',NULL),(772,326,2,1,'2022-03-10 07:24:44','2022-03-10 07:24:44',NULL),(773,326,5,1,'2022-03-10 07:24:44','2022-03-10 07:24:44',NULL),(777,327,1,1,'2022-03-14 15:52:43','2022-03-14 15:52:43',NULL),(778,327,2,1,'2022-03-14 15:52:43','2022-03-14 15:52:43',NULL),(779,327,5,1,'2022-03-14 15:52:43','2022-03-14 15:52:43',NULL),(780,328,1,1,'2022-03-29 19:03:29','2022-03-29 19:03:29',NULL),(781,328,2,1,'2022-03-29 19:03:29','2022-03-29 19:03:29',NULL),(782,328,5,1,'2022-03-29 19:03:29','2022-03-29 19:03:29',NULL),(783,331,1,1,'2022-06-02 18:36:01','2022-06-02 18:36:01',NULL),(784,331,2,1,'2022-06-02 18:36:01','2022-06-02 18:36:01',NULL),(785,331,5,1,'2022-06-02 18:36:01','2022-06-02 18:36:01',NULL),(786,332,1,1,'2022-06-17 00:17:35','2022-06-17 00:17:35',NULL),(787,332,2,1,'2022-06-17 00:17:35','2022-06-17 00:17:35',NULL),(788,332,5,1,'2022-06-17 00:17:35','2022-06-17 00:17:35',NULL),(795,323,1,1,'2022-06-29 12:36:45','2022-06-29 12:36:45',NULL),(796,323,2,1,'2022-06-29 12:36:45','2022-06-29 12:36:45',NULL),(797,323,5,1,'2022-06-29 12:36:45','2022-06-29 12:36:45',NULL);

--
-- Table structure for table `manager_rights`
--

CREATE TABLE `manager_rights` (
  `id` int(10) unsigned NOT NULL AUTO_INCREMENT,
  `employee_id` int(11) NOT NULL,
  `permission` varchar(255) COLLATE utf8_unicode_ci NOT NULL,
  `created_at` timestamp NULL DEFAULT NULL,
  `updated_at` timestamp NULL DEFAULT NULL,
  PRIMARY KEY (`id`)
) ENGINE=InnoDB DEFAULT CHARSET=utf8 COLLATE=utf8_unicode_ci;

--
-- Dumping data for table `manager_rights`
--


--
-- Table structure for table `migrations`
--

CREATE TABLE `migrations` (
  `id` int(10) unsigned NOT NULL AUTO_INCREMENT,
  `migration` varchar(255) COLLATE utf8_unicode_ci NOT NULL,
  `batch` int(11) NOT NULL,
  PRIMARY KEY (`id`)
) ENGINE=InnoDB AUTO_INCREMENT=28 DEFAULT CHARSET=utf8 COLLATE=utf8_unicode_ci;

--
-- Dumping data for table `migrations`
--

INSERT INTO `migrations` VALUES (1,'2021_12_03_000001_create_custom_fields_values_table',1),(2,'2021_12_03_000002_create_custom_fields_table',1),(3,'2021_12_03_000003_create_employees_table',1),(4,'2021_12_03_000004_create_email_templates_table',1),(5,'2021_12_03_000005_create_departments_table',1),(6,'2021_12_03_000006_create_users_table',1),(7,'2021_12_03_000007_create_tokens_table',1),(8,'2021_12_03_000008_create_email_users_table',1),(9,'2021_12_03_000009_create_documents_table',1),(10,'2021_12_03_000010_create_employee_managers_table',1),(11,'2021_12_03_000011_create_department_managers_table',1),(12,'2021_12_03_000013_create_affiliates_table',1),(13,'2021_12_03_000014_create_email_scheduling_table',1),(14,'2021_12_03_000015_create_companies_table',1),(15,'2021_12_03_000016_create_default_email_templates_table',1),(16,'2021_12_03_000017_create_teams_table',1),(17,'2021_12_03_000018_create_images_table',1),(18,'2021_12_03_000019_create_activities_table',1),(19,'2021_12_03_000020_create_gender_table',1),(20,'2021_12_03_000021_create_modules_table',1),(21,'2021_12_03_000022_create_permissions_table',1),(22,'2021_12_03_000023_create_roles_table',1),(23,'2021_12_03_000024_create_designations_table',1),(24,'2021_12_03_000025_create_offices_table',1),(25,'2021_12_03_000026_create_password_resets_table',1),(26,'2021_12_03_000027_create_installed_modules_table',1),(27,'2021_12_03_000028_create_role_permission_table',1);

--
-- Table structure for table `modules`
--

CREATE TABLE `modules` (
  `id` int(10) unsigned NOT NULL AUTO_INCREMENT,
  `name` varchar(255) COLLATE utf8_unicode_ci NOT NULL,
  `deleted_at` timestamp NULL DEFAULT NULL,
  PRIMARY KEY (`id`)
) ENGINE=InnoDB AUTO_INCREMENT=8 DEFAULT CHARSET=utf8 COLLATE=utf8_unicode_ci;

--
-- Dumping data for table `modules`
--

INSERT INTO `modules` VALUES (1,'Core',NULL),(2,'Attendance',NULL),(3,'Review',NULL),(4,'Payroll',NULL),(5,'NZ-Payroll',NULL),(6,'HK-Payroll',NULL),(7,'Expense',NULL);

--
-- Table structure for table `offices`
--

CREATE TABLE `offices` (
  `id` int(10) unsigned NOT NULL AUTO_INCREMENT,
  `name` varchar(255) COLLATE utf8_unicode_ci NOT NULL,
  `company_id` int(11) NOT NULL,
  `address` text COLLATE utf8_unicode_ci,
  `email` varchar(255) COLLATE utf8_unicode_ci DEFAULT NULL,
  `timezone` varchar(255) COLLATE utf8_unicode_ci DEFAULT NULL,
  `currency` varchar(255) COLLATE utf8_unicode_ci DEFAULT NULL,
  `contact` varchar(255) COLLATE utf8_unicode_ci DEFAULT NULL,
  `created_at` timestamp NULL DEFAULT NULL,
  `updated_at` timestamp NULL DEFAULT NULL,
  `lat_lng` text COLLATE utf8_unicode_ci,
  `activities` int(11) NOT NULL DEFAULT '0',
  `logo_id` int(11) DEFAULT NULL,
  `deleted_at` timestamp NULL DEFAULT NULL,
  PRIMARY KEY (`id`)
) ENGINE=InnoDB AUTO_INCREMENT=323 DEFAULT CHARSET=utf8 COLLATE=utf8_unicode_ci;

--
-- Dumping data for table `offices`
--

INSERT INTO `offices` VALUES (1,'Head office',1,'NADRA Service Centre, Murree Road, Rehman Abad, Rawalpindi, Service Road South, Rawalpindi, Pakistan',NULL,'Pacific/Auckland',NULL,NULL,'2017-04-05 10:47:27','2021-01-09 21:30:34','{\"lat\":33.6366123,\"lng\":73.0753644}',278,NULL,NULL),(2,'Head office',2,NULL,NULL,'Asia/Karachi',NULL,NULL,'2017-05-30 06:41:38','2018-03-20 06:55:38',NULL,176,32,NULL),(3,'Head office',3,NULL,NULL,'Asia/Karachi',NULL,NULL,'2017-07-24 05:53:23','2017-10-02 05:15:39',NULL,15,NULL,NULL),(4,'Head office',4,NULL,NULL,'Asia/Karachi',NULL,NULL,'2017-09-25 04:28:06','2017-09-25 04:32:32','{\"lat\":33.721112687496,\"lng\":73.056526221335}',1,NULL,NULL),(6,'Head office',6,NULL,NULL,'Asia/Karachi',NULL,NULL,'2017-12-15 17:00:21','2018-03-24 09:39:53',NULL,4,NULL,NULL),(27,'Head office',32,'Kirk Building, Kelburn, Wellington 6012, New Zealand',NULL,'Pacific/Auckland',NULL,NULL,'2018-01-19 13:42:27','2021-02-18 08:54:12','{\"lat\":-41.28874124003157,\"lng\":174.7681101754946}',8,NULL,NULL),(32,'Head office',37,'Kirk Building, Kelburn, Wellington 6012, New Zealand',NULL,'Pacific/Auckland',NULL,NULL,'2018-01-30 05:06:04','2021-02-18 08:45:09','{\"lat\":-41.28876204472754,\"lng\":174.76803023252296}',61,NULL,NULL),(78,'Head office',88,'Margalla View Heights, Islamabad, Pakistan',NULL,'Asia/Karachi',NULL,NULL,'2018-03-21 06:00:40','2019-12-27 08:15:47','{\"lat\":33.6935074,\"lng\":72.9829178}',316,53,NULL),(85,'PK-Main Office',95,'Service Rd S, Block A Satellite Town, Rawalpindi, Punjab, Pakistan',NULL,'Asia/Karachi',NULL,NULL,'2018-04-20 22:19:55','2018-04-28 11:21:14','{\"lat\":33.636613864627,\"lng\":73.075357675552}',63,NULL,NULL),(95,'Head office',105,'1600 Amphitheatre Pkwy, Mountain View, CA 94043, USA',NULL,'Europe/London',NULL,NULL,'2018-06-05 19:19:13','2018-06-05 19:19:13','{\"lat\":37.4224899,\"lng\":-122.0876657}',0,NULL,NULL),(137,'Head office',147,'1600 Amphitheatre Pkwy, Mountain View, CA 94043, USA',NULL,'Asia/Karachi',NULL,NULL,'2018-08-15 11:47:43','2021-01-20 18:49:46','{\"lat\":37.4224899,\"lng\":-122.0876657}',119,NULL,NULL),(138,'Head office',148,'1600 Amphitheatre Pkwy, Mountain View, CA 94043, USA',NULL,'Pacific/Auckland',NULL,NULL,'2019-04-27 06:48:36','2021-01-08 20:44:42','{\"lat\":37.4224899,\"lng\":-122.0876657}',2,NULL,NULL),(139,'Head office',149,'1600 Amphitheatre Pkwy, Mountain View, CA 94043, USA',NULL,'Europe/London',NULL,NULL,'2019-05-17 06:37:37','2019-05-17 06:37:37','{\"lat\":37.4224899,\"lng\":-122.0876657}',0,NULL,NULL),(140,'Head office',150,'1600 Amphitheatre Pkwy, Mountain View, CA 94043, USA',NULL,'Europe/London',NULL,NULL,'2019-05-17 06:40:19','2020-05-22 01:15:49','{\"lat\":37.4224899,\"lng\":-122.0876657}',3,NULL,NULL),(141,'Head office',151,'1600 Amphitheatre Pkwy, Mountain View, CA 94043, USA',NULL,'Europe/London',NULL,NULL,'2019-05-17 06:43:04','2019-05-17 06:43:04','{\"lat\":37.4224899,\"lng\":-122.0876657}',0,NULL,NULL),(142,'Head office',152,'1600 Amphitheatre Pkwy, Mountain View, CA 94043, USA',NULL,'Europe/London',NULL,NULL,'2019-05-17 06:55:46','2019-05-17 06:55:46','{\"lat\":37.4224899,\"lng\":-122.0876657}',0,NULL,NULL),(143,'Head office',153,'1600 Amphitheatre Pkwy, Mountain View, CA 94043, USA',NULL,'Europe/London',NULL,NULL,'2019-05-17 07:29:37','2019-05-17 07:29:37','{\"lat\":37.4224899,\"lng\":-122.0876657}',0,NULL,NULL),(144,'Head office',154,'1600 Amphitheatre Pkwy, Mountain View, CA 94043, USA',NULL,'Pacific/Auckland',NULL,NULL,'2019-06-16 05:04:45','2019-10-25 07:57:52','{\"lat\":37.4224899,\"lng\":-122.0876657}',3,NULL,NULL),(145,'Head office',155,'1600 Amphitheatre Pkwy, Mountain View, CA 94043, USA',NULL,'Europe/London',NULL,NULL,'2019-10-12 16:36:10','2019-10-12 16:36:10','{\"lat\":37.4224899,\"lng\":-122.0876657}',0,NULL,NULL),(146,'Head office',156,'1600 Amphitheatre Pkwy, Mountain View, CA 94043, USA',NULL,'Asia/Karachi',NULL,NULL,'2019-11-05 21:00:24','2019-11-07 07:40:12','{\"lat\":37.4224899,\"lng\":-122.0876657}',4,NULL,NULL),(147,'Head office',157,'1600 Amphitheatre Pkwy, Mountain View, CA 94043, USA',NULL,'Pacific/Auckland',NULL,NULL,'2020-03-03 03:14:05','2020-04-25 03:55:52','{\"lat\":37.4224899,\"lng\":-122.0876657}',1,NULL,NULL),(148,'Head office',158,'1600 Amphitheatre Pkwy, Mountain View, CA 94043, USA',NULL,'Pacific/Auckland',NULL,NULL,'2020-05-03 13:06:58','2020-05-05 10:41:10','{\"lat\":37.4224899,\"lng\":-122.0876657}',28,NULL,NULL),(149,'Head office',159,'1600 Amphitheatre Pkwy, Mountain View, CA 94043, USA',NULL,'Pacific/Auckland',NULL,NULL,'2020-05-08 14:49:14','2021-01-11 00:59:37','{\"lat\":37.4224899,\"lng\":-122.0876657}',5,NULL,NULL),(150,'Head office',160,'1600 Amphitheatre Pkwy, Mountain View, CA 94043, USA',NULL,'Pacific/Auckland',NULL,NULL,'2020-05-09 10:57:32','2020-05-09 10:57:32','{\"lat\":37.4224899,\"lng\":-122.0876657}',0,NULL,NULL),(151,'Head office',161,'1600 Amphitheatre Pkwy, Mountain View, CA 94043, USA',NULL,'Pacific/Auckland',NULL,NULL,'2020-09-24 07:33:52','2020-09-24 07:33:52','{\"lat\":37.4224899,\"lng\":-122.0876657}',0,NULL,NULL),(152,'Head office',162,'1600 Amphitheatre Pkwy, Mountain View, CA 94043, USA',NULL,'Pacific/Auckland',NULL,NULL,'2020-09-25 03:25:06','2020-09-25 03:25:06','{\"lat\":37.4224899,\"lng\":-122.0876657}',0,NULL,NULL),(153,'Head office',163,'1600 Amphitheatre Pkwy, Mountain View, CA 94043, USA',NULL,'Pacific/Auckland',NULL,NULL,'2020-11-26 09:34:11','2022-06-15 08:38:24','{\"lat\":37.4224899,\"lng\":-122.0876657}',15,NULL,NULL),(154,'Head office',164,'1600 Amphitheatre Pkwy, Mountain View, CA 94043, USA',NULL,'Asia/Karachi',NULL,NULL,'2020-11-26 11:28:17','2021-11-08 16:11:19','{\"lat\":37.4224899,\"lng\":-122.0876657}',54,NULL,NULL),(155,'Head office',165,'1600 Amphitheatre Pkwy, Mountain View, CA 94043, USA',NULL,'Asia/Karachi',NULL,NULL,'2020-11-26 18:33:43','2020-12-23 19:22:12','{\"lat\":37.4224899,\"lng\":-122.0876657}',87,NULL,NULL),(156,'Head office',166,'1600 Amphitheatre Pkwy, Mountain View, CA 94043, USA',NULL,'Asia/Karachi',NULL,NULL,'2021-01-07 19:30:49','2021-01-30 11:03:21','{\"lat\":37.4224899,\"lng\":-122.0876657}',94,NULL,NULL),(157,'Head office',167,'1600 Amphitheatre Pkwy, Mountain View, CA 94043, USA',NULL,'Asia/Karachi',NULL,NULL,'2021-01-13 20:27:44','2021-01-25 06:36:15','{\"lat\":37.4224899,\"lng\":-122.0876657}',7,NULL,NULL),(158,'Head office',168,'1600 Amphitheatre Pkwy, Mountain View, CA 94043, USA',NULL,'Pacific/Auckland',NULL,NULL,'2021-01-14 09:04:34','2021-01-21 11:50:41','{\"lat\":37.4224899,\"lng\":-122.0876657}',19,NULL,NULL),(159,'Head office',169,'1600 Amphitheatre Pkwy, Mountain View, CA 94043, USA',NULL,'Asia/Karachi',NULL,NULL,'2021-01-15 20:39:22','2021-01-15 20:46:48','{\"lat\":37.4224899,\"lng\":-122.0876657}',7,NULL,NULL),(160,'Head office',170,'1600 Amphitheatre Pkwy, Mountain View, CA 94043, USA',NULL,'Asia/Karachi',NULL,NULL,'2021-01-19 02:55:53','2021-02-04 09:45:55','{\"lat\":37.4224899,\"lng\":-122.0876657}',78,NULL,NULL),(161,'Head office',171,'1600 Amphitheatre Pkwy, Mountain View, CA 94043, USA',NULL,'Asia/Karachi',NULL,NULL,'2021-01-26 19:07:12','2021-01-26 19:15:57','{\"lat\":37.4224899,\"lng\":-122.0876657}',1,NULL,NULL),(162,'Head office',172,'1600 Amphitheatre Pkwy, Mountain View, CA 94043, USA',NULL,'Asia/Karachi',NULL,NULL,'2021-01-27 08:49:05','2021-02-03 08:53:06','{\"lat\":37.4224899,\"lng\":-122.0876657}',7,NULL,NULL),(163,'Head office',173,'1600 Amphitheatre Pkwy, Mountain View, CA 94043, USA',NULL,'Asia/Karachi',NULL,NULL,'2021-02-08 19:00:57','2021-02-19 18:50:06','{\"lat\":37.4224899,\"lng\":-122.0876657}',20,NULL,NULL),(164,'Head office',174,'1600 Amphitheatre Pkwy, Mountain View, CA 94043, USA',NULL,'Asia/Karachi',NULL,NULL,'2021-02-12 14:02:18','2021-07-29 08:54:22','{\"lat\":37.4224899,\"lng\":-122.0876657}',7,NULL,NULL),(165,'Head office',175,'1600 Amphitheatre Pkwy, Mountain View, CA 94043, USA',NULL,'Pacific/Auckland',NULL,NULL,'2021-02-15 12:32:44','2021-02-15 12:32:44','{\"lat\":37.4224899,\"lng\":-122.0876657}',0,NULL,NULL),(166,'Head office',176,'1600 Amphitheatre Pkwy, Mountain View, CA 94043, USA',NULL,'Asia/Karachi',NULL,NULL,'2021-02-17 20:11:30','2021-03-27 11:16:46','{\"lat\":37.4224899,\"lng\":-122.0876657}',60,NULL,NULL),(167,'Head office',177,'1600 Amphitheatre Pkwy, Mountain View, CA 94043, USA',NULL,'Asia/Karachi',NULL,NULL,'2021-02-17 20:20:07','2021-02-18 02:37:29','{\"lat\":37.4224899,\"lng\":-122.0876657}',1,NULL,NULL),(168,'Head office',178,'1600 Amphitheatre Pkwy, Mountain View, CA 94043, USA',NULL,'Asia/Karachi',NULL,NULL,'2021-02-17 20:27:24','2021-03-25 11:00:27','{\"lat\":37.4224899,\"lng\":-122.0876657}',23,NULL,NULL),(169,'Head office',179,'1600 Amphitheatre Pkwy, Mountain View, CA 94043, USA',NULL,'Asia/Karachi',NULL,NULL,'2021-02-18 07:18:25','2021-03-17 14:26:15','{\"lat\":37.4224899,\"lng\":-122.0876657}',3,NULL,NULL),(170,'Head office',180,'1600 Amphitheatre Pkwy, Mountain View, CA 94043, USA',NULL,'Asia/Karachi',NULL,NULL,'2021-02-18 09:48:13','2021-02-24 10:42:53','{\"lat\":37.4224899,\"lng\":-122.0876657}',11,NULL,NULL),(171,'Head office',181,'1600 Amphitheatre Pkwy, Mountain View, CA 94043, USA',NULL,'Asia/Karachi',NULL,NULL,'2021-02-26 19:17:06','2021-02-26 19:17:06','{\"lat\":37.4224899,\"lng\":-122.0876657}',0,NULL,NULL),(172,'Head office',182,'1600 Amphitheatre Pkwy, Mountain View, CA 94043, USA',NULL,'Asia/Karachi',NULL,NULL,'2021-03-02 18:47:36','2021-03-02 18:48:47','{\"lat\":37.4224899,\"lng\":-122.0876657}',1,NULL,NULL),(173,'Head office',183,'1600 Amphitheatre Pkwy, Mountain View, CA 94043, USA',NULL,'Asia/Karachi',NULL,NULL,'2021-03-04 12:16:50','2021-03-04 12:16:50','{\"lat\":37.4224899,\"lng\":-122.0876657}',0,NULL,NULL),(174,'Head office',184,'1600 Amphitheatre Pkwy, Mountain View, CA 94043, USA',NULL,'Asia/Karachi',NULL,NULL,'2021-03-04 16:32:24','2021-03-04 16:32:24','{\"lat\":37.4224899,\"lng\":-122.0876657}',0,NULL,NULL),(175,'Head office',185,'1600 Amphitheatre Pkwy, Mountain View, CA 94043, USA',NULL,'Asia/Karachi',NULL,NULL,'2021-03-08 16:19:09','2021-11-04 08:20:00','{\"lat\":37.4224899,\"lng\":-122.0876657}',1,NULL,NULL),(176,'Head office',186,'1600 Amphitheatre Pkwy, Mountain View, CA 94043, USA',NULL,'Asia/Karachi',NULL,NULL,'2021-03-11 06:31:53','2021-07-19 07:31:52','{\"lat\":37.4224899,\"lng\":-122.0876657}',5,NULL,NULL),(177,'Head office',187,'1600 Amphitheatre Pkwy, Mountain View, CA 94043, USA',NULL,'Asia/Karachi',NULL,NULL,'2021-03-11 07:15:10','2021-03-25 09:58:35','{\"lat\":37.4224899,\"lng\":-122.0876657}',9,NULL,NULL),(178,'Head office',188,'1600 Amphitheatre Pkwy, Mountain View, CA 94043, USA',NULL,'Asia/Karachi',NULL,NULL,'2021-03-12 07:13:43','2021-03-12 07:13:43','{\"lat\":37.4224899,\"lng\":-122.0876657}',0,NULL,NULL),(179,'Head office',189,'1600 Amphitheatre Pkwy, Mountain View, CA 94043, USA',NULL,'Asia/Karachi',NULL,NULL,'2021-03-12 07:15:19','2021-03-12 07:15:19','{\"lat\":37.4224899,\"lng\":-122.0876657}',0,NULL,NULL),(180,'Head office',190,'1600 Amphitheatre Pkwy, Mountain View, CA 94043, USA',NULL,'Asia/Karachi',NULL,NULL,'2021-03-15 06:40:36','2021-03-15 10:24:12','{\"lat\":37.4224899,\"lng\":-122.0876657}',1,NULL,NULL),(181,'Head office',191,'1600 Amphitheatre Pkwy, Mountain View, CA 94043, USA',NULL,'Asia/Karachi',NULL,NULL,'2021-03-16 06:08:27','2021-03-16 06:08:27','{\"lat\":37.4224899,\"lng\":-122.0876657}',0,NULL,NULL),(182,'Head office',192,'1600 Amphitheatre Pkwy, Mountain View, CA 94043, USA',NULL,'Pacific/Auckland',NULL,NULL,'2021-03-16 07:23:32','2021-03-19 08:11:32','{\"lat\":37.4224899,\"lng\":-122.0876657}',2,NULL,NULL),(183,'Head office',193,'1600 Amphitheatre Pkwy, Mountain View, CA 94043, USA',NULL,'Asia/Karachi',NULL,NULL,'2021-03-17 15:31:17','2021-03-25 04:51:47','{\"lat\":37.4224899,\"lng\":-122.0876657}',1,NULL,NULL),(184,'Head office',194,'1600 Amphitheatre Pkwy, Mountain View, CA 94043, USA',NULL,'Asia/Karachi',NULL,NULL,'2021-03-17 15:33:42','2021-03-17 15:33:42','{\"lat\":37.4224899,\"lng\":-122.0876657}',0,NULL,NULL),(185,'Head office',195,'1600 Amphitheatre Pkwy, Mountain View, CA 94043, USA',NULL,'Asia/Karachi',NULL,NULL,'2021-03-17 15:36:33','2021-03-17 15:36:33','{\"lat\":37.4224899,\"lng\":-122.0876657}',0,NULL,NULL),(186,'Head office',196,'1600 Amphitheatre Pkwy, Mountain View, CA 94043, USA',NULL,'Asia/Karachi',NULL,NULL,'2021-03-17 15:38:55','2022-06-02 06:50:52','{\"lat\":37.4224899,\"lng\":-122.0876657}',2,NULL,NULL),(187,'Head office',197,'1600 Amphitheatre Pkwy, Mountain View, CA 94043, USA',NULL,'Asia/Karachi',NULL,NULL,'2021-03-18 08:25:59','2021-03-18 08:25:59','{\"lat\":37.4224899,\"lng\":-122.0876657}',0,NULL,NULL),(188,'Head office',198,'1600 Amphitheatre Pkwy, Mountain View, CA 94043, USA',NULL,'Asia/Karachi',NULL,NULL,'2021-03-18 08:50:37','2021-03-19 08:55:38','{\"lat\":37.4224899,\"lng\":-122.0876657}',1,NULL,NULL),(189,'Head office',199,'1600 Amphitheatre Pkwy, Mountain View, CA 94043, USA',NULL,'Asia/Karachi',NULL,NULL,'2021-03-18 08:52:03','2021-03-18 08:52:03','{\"lat\":37.4224899,\"lng\":-122.0876657}',0,NULL,NULL),(190,'Head office',200,'1600 Amphitheatre Pkwy, Mountain View, CA 94043, USA',NULL,'Asia/Karachi',NULL,NULL,'2021-03-18 08:53:46','2021-03-18 08:53:46','{\"lat\":37.4224899,\"lng\":-122.0876657}',0,NULL,NULL),(191,'Head office',201,'1600 Amphitheatre Pkwy, Mountain View, CA 94043, USA',NULL,'Asia/Karachi',NULL,NULL,'2021-03-18 19:42:49','2021-03-18 19:42:49','{\"lat\":37.4224899,\"lng\":-122.0876657}',0,NULL,NULL),(192,'Head office',202,'1600 Amphitheatre Pkwy, Mountain View, CA 94043, USA',NULL,'Asia/Karachi',NULL,NULL,'2021-03-19 06:01:56','2021-03-19 09:04:34','{\"lat\":37.4224899,\"lng\":-122.0876657}',5,NULL,NULL),(193,'Head office',203,'1600 Amphitheatre Pkwy, Mountain View, CA 94043, USA',NULL,'Asia/Karachi',NULL,NULL,'2021-03-25 07:03:33','2021-03-27 14:28:19','{\"lat\":37.4224899,\"lng\":-122.0876657}',10,NULL,NULL),(194,'Head office',204,'1600 Amphitheatre Pkwy, Mountain View, CA 94043, USA',NULL,'Asia/Karachi',NULL,NULL,'2021-03-25 16:44:28','2021-03-25 16:44:28','{\"lat\":37.4224899,\"lng\":-122.0876657}',0,NULL,NULL),(195,'Head office',205,'1600 Amphitheatre Pkwy, Mountain View, CA 94043, USA',NULL,'Asia/Karachi',NULL,NULL,'2021-03-25 16:53:15','2021-03-25 16:53:15','{\"lat\":37.4224899,\"lng\":-122.0876657}',0,NULL,NULL),(196,'Head office',206,'1600 Amphitheatre Pkwy, Mountain View, CA 94043, USA',NULL,'Asia/Karachi',NULL,NULL,'2021-03-25 18:00:50','2021-03-25 18:00:50','{\"lat\":37.4224899,\"lng\":-122.0876657}',0,NULL,NULL),(197,'Head office',207,'1600 Amphitheatre Pkwy, Mountain View, CA 94043, USA',NULL,'Asia/Karachi',NULL,NULL,'2021-03-25 18:09:02','2021-03-25 18:09:02','{\"lat\":37.4224899,\"lng\":-122.0876657}',0,NULL,NULL),(198,'Head office',208,'1600 Amphitheatre Pkwy, Mountain View, CA 94043, USA',NULL,'Asia/Karachi',NULL,NULL,'2021-03-25 18:11:47','2021-03-25 18:11:47','{\"lat\":37.4224899,\"lng\":-122.0876657}',0,NULL,NULL),(199,'Head office',209,'1600 Amphitheatre Pkwy, Mountain View, CA 94043, USA',NULL,'Asia/Karachi',NULL,NULL,'2021-03-26 06:37:36','2021-03-26 06:37:36','{\"lat\":37.4224899,\"lng\":-122.0876657}',0,NULL,NULL),(200,'Head office',210,'1600 Amphitheatre Pkwy, Mountain View, CA 94043, USA',NULL,'Asia/Karachi',NULL,NULL,'2021-03-26 06:42:08','2021-03-26 06:42:08','{\"lat\":37.4224899,\"lng\":-122.0876657}',0,NULL,NULL),(201,'Head office',211,'1600 Amphitheatre Pkwy, Mountain View, CA 94043, USA',NULL,'Asia/Karachi',NULL,NULL,'2021-03-26 06:44:12','2021-03-26 07:26:46','{\"lat\":37.4224899,\"lng\":-122.0876657}',2,NULL,NULL),(202,'Head office',212,'1600 Amphitheatre Pkwy, Mountain View, CA 94043, USA',NULL,'Asia/Karachi',NULL,NULL,'2021-03-26 06:46:59','2021-03-26 07:30:47','{\"lat\":37.4224899,\"lng\":-122.0876657}',2,NULL,NULL),(203,'Head office',213,'1600 Amphitheatre Pkwy, Mountain View, CA 94043, USA',NULL,'Asia/Karachi',NULL,NULL,'2021-03-27 11:32:23','2021-05-25 20:00:15','{\"lat\":37.4224899,\"lng\":-122.0876657}',26,NULL,NULL),(204,'Head office',214,'1600 Amphitheatre Pkwy, Mountain View, CA 94043, USA',NULL,'Asia/Karachi',NULL,NULL,'2021-03-27 12:50:32','2021-04-01 19:33:47','{\"lat\":37.4224899,\"lng\":-122.0876657}',1,NULL,NULL),(205,'Head office',215,'1600 Amphitheatre Pkwy, Mountain View, CA 94043, USA',NULL,'Asia/Karachi',NULL,NULL,'2021-03-27 12:56:43','2021-03-27 14:41:56','{\"lat\":37.4224899,\"lng\":-122.0876657}',1,NULL,NULL),(206,'Head office',216,'1600 Amphitheatre Pkwy, Mountain View, CA 94043, USA',NULL,'Asia/Karachi',NULL,NULL,'2021-03-27 14:50:38','2021-04-01 19:30:40','{\"lat\":37.4224899,\"lng\":-122.0876657}',1,NULL,NULL),(207,'Head office',217,'1600 Amphitheatre Pkwy, Mountain View, CA 94043, USA',NULL,'Asia/Karachi',NULL,NULL,'2021-04-02 14:27:07','2021-04-02 14:27:07','{\"lat\":37.4224899,\"lng\":-122.0876657}',0,NULL,NULL),(208,'Head office',218,'1600 Amphitheatre Pkwy, Mountain View, CA 94043, USA',NULL,'Asia/Karachi',NULL,NULL,'2021-04-02 21:16:05','2021-04-02 21:19:39','{\"lat\":37.4224899,\"lng\":-122.0876657}',1,NULL,NULL),(209,'Head office',219,'1600 Amphitheatre Pkwy, Mountain View, CA 94043, USA',NULL,'Asia/Karachi',NULL,NULL,'2021-04-03 17:47:30','2021-04-03 18:46:06','{\"lat\":37.4224899,\"lng\":-122.0876657}',10,NULL,NULL),(210,'Head office',220,'1600 Amphitheatre Pkwy, Mountain View, CA 94043, USA',NULL,'Asia/Karachi',NULL,NULL,'2021-04-03 18:11:05','2021-04-03 18:11:05','{\"lat\":37.4224899,\"lng\":-122.0876657}',0,NULL,NULL),(211,'Head office',221,'1600 Amphitheatre Pkwy, Mountain View, CA 94043, USA',NULL,'Asia/Karachi',NULL,NULL,'2021-04-03 18:16:51','2021-04-03 18:16:51','{\"lat\":37.4224899,\"lng\":-122.0876657}',0,NULL,NULL),(212,'Head office',222,'1600 Amphitheatre Pkwy, Mountain View, CA 94043, USA',NULL,'Asia/Karachi',NULL,NULL,'2021-04-03 18:20:04','2021-04-03 18:20:04','{\"lat\":37.4224899,\"lng\":-122.0876657}',0,NULL,NULL),(213,'Head office',223,'1600 Amphitheatre Pkwy, Mountain View, CA 94043, USA',NULL,'Asia/Karachi',NULL,NULL,'2021-04-03 18:29:37','2021-04-03 18:29:37','{\"lat\":37.4224899,\"lng\":-122.0876657}',0,NULL,NULL),(214,'Head office',224,'1600 Amphitheatre Pkwy, Mountain View, CA 94043, USA',NULL,'Asia/Karachi',NULL,NULL,'2021-04-05 18:25:58','2021-04-08 18:36:56','{\"lat\":37.4224899,\"lng\":-122.0876657}',9,NULL,NULL),(215,'Head office',225,'1600 Amphitheatre Pkwy, Mountain View, CA 94043, USA',NULL,'Asia/Karachi',NULL,NULL,'2021-04-08 18:40:26','2022-06-02 18:00:12','{\"lat\":37.4224899,\"lng\":-122.0876657}',15,NULL,NULL),(216,'Head office',226,'1600 Amphitheatre Pkwy, Mountain View, CA 94043, USA',NULL,'Asia/Karachi',NULL,NULL,'2021-04-09 19:09:46','2021-04-15 11:30:38','{\"lat\":37.4224899,\"lng\":-122.0876657}',10,NULL,NULL),(217,'Head office',227,'1600 Amphitheatre Pkwy, Mountain View, CA 94043, USA',NULL,'Asia/Karachi',NULL,NULL,'2021-04-09 19:32:24','2021-04-09 19:32:24','{\"lat\":37.4224899,\"lng\":-122.0876657}',0,NULL,NULL),(218,'Head office',228,'1600 Amphitheatre Pkwy, Mountain View, CA 94043, USA',NULL,'Asia/Karachi',NULL,NULL,'2021-04-14 00:19:45','2021-04-14 23:37:39','{\"lat\":37.4224899,\"lng\":-122.0876657}',1,NULL,NULL),(219,'Head office',229,'1600 Amphitheatre Pkwy, Mountain View, CA 94043, USA',NULL,'Asia/Karachi',NULL,NULL,'2021-04-16 01:00:46','2021-04-16 01:02:37','{\"lat\":37.4224899,\"lng\":-122.0876657}',1,NULL,NULL),(220,'Head office',230,'1600 Amphitheatre Pkwy, Mountain View, CA 94043, USA',NULL,'Asia/Karachi',NULL,NULL,'2021-04-16 17:22:01','2021-04-21 00:44:31','{\"lat\":37.4224899,\"lng\":-122.0876657}',3,NULL,NULL),(221,'Head office',231,'1600 Amphitheatre Pkwy, Mountain View, CA 94043, USA',NULL,'Asia/Karachi',NULL,NULL,'2021-04-22 23:58:17','2021-04-27 00:27:34','{\"lat\":37.4224899,\"lng\":-122.0876657}',11,NULL,NULL),(222,'Head office',232,'1600 Amphitheatre Pkwy, Mountain View, CA 94043, USA',NULL,'Asia/Karachi',NULL,NULL,'2021-04-28 00:09:25','2022-08-31 19:12:37','{\"lat\":37.4224899,\"lng\":-122.0876657}',18,NULL,NULL),(223,'Head office',233,'1600 Amphitheatre Pkwy, Mountain View, CA 94043, USA',NULL,'Asia/Karachi',NULL,NULL,'2021-04-30 13:02:50','2021-06-02 01:17:23','{\"lat\":37.4224899,\"lng\":-122.0876657}',11,NULL,NULL),(224,'Head office',234,'1600 Amphitheatre Pkwy, Mountain View, CA 94043, USA',NULL,'Asia/Karachi',NULL,NULL,'2021-05-04 23:55:29','2021-05-05 08:22:43','{\"lat\":37.4224899,\"lng\":-122.0876657}',6,NULL,NULL),(225,'Head office',235,'1600 Amphitheatre Pkwy, Mountain View, CA 94043, USA',NULL,'Asia/Karachi',NULL,NULL,'2021-05-06 18:31:09','2021-05-06 18:44:19','{\"lat\":37.4224899,\"lng\":-122.0876657}',4,NULL,NULL),(226,'Head office',236,'1600 Amphitheatre Pkwy, Mountain View, CA 94043, USA',NULL,'Asia/Karachi',NULL,NULL,'2021-05-10 18:24:25','2021-05-10 19:33:38','{\"lat\":37.4224899,\"lng\":-122.0876657}',2,NULL,NULL),(227,'Head office',237,'1600 Amphitheatre Pkwy, Mountain View, CA 94043, USA',NULL,'Asia/Karachi',NULL,NULL,'2021-05-19 14:47:46','2021-05-31 17:50:52','{\"lat\":37.4224899,\"lng\":-122.0876657}',56,NULL,NULL),(228,'Head office',238,'1600 Amphitheatre Pkwy, Mountain View, CA 94043, USA',NULL,'Asia/Karachi',NULL,NULL,'2021-05-21 04:33:40','2021-05-21 04:33:40','{\"lat\":37.4224899,\"lng\":-122.0876657}',0,NULL,NULL),(229,'Head office',239,'1600 Amphitheatre Pkwy, Mountain View, CA 94043, USA',NULL,'Asia/Karachi',NULL,NULL,'2021-05-21 05:01:33','2021-05-21 05:01:33','{\"lat\":37.4224899,\"lng\":-122.0876657}',0,NULL,NULL),(230,'Head office',240,'1600 Amphitheatre Pkwy, Mountain View, CA 94043, USA',NULL,'Asia/Karachi',NULL,NULL,'2021-05-21 05:48:07','2021-05-21 05:48:07','{\"lat\":37.4224899,\"lng\":-122.0876657}',0,NULL,NULL),(231,'Head office',241,'1600 Amphitheatre Pkwy, Mountain View, CA 94043, USA',NULL,'Asia/Karachi',NULL,NULL,'2021-05-21 06:13:00','2021-05-21 06:13:00','{\"lat\":37.4224899,\"lng\":-122.0876657}',0,NULL,NULL),(232,'Head office',242,'1600 Amphitheatre Pkwy, Mountain View, CA 94043, USA',NULL,'Asia/Karachi',NULL,NULL,'2021-05-21 06:16:53','2021-05-21 07:28:31','{\"lat\":37.4224899,\"lng\":-122.0876657}',1,NULL,NULL),(233,'Head office',243,'1600 Amphitheatre Pkwy, Mountain View, CA 94043, USA',NULL,'Asia/Karachi',NULL,NULL,'2021-05-21 06:22:01','2021-05-21 06:22:01','{\"lat\":37.4224899,\"lng\":-122.0876657}',0,NULL,NULL),(234,'Head office',244,'1600 Amphitheatre Pkwy, Mountain View, CA 94043, USA',NULL,'Asia/Karachi',NULL,NULL,'2021-05-21 06:29:35','2021-05-21 07:28:22','{\"lat\":37.4224899,\"lng\":-122.0876657}',1,NULL,NULL),(235,'Head office',245,'1600 Amphitheatre Pkwy, Mountain View, CA 94043, USA',NULL,'Asia/Karachi',NULL,NULL,'2021-05-21 06:33:24','2021-05-21 07:52:26','{\"lat\":37.4224899,\"lng\":-122.0876657}',6,NULL,NULL),(236,'Head office',246,'1600 Amphitheatre Pkwy, Mountain View, CA 94043, USA',NULL,'Asia/Karachi',NULL,NULL,'2021-05-21 11:09:49','2021-05-21 11:09:49','{\"lat\":37.4224899,\"lng\":-122.0876657}',0,NULL,NULL),(237,'Head office',247,'1600 Amphitheatre Pkwy, Mountain View, CA 94043, USA',NULL,'Asia/Karachi',NULL,NULL,'2021-05-21 20:03:41','2021-05-31 09:12:10','{\"lat\":37.4224899,\"lng\":-122.0876657}',23,NULL,NULL),(238,'Head office',248,'1600 Amphitheatre Pkwy, Mountain View, CA 94043, USA',NULL,'Asia/Karachi',NULL,NULL,'2021-05-23 17:49:22','2021-05-23 17:49:22','{\"lat\":37.4224899,\"lng\":-122.0876657}',0,NULL,NULL),(239,'Head office',249,'1600 Amphitheatre Pkwy, Mountain View, CA 94043, USA',NULL,'Asia/Karachi',NULL,NULL,'2021-05-23 17:54:03','2021-05-23 17:54:03','{\"lat\":37.4224899,\"lng\":-122.0876657}',0,NULL,NULL),(240,'Head office',250,'1600 Amphitheatre Pkwy, Mountain View, CA 94043, USA',NULL,'Asia/Karachi',NULL,NULL,'2021-05-27 18:24:49','2021-05-31 10:51:58','{\"lat\":37.4224899,\"lng\":-122.0876657}',33,NULL,NULL),(241,'Head office',251,'1600 Amphitheatre Pkwy, Mountain View, CA 94043, USA',NULL,'Asia/Karachi',NULL,NULL,'2021-05-31 18:08:42','2021-06-01 20:56:14','{\"lat\":37.4224899,\"lng\":-122.0876657}',8,NULL,NULL),(242,'Head office',252,'1600 Amphitheatre Pkwy, Mountain View, CA 94043, USA',NULL,'Asia/Karachi',NULL,NULL,'2021-06-03 16:16:17','2021-06-07 21:00:18','{\"lat\":37.4224899,\"lng\":-122.0876657}',16,59,NULL),(243,'Head office',253,'1600 Amphitheatre Pkwy, Mountain View, CA 94043, USA',NULL,'Asia/Karachi',NULL,NULL,'2021-06-04 04:35:53','2021-06-04 04:37:01','{\"lat\":37.4224899,\"lng\":-122.0876657}',1,NULL,NULL),(244,'Head office',254,'1600 Amphitheatre Pkwy, Mountain View, CA 94043, USA',NULL,'Asia/Karachi',NULL,NULL,'2021-06-06 10:30:02','2021-06-06 10:36:23','{\"lat\":37.4224899,\"lng\":-122.0876657}',2,NULL,NULL),(245,'Head office',255,'1600 Amphitheatre Pkwy, Mountain View, CA 94043, USA',NULL,'Asia/Karachi',NULL,NULL,'2021-06-06 10:32:26','2021-06-06 10:32:26','{\"lat\":37.4224899,\"lng\":-122.0876657}',0,NULL,NULL),(246,'Head office',256,'1600 Amphitheatre Pkwy, Mountain View, CA 94043, USA',NULL,'Asia/Karachi',NULL,NULL,'2021-06-09 07:18:22','2021-06-09 07:27:27','{\"lat\":37.4224899,\"lng\":-122.0876657}',2,NULL,NULL),(247,'Head office',257,'1600 Amphitheatre Pkwy, Mountain View, CA 94043, USA',NULL,'Asia/Karachi',NULL,NULL,'2021-06-10 19:55:54','2021-06-10 20:11:07','{\"lat\":37.4224899,\"lng\":-122.0876657}',2,NULL,NULL),(248,'Head office',258,'1600 Amphitheatre Pkwy, Mountain View, CA 94043, USA',NULL,'Asia/Karachi',NULL,NULL,'2021-06-13 15:50:17','2021-06-13 18:05:54','{\"lat\":37.4224899,\"lng\":-122.0876657}',4,NULL,NULL),(249,'Head office',259,'1600 Amphitheatre Pkwy, Mountain View, CA 94043, USA',NULL,'Asia/Karachi',NULL,NULL,'2021-06-13 18:23:39','2021-06-13 18:23:39','{\"lat\":37.4224899,\"lng\":-122.0876657}',0,NULL,NULL),(250,'Head office',260,'1600 Amphitheatre Pkwy, Mountain View, CA 94043, USA',NULL,'Asia/Karachi',NULL,NULL,'2021-06-17 14:45:16','2021-06-24 12:11:22','{\"lat\":37.4224899,\"lng\":-122.0876657}',42,NULL,NULL),(251,'Head office',261,'1600 Amphitheatre Pkwy, Mountain View, CA 94043, USA',NULL,'Asia/Karachi',NULL,NULL,'2021-06-23 04:53:46','2021-06-23 04:53:46','{\"lat\":37.4224899,\"lng\":-122.0876657}',0,NULL,NULL),(252,'Head office',262,'1600 Amphitheatre Pkwy, Mountain View, CA 94043, USA',NULL,'Asia/Karachi',NULL,NULL,'2021-06-23 08:00:45','2021-06-26 18:48:57','{\"lat\":37.4224899,\"lng\":-122.0876657}',43,NULL,NULL),(253,'Head office',263,'1600 Amphitheatre Pkwy, Mountain View, CA 94043, USA',NULL,'Asia/Karachi',NULL,NULL,'2021-06-25 09:08:58','2021-06-25 09:08:58','{\"lat\":37.4224899,\"lng\":-122.0876657}',0,NULL,NULL),(254,'Head office',264,'1600 Amphitheatre Pkwy, Mountain View, CA 94043, USA',NULL,'Asia/Karachi',NULL,NULL,'2021-07-02 05:43:02','2021-07-05 19:21:33','{\"lat\":37.4224899,\"lng\":-122.0876657}',3,NULL,NULL),(255,'Head office',265,'1600 Amphitheatre Pkwy, Mountain View, CA 94043, USA',NULL,'Asia/Karachi',NULL,NULL,'2021-07-07 15:39:30','2021-07-07 15:59:10','{\"lat\":37.4224899,\"lng\":-122.0876657}',3,NULL,NULL),(256,'Head office',266,'1600 Amphitheatre Pkwy, Mountain View, CA 94043, USA',NULL,'Asia/Karachi',NULL,NULL,'2021-07-09 20:43:02','2021-07-10 06:20:36','{\"lat\":37.4224899,\"lng\":-122.0876657}',6,NULL,NULL),(257,'Head office',267,'1600 Amphitheatre Pkwy, Mountain View, CA 94043, USA',NULL,'Asia/Karachi',NULL,NULL,'2021-07-12 18:29:43','2022-05-25 18:42:42','{\"lat\":37.4224899,\"lng\":-122.0876657}',5,NULL,NULL),(258,'Head office',268,'1600 Amphitheatre Pkwy, Mountain View, CA 94043, USA',NULL,'Asia/Karachi',NULL,NULL,'2021-07-15 11:20:30','2021-07-15 11:55:37','{\"lat\":37.4224899,\"lng\":-122.0876657}',3,NULL,NULL),(259,'Head office',269,'1600 Amphitheatre Pkwy, Mountain View, CA 94043, USA',NULL,'Asia/Karachi',NULL,NULL,'2021-07-16 14:07:36','2021-07-16 14:18:37','{\"lat\":37.4224899,\"lng\":-122.0876657}',1,NULL,NULL),(260,'Head office',270,'1600 Amphitheatre Pkwy, Mountain View, CA 94043, USA',NULL,'Asia/Karachi',NULL,NULL,'2021-07-20 10:43:49','2021-07-20 11:37:26','{\"lat\":37.4224899,\"lng\":-122.0876657}',14,NULL,NULL),(261,'Head office',271,'1600 Amphitheatre Pkwy, Mountain View, CA 94043, USA',NULL,'Asia/Karachi',NULL,NULL,'2021-07-27 20:01:48','2021-07-27 20:38:01','{\"lat\":37.4224899,\"lng\":-122.0876657}',5,NULL,NULL),(262,'Head office',272,'1600 Amphitheatre Pkwy, Mountain View, CA 94043, USA',NULL,'Asia/Karachi',NULL,NULL,'2021-08-01 18:50:11','2021-08-04 22:39:50','{\"lat\":37.4224899,\"lng\":-122.0876657}',19,NULL,NULL),(263,'Head office',273,'1600 Amphitheatre Pkwy, Mountain View, CA 94043, USA',NULL,'Asia/Karachi',NULL,NULL,'2021-08-05 19:09:24','2021-08-16 18:11:20','{\"lat\":37.4224899,\"lng\":-122.0876657}',26,NULL,NULL),(264,'Head office',274,'1600 Amphitheatre Pkwy, Mountain View, CA 94043, USA',NULL,'Asia/Karachi',NULL,NULL,'2021-08-11 15:26:11','2021-08-23 21:09:09','{\"lat\":37.4224899,\"lng\":-122.0876657}',37,NULL,NULL),(265,'Head office',275,'1600 Amphitheatre Pkwy, Mountain View, CA 94043, USA',NULL,'Asia/Karachi',NULL,NULL,'2021-08-27 10:34:58','2021-08-27 12:16:07','{\"lat\":37.4224899,\"lng\":-122.0876657}',3,NULL,NULL),(266,'Head office',276,'1600 Amphitheatre Pkwy, Mountain View, CA 94043, USA',NULL,'Asia/Karachi',NULL,NULL,'2021-09-02 08:36:24','2021-09-02 08:36:24','{\"lat\":37.4224899,\"lng\":-122.0876657}',0,NULL,NULL),(267,'Head office',277,'1600 Amphitheatre Pkwy, Mountain View, CA 94043, USA',NULL,'Asia/Karachi',NULL,NULL,'2021-09-02 08:50:03','2021-09-02 08:50:03','{\"lat\":37.4224899,\"lng\":-122.0876657}',0,NULL,NULL),(268,'Head office',278,'1600 Amphitheatre Pkwy, Mountain View, CA 94043, USA',NULL,'Asia/Karachi',NULL,NULL,'2021-09-05 15:44:47','2021-09-17 06:22:59','{\"lat\":37.4224899,\"lng\":-122.0876657}',3,NULL,NULL),(269,'Head office',279,'1600 Amphitheatre Pkwy, Mountain View, CA 94043, USA',NULL,'Asia/Karachi',NULL,NULL,'2021-09-15 17:59:38','2021-09-17 16:36:54','{\"lat\":37.4224899,\"lng\":-122.0876657}',7,NULL,NULL),(270,'Head office',280,'1600 Amphitheatre Pkwy, Mountain View, CA 94043, USA',NULL,'Asia/Karachi',NULL,NULL,'2021-09-15 18:35:37','2021-09-15 18:49:07','{\"lat\":37.4224899,\"lng\":-122.0876657}',0,NULL,'2021-09-15 18:49:07'),(271,'Head office',281,'1600 Amphitheatre Pkwy, Mountain View, CA 94043, USA',NULL,'Asia/Karachi',NULL,NULL,'2021-09-15 18:39:24','2021-09-15 18:39:24','{\"lat\":37.4224899,\"lng\":-122.0876657}',0,NULL,NULL),(272,'Head office',282,'1600 Amphitheatre Pkwy, Mountain View, CA 94043, USA',NULL,'Asia/Karachi',NULL,NULL,'2021-09-20 17:35:51','2021-09-20 17:35:51','{\"lat\":37.4224899,\"lng\":-122.0876657}',0,NULL,NULL),(273,'Head office',283,'1600 Amphitheatre Pkwy, Mountain View, CA 94043, USA',NULL,'Asia/Karachi',NULL,NULL,'2021-09-23 17:14:26','2021-10-05 09:44:37','{\"lat\":37.4224899,\"lng\":-122.0876657}',24,NULL,NULL),(276,'Head office',286,'1600 Amphitheatre Pkwy, Mountain View, CA 94043, USA',NULL,'Asia/Karachi',NULL,NULL,'2021-10-01 16:24:22','2021-10-14 06:15:13','{\"lat\":37.4224899,\"lng\":-122.0876657}',25,NULL,NULL),(277,'Head office',287,'1600 Amphitheatre Pkwy, Mountain View, CA 94043, USA',NULL,'Asia/Karachi',NULL,NULL,'2021-10-07 09:23:42','2021-10-07 09:23:42','{\"lat\":37.4224899,\"lng\":-122.0876657}',0,NULL,NULL),(278,'Head office',288,'1600 Amphitheatre Pkwy, Mountain View, CA 94043, USA',NULL,'Asia/Karachi',NULL,NULL,'2021-10-11 16:56:53','2021-10-11 17:09:05','{\"lat\":37.4224899,\"lng\":-122.0876657}',3,NULL,NULL),(279,'Head office',289,'1600 Amphitheatre Pkwy, Mountain View, CA 94043, USA',NULL,'Pacific/Auckland',NULL,NULL,'2021-10-19 09:05:56','2021-10-19 09:05:56','{\"lat\":37.4224899,\"lng\":-122.0876657}',0,NULL,NULL),(280,'Head office',290,'1600 Amphitheatre Pkwy, Mountain View, CA 94043, USA',NULL,'Pacific/Auckland',NULL,NULL,'2021-10-19 11:31:11','2022-05-31 12:16:13','{\"lat\":37.4224899,\"lng\":-122.0876657}',41,NULL,NULL),(281,'Head office',291,'1600 Amphitheatre Pkwy, Mountain View, CA 94043, USA',NULL,'Asia/Karachi',NULL,NULL,'2021-10-19 13:07:33','2021-10-19 13:14:52','{\"lat\":37.4224899,\"lng\":-122.0876657}',5,NULL,NULL),(282,'Head office',292,'1600 Amphitheatre Pkwy, Mountain View, CA 94043, USA',NULL,'Asia/Karachi',NULL,NULL,'2021-10-21 16:21:17','2021-10-26 14:10:46','{\"lat\":37.4224899,\"lng\":-122.0876657}',9,NULL,NULL),(283,'Head office',293,'1600 Amphitheatre Pkwy, Mountain View, CA 94043, USA',NULL,'Asia/Karachi',NULL,NULL,'2021-10-24 06:38:18','2021-10-24 08:20:41','{\"lat\":37.4224899,\"lng\":-122.0876657}',32,NULL,NULL),(284,'Head office',294,'1600 Amphitheatre Pkwy, Mountain View, CA 94043, USA',NULL,'Asia/Karachi',NULL,NULL,'2021-10-25 12:40:32','2021-10-25 12:40:32','{\"lat\":37.4224899,\"lng\":-122.0876657}',0,NULL,NULL),(285,'Head office',295,'1600 Amphitheatre Pkwy, Mountain View, CA 94043, USA',NULL,'Asia/Karachi',NULL,NULL,'2021-10-25 12:42:36','2021-10-26 14:15:16','{\"lat\":37.4224899,\"lng\":-122.0876657}',1,NULL,NULL),(286,'Head office',296,'1600 Amphitheatre Pkwy, Mountain View, CA 94043, USA',NULL,'Asia/Karachi',NULL,NULL,'2021-10-27 07:37:50','2021-10-29 11:42:53','{\"lat\":37.4224899,\"lng\":-122.0876657}',60,NULL,NULL),(287,'Head office',297,'1600 Amphitheatre Pkwy, Mountain View, CA 94043, USA',NULL,'Asia/Karachi',NULL,NULL,'2021-11-02 04:41:24','2021-11-02 05:27:24','{\"lat\":37.4224899,\"lng\":-122.0876657}',8,NULL,NULL),(288,'Head office',298,'1600 Amphitheatre Pkwy, Mountain View, CA 94043, USA',NULL,'Asia/Karachi',NULL,NULL,'2021-11-04 20:23:52','2021-11-04 20:23:52','{\"lat\":37.4224899,\"lng\":-122.0876657}',0,NULL,NULL),(289,'Head office',299,'1600 Amphitheatre Pkwy, Mountain View, CA 94043, USA',NULL,'Asia/Karachi',NULL,NULL,'2021-11-06 00:23:32','2021-11-06 00:28:26','{\"lat\":37.4224899,\"lng\":-122.0876657}',0,NULL,'2021-11-06 00:28:26'),(290,'Head office',300,'1600 Amphitheatre Pkwy, Mountain View, CA 94043, USA',NULL,'Asia/Karachi',NULL,NULL,'2021-11-08 13:30:49','2021-11-12 18:06:25','{\"lat\":37.4224899,\"lng\":-122.0876657}',12,NULL,NULL),(291,'Head office',301,'1600 Amphitheatre Pkwy, Mountain View, CA 94043, USA',NULL,'Asia/Karachi',NULL,NULL,'2021-11-15 18:16:57','2021-11-16 07:51:33','{\"lat\":37.4224899,\"lng\":-122.0876657}',3,NULL,NULL),(292,'Head office',302,'1600 Amphitheatre Pkwy, Mountain View, CA 94043, USA',NULL,'Asia/Karachi',NULL,NULL,'2021-11-17 15:58:25','2021-11-17 15:58:25','{\"lat\":37.4224899,\"lng\":-122.0876657}',0,NULL,NULL),(293,'Head office',303,'1600 Amphitheatre Pkwy, Mountain View, CA 94043, USA',NULL,'Asia/Karachi',NULL,NULL,'2021-11-17 17:39:47','2021-11-17 18:00:11','{\"lat\":37.4224899,\"lng\":-122.0876657}',1,NULL,'2021-11-17 18:00:11'),(294,'Head office',304,'1600 Amphitheatre Pkwy, Mountain View, CA 94043, USA',NULL,'Asia/Karachi',NULL,NULL,'2021-11-17 18:02:55','2021-11-22 17:15:44','{\"lat\":37.4224899,\"lng\":-122.0876657}',4,NULL,NULL),(295,'Head office',305,'1600 Amphitheatre Pkwy, Mountain View, CA 94043, USA',NULL,'Asia/Karachi',NULL,NULL,'2021-11-22 15:57:43','2021-11-22 15:57:43','{\"lat\":37.4224899,\"lng\":-122.0876657}',0,NULL,NULL),(296,'Head office',306,'1600 Amphitheatre Pkwy, Mountain View, CA 94043, USA',NULL,'Asia/Karachi',NULL,NULL,'2021-11-23 16:16:20','2022-02-07 06:11:27','{\"lat\":37.4224899,\"lng\":-122.0876657}',6,NULL,NULL),(297,'Head office',307,'1600 Amphitheatre Pkwy, Mountain View, CA 94043, USA',NULL,'Asia/Karachi',NULL,NULL,'2021-12-01 16:01:08','2021-12-01 16:01:08','{\"lat\":37.4224899,\"lng\":-122.0876657}',0,NULL,NULL),(298,'Head office',308,'1600 Amphitheatre Pkwy, Mountain View, CA 94043, USA',NULL,'Asia/Karachi',NULL,NULL,'2021-12-09 16:36:26','2021-12-09 16:40:05','{\"lat\":37.4224899,\"lng\":-122.0876657}',4,NULL,NULL),(299,'Head office',309,'1600 Amphitheatre Pkwy, Mountain View, CA 94043, USA',NULL,'Asia/Karachi',NULL,NULL,'2021-12-17 08:52:13','2021-12-17 14:58:35','{\"lat\":37.4224899,\"lng\":-122.0876657}',2,NULL,NULL),(300,'Head office',310,'1600 Amphitheatre Pkwy, Mountain View, CA 94043, USA',NULL,'Asia/Karachi',NULL,NULL,'2021-12-23 14:04:03','2021-12-24 16:04:39','{\"lat\":37.4224899,\"lng\":-122.0876657}',4,NULL,NULL),(308,'Head office',318,'1600 Amphitheatre Pkwy, Mountain View, CA 94043, USA',NULL,'Asia/Karachi',NULL,NULL,'2022-01-10 06:55:50','2022-01-10 06:55:50','{\"lat\":37.4224899,\"lng\":-122.0876657}',0,NULL,NULL),(309,'Head office',319,'1600 Amphitheatre Pkwy, Mountain View, CA 94043, USA',NULL,'Asia/Karachi',NULL,NULL,'2022-01-13 12:07:28','2022-01-13 12:07:28','{\"lat\":37.4224899,\"lng\":-122.0876657}',0,NULL,NULL),(310,'Head office',320,'1600 Amphitheatre Pkwy, Mountain View, CA 94043, USA',NULL,'Asia/Karachi',NULL,NULL,'2022-01-21 18:56:47','2022-01-21 18:56:47','{\"lat\":37.4224899,\"lng\":-122.0876657}',0,NULL,NULL),(311,'Head office',321,'1600 Amphitheatre Pkwy, Mountain View, CA 94043, USA',NULL,'Asia/Karachi',NULL,NULL,'2022-01-21 19:03:37','2022-01-21 19:03:37','{\"lat\":37.4224899,\"lng\":-122.0876657}',0,NULL,NULL),(312,'Head office',322,'1600 Amphitheatre Pkwy, Mountain View, CA 94043, USA',NULL,'Asia/Karachi',NULL,NULL,'2022-01-24 06:53:53','2022-01-24 06:56:31','{\"lat\":37.4224899,\"lng\":-122.0876657}',1,NULL,NULL),(313,'Head office',323,'1600 Amphitheatre Pkwy, Mountain View, CA 94043, USA',NULL,'Asia/Karachi',NULL,NULL,'2022-02-01 18:55:44','2022-02-03 13:50:08','{\"lat\":37.4224899,\"lng\":-122.0876657}',4,NULL,NULL),(314,'Head office',324,'1600 Amphitheatre Pkwy, Mountain View, CA 94043, USA',NULL,'Asia/Karachi',NULL,NULL,'2022-02-10 17:44:30','2022-02-24 07:52:25','{\"lat\":37.4224899,\"lng\":-122.0876657}',2,NULL,NULL),(315,'Head office',325,'1600 Amphitheatre Pkwy, Mountain View, CA 94043, USA',NULL,'Asia/Karachi',NULL,NULL,'2022-03-01 14:50:27','2022-06-29 13:03:31','{\"lat\":37.4224899,\"lng\":-122.0876657}',16,NULL,NULL),(316,'Head office',326,'1600 Amphitheatre Pkwy, Mountain View, CA 94043, USA',NULL,'Asia/Karachi',NULL,NULL,'2022-03-10 07:23:35','2022-06-27 07:32:19','{\"lat\":37.4224899,\"lng\":-122.0876657}',1,NULL,NULL),(317,'Head office',327,'1600 Amphitheatre Pkwy, Mountain View, CA 94043, USA',NULL,'Asia/Karachi',NULL,NULL,'2022-03-14 15:52:03','2022-07-04 15:22:14','{\"lat\":37.4224899,\"lng\":-122.0876657}',8,NULL,NULL),(318,'Head office',328,'1600 Amphitheatre Pkwy, Mountain View, CA 94043, USA',NULL,'Asia/Karachi',NULL,NULL,'2022-03-29 19:02:42','2022-06-07 14:01:46','{\"lat\":37.4224899,\"lng\":-122.0876657}',47,NULL,NULL),(319,'Head office',329,'1600 Amphitheatre Pkwy, Mountain View, CA 94043, USA',NULL,'Asia/Karachi',NULL,NULL,'2022-05-18 17:00:18','2022-05-18 17:00:18','{\"lat\":37.4224899,\"lng\":-122.0876657}',0,NULL,NULL),(320,'Head office',330,'1600 Amphitheatre Pkwy, Mountain View, CA 94043, USA',NULL,'Asia/Karachi',NULL,NULL,'2022-06-02 18:31:07','2022-06-02 18:31:07','{\"lat\":37.4224899,\"lng\":-122.0876657}',0,NULL,NULL),(321,'Head office',331,'1600 Amphitheatre Pkwy, Mountain View, CA 94043, USA',NULL,'Asia/Karachi',NULL,NULL,'2022-06-02 18:32:13','2022-07-25 19:06:58','{\"lat\":37.4224899,\"lng\":-122.0876657}',32,NULL,NULL),(322,'Head office',332,'1600 Amphitheatre Pkwy, Mountain View, CA 94043, USA',NULL,'Asia/Karachi',NULL,NULL,'2022-06-16 19:07:53','2022-06-16 19:07:53','{\"lat\":37.4224899,\"lng\":-122.0876657}',0,NULL,NULL);

--
-- Table structure for table `permissions`
--

CREATE TABLE `permissions` (
  `id` int(10) unsigned NOT NULL AUTO_INCREMENT,
  `name` varchar(255) COLLATE utf8_unicode_ci NOT NULL,
  `module` varchar(255) COLLATE utf8_unicode_ci DEFAULT NULL,
  `display_name` varchar(255) COLLATE utf8_unicode_ci DEFAULT NULL,
  `description` varchar(255) COLLATE utf8_unicode_ci DEFAULT NULL,
  `module_id` int(11) NOT NULL,
  `status` tinyint(1) NOT NULL DEFAULT '1',
  `deleted_at` timestamp NULL DEFAULT NULL,
  PRIMARY KEY (`id`),
  UNIQUE KEY `permissions_name_unique` (`name`)
) ENGINE=InnoDB AUTO_INCREMENT=107 DEFAULT CHARSET=utf8 COLLATE=utf8_unicode_ci;

--
-- Dumping data for table `permissions`
--

INSERT INTO `permissions` VALUES (1,'Core.manage_settings',NULL,'Manage Settings',NULL,1,1,NULL),(2,'Core.view_departments',NULL,'View Departments',NULL,1,1,NULL),(3,'Core.manage_departments',NULL,'Manage Departments',NULL,1,1,NULL),(4,'Core.view_designations',NULL,'View Designations',NULL,1,1,NULL),(5,'Core.manage_designations',NULL,'Manage Designations',NULL,1,1,NULL),(6,'Core.view_employees',NULL,'View Employees',NULL,1,1,NULL),(7,'Core.manage_dr_information',NULL,'Manage Dr Information',NULL,1,1,NULL),(8,'Core.manage_self_information',NULL,'Manage Self Information',NULL,1,1,NULL),(9,'Core.view_dr_information',NULL,'View Dr Information',NULL,1,1,NULL),(10,'Core.view_self_information',NULL,'View Self Information',NULL,1,1,NULL),(11,'Core.view_documents',NULL,'View Documents',NULL,1,1,NULL),(12,'Core.manage_documents',NULL,'Manage Documents',NULL,1,1,NULL),(13,'Core.manage_dr_documents',NULL,'Manage Dr Documents',NULL,1,1,NULL),(14,'Core.manage_self_documents',NULL,'Manage Self Documents',NULL,1,1,NULL),(15,'Core.view_dr_documents',NULL,'View Dr Documents',NULL,1,1,NULL),(16,'Core.view_self_documents',NULL,'View Self Documents',NULL,1,1,NULL),(17,'Core.manage_employees',NULL,'Manage Employees',NULL,1,1,NULL),(18,'Core.manage_roles',NULL,'Manage Roles',NULL,1,1,NULL),(19,'Core.view_notifications',NULL,'View Notifications',NULL,1,1,NULL),(20,'Core.manage_all_activities',NULL,'Manage All Activities',NULL,1,1,NULL),(21,'Core.manage_dr_activities',NULL,'Manage Dr Activities',NULL,1,1,NULL),(22,'Core.manage_self_activities',NULL,'Manage Self Activities',NULL,1,1,NULL),(23,'Core.view_all_activities',NULL,'View All Activities',NULL,1,1,NULL),(24,'Core.view_dr_activities',NULL,'View Dr Activities',NULL,1,1,NULL),(25,'Core.manage_permissions',NULL,'Manage Permissions',NULL,1,1,NULL),(26,'Core.manage_office',NULL,'Manage Office',NULL,1,1,NULL),(27,'Core.superadmin_manage_modules',NULL,'Superadmin Manage Modules',NULL,1,1,NULL),(28,'Core.manage_custom_fields',NULL,'Manage Custom Fields',NULL,1,1,NULL),(29,'Attendance.manage_attendance',NULL,'Manage Attendance',NULL,2,1,NULL),(30,'Attendance.manage_dr_attendance',NULL,'Manage Dr Attendance',NULL,2,1,NULL),(31,'Attendance.manage_self_attendance',NULL,'Manage Self Attendance',NULL,2,1,NULL),(32,'Attendance.view_attendance',NULL,'View Attendance',NULL,2,1,NULL),(33,'Attendance.view_dr_attendance',NULL,'View Dr Attendance',NULL,2,1,NULL),(34,'Attendance.view_shifts',NULL,'View Shifts',NULL,2,1,NULL),(35,'Attendance.manage_shifts',NULL,'Manage Shifts',NULL,2,1,NULL),(36,'Attendance.manage_holidays',NULL,'Manage Holidays',NULL,2,1,NULL),(37,'Attendance.manage_leaves',NULL,'Manage Leaves',NULL,2,1,NULL),(38,'Attendance.manage_dr_leaves',NULL,'Manage Dr Leaves',NULL,2,1,NULL),(39,'Attendance.manage_self_leaves',NULL,'Manage Self Leaves',NULL,2,1,NULL),(40,'Attendance.view_all_leaves',NULL,'View All Leaves',NULL,2,1,NULL),(41,'Attendance.view_dr_leaves',NULL,'View Dr Leaves',NULL,2,1,NULL),(42,'Attendance.view_leave_report',NULL,'View Leave Report',NULL,2,1,NULL),(43,'Attendance.manage_leave_report',NULL,'Manage Leave Report',NULL,2,1,NULL),(44,'Attendance.view_attendance_own',NULL,'View Attendance Own',NULL,2,1,NULL),(45,'Attendance.manage_attendance_own',NULL,'Manage Attendance Own',NULL,2,1,NULL),(46,'Attendance.manage_schedule',NULL,'Manage Schedule',NULL,2,1,NULL),(47,'Attendance.manage_dr_shift_schedule',NULL,'Manage Dr Shift Schedule',NULL,2,1,NULL),(48,'Attendance.manage_self_shift_schedule',NULL,'Manage Self Shift Schedule',NULL,2,1,NULL),(49,'Attendance.view_dr_shifts',NULL,'View Dr Shifts',NULL,2,1,NULL),(50,'Attendance.view_daily_report',NULL,'View Daily Report',NULL,2,1,NULL),(51,'Attendance.view_daily_report_own_only',NULL,'View Daily Report Own Only',NULL,2,1,NULL),(52,'Attendance.view_monthly_report',NULL,'View Monthly Report',NULL,2,1,NULL),(53,'Attendance.view_monthly_report_own_only',NULL,'View Monthly Report Own Only',NULL,2,1,NULL),(54,'Attendance.view_employee_report',NULL,'View Employee Report',NULL,2,1,NULL),(55,'Attendance.view_employee_report_own_only',NULL,'View Employee Report Own Only',NULL,2,1,NULL),(56,'Attendance.allow_self_clock_in_out_button',NULL,'Allow Self Clock In Out Button',NULL,2,1,NULL),(57,'Attendance.allow_all_clock_in_out_button',NULL,'Allow All Clock In Out Button',NULL,2,1,NULL),(58,'Attendance.overtime_settings',NULL,'Overtime Settings',NULL,2,1,NULL),(59,'Attendance.manage_overtime',NULL,'Manage Overtime',NULL,2,1,NULL),(60,'Attendance.manage_timesheets',NULL,'Manage Timesheets',NULL,2,1,NULL),(61,'Attendance.import_timesheets',NULL,'Import Timesheets',NULL,2,1,NULL),(62,'Review.view_questions',NULL,'View Questions',NULL,3,1,NULL),(63,'Review.view_questions_categories',NULL,'View Questions Categories',NULL,3,1,NULL),(64,'Review.create_question',NULL,'Create Question',NULL,3,1,NULL),(65,'Review.create_question_category',NULL,'Create Question Category',NULL,3,1,NULL),(66,'Review.update_question',NULL,'Update Question',NULL,3,1,NULL),(67,'Review.update_question_category',NULL,'Update Question Category',NULL,3,1,NULL),(68,'Review.view_review_template',NULL,'View Review Template',NULL,3,1,NULL),(69,'Review.create_review_template',NULL,'Create Review Template',NULL,3,1,NULL),(70,'Review.update_review_template',NULL,'Update Review Template',NULL,3,1,NULL),(71,'Review.delete_review_template_question',NULL,'Delete Review Template Question',NULL,3,1,NULL),(72,'Review.delete_question',NULL,'Delete Question',NULL,3,1,NULL),(73,'Review.delete_category',NULL,'Delete Category',NULL,3,1,NULL),(74,'Review.delete_review_template',NULL,'Delete Review Template',NULL,3,1,NULL),(75,'Review.view_reviews',NULL,'View Reviews',NULL,3,1,NULL),(76,'Review.create_reviews',NULL,'Create Reviews',NULL,3,1,NULL),(77,'Review.update_reviews',NULL,'Update Reviews',NULL,3,1,NULL),(78,'Review.delete_reviews',NULL,'Delete Reviews',NULL,3,1,NULL),(79,'Review.view_review_types',NULL,'View Review Types',NULL,3,1,NULL),(80,'Review.update_review_types',NULL,'Update Review Types',NULL,3,1,NULL),(81,'Review.delete_review_types',NULL,'Delete Review Types',NULL,3,1,NULL),(82,'Review.create_review_types',NULL,'Create Review Types',NULL,3,1,NULL),(83,'Review.view_reviews_team',NULL,'View Reviews Team',NULL,3,1,NULL),(84,'Review.view_assigned_review',NULL,'View Assigned Review',NULL,3,1,NULL),(85,'NZ-Payroll.manage_nz_payroll',NULL,'Manage Nz Payroll',NULL,5,1,NULL),(86,'NZ-Payroll.manage_nz_payroll_employee_configurations',NULL,'Manage Nz Payroll Employee Configurations',NULL,5,1,NULL),(87,'NZ-Payroll.view_nz_payroll_employee_configurations',NULL,'View Nz Payroll Employee Configurations',NULL,5,1,NULL),(88,'NZ-Payroll.manage_nz_payroll_salary_reports',NULL,'Manage Nz Payroll Salary Reports',NULL,5,1,NULL),(89,'NZ-Payroll.view_nz_payroll_employee_salary',NULL,'View Nz Payroll Employee Salary',NULL,5,1,NULL),(90,'NZ-Payroll.manage_nz_payroll_reports',NULL,'Manage Nz Payroll Reports',NULL,5,1,NULL),(91,'NZ-Payroll.view_nz_payroll_self_salary_slips',NULL,'View Nz Payroll Self Salary Slips',NULL,5,1,NULL),(92,'HK-Payroll.manage_hk_payroll',NULL,'Manage Hk Payroll',NULL,6,1,NULL),(93,'HK-Payroll.manage_hk_salary_reports',NULL,'Manage Hk Salary Reports',NULL,6,1,NULL),(94,'HK-Payroll.employees_salary_view',NULL,'Employees Salary View',NULL,6,1,NULL),(95,'HK-Payroll.veiw_self_salary_slips',NULL,'Veiw Self Salary Slips',NULL,6,1,NULL),(96,'HK-Payroll.manage_hk_mpf_reports',NULL,'Manage Hk Mpf Reports',NULL,6,1,NULL),(97,'HK-Payroll.manage_hk_payroll_reports',NULL,'Manage Hk Payroll Reports',NULL,6,1,NULL),(98,'Expense.manage_all_expense',NULL,'Manage All Expense',NULL,7,1,NULL),(99,'Expense.manage_dr_expense',NULL,'Manage Dr Expense',NULL,7,1,NULL),(100,'Expense.manage_self_expense',NULL,'Manage Self Expense',NULL,7,1,NULL),(101,'Expense.view_all_expense',NULL,'View All Expense',NULL,7,1,NULL),(102,'Expense.view_dr_expense',NULL,'View Dr Expense',NULL,7,1,NULL),(103,'Expense.view_self_expense',NULL,'View Self Expense',NULL,7,1,NULL),(104,'Expense.view_expense_reports',NULL,'View Expense Reports',NULL,7,1,NULL),(105,'Attendance.view_roster_view',NULL,'View Roster View',NULL,2,1,NULL),(106,'Attendance.manage_roster_view',NULL,'Manage Roster View',NULL,2,1,NULL);

--
-- Table structure for table `role_permission`
--

CREATE TABLE `role_permission` (
  `permission_id` int(10) unsigned NOT NULL,
  `role_id` int(10) unsigned NOT NULL,
  KEY `role_permission_permission_id_foreign` (`permission_id`),
  KEY `role_permission_role_id_foreign` (`role_id`),
  CONSTRAINT `role_permission_permission_id_foreign` FOREIGN KEY (`permission_id`) REFERENCES `permissions` (`id`) ON DELETE CASCADE ON UPDATE CASCADE,
  CONSTRAINT `role_permission_role_id_foreign` FOREIGN KEY (`role_id`) REFERENCES `roles` (`id`) ON DELETE CASCADE ON UPDATE CASCADE
) ENGINE=InnoDB DEFAULT CHARSET=utf8 COLLATE=utf8_unicode_ci;

--
-- Dumping data for table `role_permission`
--

INSERT INTO `role_permission` VALUES (1,2),(2,2),(3,2),(4,2),(5,2),(6,2),(7,2),(8,2),(9,2),(10,2),(11,2),(12,2),(13,2),(14,2),(15,2),(16,2),(17,2),(18,2),(19,2),(20,2),(21,2),(22,2),(23,2),(24,2),(25,2),(26,2),(27,2),(28,2),(1,4),(2,4),(3,4),(4,4),(5,4),(6,4),(7,4),(8,4),(9,4),(10,4),(11,4),(12,4),(13,4),(14,4),(15,4),(16,4),(17,4),(18,4),(19,4),(20,4),(21,4),(22,4),(23,4),(24,4),(25,4),(26,4),(27,4),(28,4),(1,6),(2,6),(3,6),(4,6),(5,6),(6,6),(7,6),(8,6),(9,6),(10,6),(11,6),(12,6),(13,6),(14,6),(15,6),(16,6),(17,6),(18,6),(19,6),(20,6),(21,6),(22,6),(23,6),(24,6),(25,6),(26,6),(27,6),(28,6),(1,9),(2,9),(3,9),(4,9),(5,9),(6,9),(7,9),(8,9),(9,9),(10,9),(11,9),(12,9),(13,9),(14,9),(15,9),(16,9),(17,9),(18,9),(19,9),(20,9),(21,9),(22,9),(23,9),(24,9),(25,9),(26,9),(27,9),(28,9),(1,11),(2,11),(3,11),(4,11),(5,11),(6,11),(7,11),(8,11),(9,11),(10,11),(11,11),(12,11),(13,11),(14,11),(15,11),(16,11),(17,11),(18,11),(19,11),(20,11),(21,11),(22,11),(23,11),(24,11),(25,11),(26,11),(27,11),(28,11),(1,13),(2,13),(3,13),(4,13),(5,13),(6,13),(7,13),(8,13),(9,13),(10,13),(11,13),(12,13),(13,13),(14,13),(15,13),(16,13),(17,13),(18,13),(19,13),(20,13),(21,13),(22,13),(23,13),(24,13),(25,13),(26,13),(27,13),(28,13),(1,15),(2,15),(3,15),(4,15),(5,15),(6,15),(7,15),(8,15),(9,15),(10,15),(11,15),(12,15),(13,15),(14,15),(15,15),(16,15),(17,15),(18,15),(19,15),(20,15),(21,15),(22,15),(23,15),(24,15),(25,15),(26,15),(27,15),(28,15),(1,17),(2,17),(3,17),(4,17),(5,17),(6,17),(7,17),(8,17),(9,17),(10,17),(11,17),(12,17),(13,17),(14,17),(15,17),(16,17),(17,17),(18,17),(19,17),(20,17),(21,17),(22,17),(23,17),(24,17),(25,17),(26,17),(27,17),(28,17),(1,19),(2,19),(3,19),(4,19),(5,19),(6,19),(7,19),(8,19),(9,19),(10,19),(11,19),(12,19),(13,19),(14,19),(15,19),(16,19),(17,19),(18,19),(19,19),(20,19),(21,19),(22,19),(23,19),(24,19),(25,19),(26,19),(27,19),(28,19),(1,21),(2,21),(3,21),(4,21),(5,21),(6,21),(7,21),(8,21),(9,21),(10,21),(11,21),(12,21),(13,21),(14,21),(15,21),(16,21),(17,21),(18,21),(19,21),(20,21),(21,21),(22,21),(23,21),(24,21),(25,21),(26,21),(27,21),(28,21),(1,23),(2,23),(3,23),(4,23),(5,23),(6,23),(7,23),(8,23),(9,23),(10,23),(11,23),(12,23),(13,23),(14,23),(15,23),(16,23),(17,23),(18,23),(19,23),(20,23),(21,23),(22,23),(23,23),(24,23),(25,23),(26,23),(27,23),(28,23),(1,25),(2,25),(3,25),(4,25),(5,25),(6,25),(7,25),(8,25),(9,25),(10,25),(11,25),(12,25),(13,25),(14,25),(15,25),(16,25),(17,25),(18,25),(19,25),(20,25),(21,25),(22,25),(23,25),(24,25),(25,25),(26,25),(27,25),(28,25),(1,27),(2,27),(3,27),(4,27),(5,27),(6,27),(7,27),(8,27),(9,27),(10,27),(11,27),(12,27),(13,27),(14,27),(15,27),(16,27),(17,27),(18,27),(19,27),(20,27),(21,27),(22,27),(23,27),(24,27),(25,27),(26,27),(27,27),(28,27),(1,29),(2,29),(3,29),(4,29),(5,29),(6,29),(7,29),(8,29),(9,29),(10,29),(11,29),(12,29),(13,29),(14,29),(15,29),(16,29),(17,29),(18,29),(19,29),(20,29),(21,29),(22,29),(23,29),(24,29),(25,29),(26,29),(27,29),(28,29),(1,31),(2,31),(3,31),(4,31),(5,31),(6,31),(7,31),(8,31),(9,31),(10,31),(11,31),(12,31),(13,31),(14,31),(15,31),(16,31),(17,31),(18,31),(19,31),(20,31),(21,31),(22,31),(23,31),(24,31),(25,31),(26,31),(27,31),(28,31),(1,33),(2,33),(3,33),(4,33),(5,33),(6,33),(7,33),(8,33),(9,33),(10,33),(11,33),(12,33),(13,33),(14,33),(15,33),(16,33),(17,33),(18,33),(19,33),(20,33),(21,33),(22,33),(23,33),(24,33),(25,33),(26,33),(27,33),(28,33),(1,35),(2,35),(3,35),(4,35),(5,35),(6,35),(7,35),(8,35),(9,35),(10,35),(11,35),(12,35),(13,35),(14,35),(15,35),(16,35),(17,35),(18,35),(19,35),(20,35),(21,35),(22,35),(23,35),(24,35),(25,35),(26,35),(27,35),(28,35),(1,37),(2,37),(3,37),(4,37),(5,37),(6,37),(7,37),(8,37),(9,37),(10,37),(11,37),(12,37),(13,37),(14,37),(15,37),(16,37),(17,37),(18,37),(19,37),(20,37),(21,37),(22,37),(23,37),(24,37),(25,37),(26,37),(27,37),(28,37),(1,39),(2,39),(3,39),(4,39),(5,39),(6,39),(7,39),(8,39),(9,39),(10,39),(11,39),(12,39),(13,39),(14,39),(15,39),(16,39),(17,39),(18,39),(19,39),(20,39),(21,39),(22,39),(23,39),(24,39),(25,39),(26,39),(27,39),(28,39),(1,41),(2,41),(3,41),(4,41),(5,41),(6,41),(7,41),(8,41),(9,41),(10,41),(11,41),(12,41),(13,41),(14,41),(15,41),(16,41),(17,41),(18,41),(19,41),(20,41),(21,41),(22,41),(23,41),(24,41),(25,41),(26,41),(27,41),(28,41),(1,43),(2,43),(3,43),(4,43),(5,43),(6,43),(7,43),(8,43),(9,43),(10,43),(11,43),(12,43),(13,43),(14,43),(15,43),(16,43),(17,43),(18,43),(19,43),(20,43),(21,43),(22,43),(23,43),(24,43),(25,43),(26,43),(27,43),(28,43),(1,45),(2,45),(3,45),(4,45),(5,45),(6,45),(7,45),(8,45),(9,45),(10,45),(11,45),(12,45),(13,45),(14,45),(15,45),(16,45),(17,45),(18,45),(19,45),(20,45),(21,45),(22,45),(23,45),(24,45),(25,45),(26,45),(27,45),(28,45),(1,47),(2,47),(3,47),(4,47),(5,47),(6,47),(7,47),(8,47),(9,47),(10,47),(11,47),(12,47),(13,47),(14,47),(15,47),(16,47),(17,47),(18,47),(19,47),(20,47),(21,47),(22,47),(23,47),(24,47),(25,47),(26,47),(27,47),(28,47),(1,49),(2,49),(3,49),(4,49),(5,49),(6,49),(7,49),(8,49),(9,49),(10,49),(11,49),(12,49),(13,49),(14,49),(15,49),(16,49),(17,49),(18,49),(19,49),(20,49),(21,49),(22,49),(23,49),(24,49),(25,49),(26,49),(27,49),(28,49),(1,51),(2,51),(3,51),(4,51),(5,51),(6,51),(7,51),(8,51),(9,51),(10,51),(11,51),(12,51),(13,51),(14,51),(15,51),(16,51),(17,51),(18,51),(19,51),(20,51),(21,51),(22,51),(23,51),(24,51),(25,51),(26,51),(27,51),(28,51),(1,53),(2,53),(3,53),(4,53),(5,53),(6,53),(7,53),(8,53),(9,53),(10,53),(11,53),(12,53),(13,53),(14,53),(15,53),(16,53),(17,53),(18,53),(19,53),(20,53),(21,53),(22,53),(23,53),(24,53),(25,53),(26,53),(27,53),(28,53),(1,55),(2,55),(3,55),(4,55),(5,55),(6,55),(7,55),(8,55),(9,55),(10,55),(11,55),(12,55),(13,55),(14,55),(15,55),(16,55),(17,55),(18,55),(19,55),(20,55),(21,55),(22,55),(23,55),(24,55),(25,55),(26,55),(27,55),(28,55),(1,57),(2,57),(3,57),(4,57),(5,57),(6,57),(7,57),(8,57),(9,57),(10,57),(11,57),(12,57),(13,57),(14,57),(15,57),(16,57),(17,57),(18,57),(19,57),(20,57),(21,57),(22,57),(23,57),(24,57),(25,57),(26,57),(27,57),(28,57),(1,59),(2,59),(3,59),(4,59),(5,59),(6,59),(7,59),(8,59),(9,59),(10,59),(11,59),(12,59),(13,59),(14,59),(15,59),(16,59),(17,59),(18,59),(19,59),(20,59),(21,59),(22,59),(23,59),(24,59),(25,59),(26,59),(27,59),(28,59),(1,61),(2,61),(3,61),(4,61),(5,61),(6,61),(7,61),(8,61),(9,61),(10,61),(11,61),(12,61),(13,61),(14,61),(15,61),(16,61),(17,61),(18,61),(19,61),(20,61),(21,61),(22,61),(23,61),(24,61),(25,61),(26,61),(27,61),(28,61),(1,63),(2,63),(3,63),(4,63),(5,63),(6,63),(7,63),(8,63),(9,63),(10,63),(11,63),(12,63),(13,63),(14,63),(15,63),(16,63),(17,63),(18,63),(19,63),(20,63),(21,63),(22,63),(23,63),(24,63),(25,63),(26,63),(27,63),(28,63),(1,65),(2,65),(3,65),(4,65),(5,65),(6,65),(7,65),(8,65),(9,65),(10,65),(11,65),(12,65),(13,65),(14,65),(15,65),(16,65),(17,65),(18,65),(19,65),(20,65),(21,65),(22,65),(23,65),(24,65),(25,65),(26,65),(27,65),(28,65),(1,67),(2,67),(3,67),(4,67),(5,67),(6,67),(7,67),(8,67),(9,67),(10,67),(11,67),(12,67),(13,67),(14,67),(15,67),(16,67),(17,67),(18,67),(19,67),(20,67),(21,67),(22,67),(23,67),(24,67),(25,67),(26,67),(27,67),(28,67),(1,69),(2,69),(3,69),(4,69),(5,69),(6,69),(7,69),(8,69),(9,69),(10,69),(11,69),(12,69),(13,69),(14,69),(15,69),(16,69),(17,69),(18,69),(19,69),(20,69),(21,69),(22,69),(23,69),(24,69),(25,69),(26,69),(27,69),(28,69),(1,71),(2,71),(3,71),(4,71),(5,71),(6,71),(7,71),(8,71),(9,71),(10,71),(11,71),(12,71),(13,71),(14,71),(15,71),(16,71),(17,71),(18,71),(19,71),(20,71),(21,71),(22,71),(23,71),(24,71),(25,71),(26,71),(27,71),(28,71),(1,73),(2,73),(3,73),(4,73),(5,73),(6,73),(7,73),(8,73),(9,73),(10,73),(11,73),(12,73),(13,73),(14,73),(15,73),(16,73),(17,73),(18,73),(19,73),(20,73),(21,73),(22,73),(23,73),(24,73),(25,73),(26,73),(27,73),(28,73),(1,75),(2,75),(3,75),(4,75),(5,75),(6,75),(7,75),(8,75),(9,75),(10,75),(11,75),(12,75),(13,75),(14,75),(15,75),(16,75),(17,75),(18,75),(19,75),(20,75),(21,75),(22,75),(23,75),(24,75),(25,75),(26,75),(27,75),(28,75),(1,77),(2,77),(3,77),(4,77),(5,77),(6,77),(7,77),(8,77),(9,77),(10,77),(11,77),(12,77),(13,77),(14,77),(15,77),(16,77),(17,77),(18,77),(19,77),(20,77),(21,77),(22,77),(23,77),(24,77),(25,77),(26,77),(27,77),(28,77),(1,79),(2,79),(3,79),(4,79),(5,79),(6,79),(7,79),(8,79),(9,79),(10,79),(11,79),(12,79),(13,79),(14,79),(15,79),(16,79),(17,79),(18,79),(19,79),(20,79),(21,79),(22,79),(23,79),(24,79),(25,79),(26,79),(27,79),(28,79),(1,81),(2,81),(3,81),(4,81),(5,81),(6,81),(7,81),(8,81),(9,81),(10,81),(11,81),(12,81),(13,81),(14,81),(15,81),(16,81),(17,81),(18,81),(19,81),(20,81),(21,81),(22,81),(23,81),(24,81),(25,81),(26,81),(27,81),(28,81),(1,83),(2,83),(3,83),(4,83),(5,83),(6,83),(7,83),(8,83),(9,83),(10,83),(11,83),(12,83),(13,83),(14,83),(15,83),(16,83),(17,83),(18,83),(19,83),(20,83),(21,83),(22,83),(23,83),(24,83),(25,83),(26,83),(27,83),(28,83),(1,85),(2,85),(3,85),(4,85),(5,85),(6,85),(7,85),(8,85),(9,85),(10,85),(11,85),(12,85),(13,85),(14,85),(15,85),(16,85),(17,85),(18,85),(19,85),(20,85),(21,85),(22,85),(23,85),(24,85),(25,85),(26,85),(27,85),(28,85),(1,87),(2,87),(3,87),(4,87),(5,87),(6,87),(7,87),(8,87),(9,87),(10,87),(11,87),(12,87),(13,87),(14,87),(15,87),(16,87),(17,87),(18,87),(19,87),(20,87),(21,87),(22,87),(23,87),(24,87),(25,87),(26,87),(27,87),(28,87),(1,89),(2,89),(3,89),(4,89),(5,89),(6,89),(7,89),(8,89),(9,89),(10,89),(11,89),(12,89),(13,89),(14,89),(15,89),(16,89),(17,89),(18,89),(19,89),(20,89),(21,89),(22,89),(23,89),(24,89),(25,89),(26,89),(27,89),(28,89),(1,91),(2,91),(3,91),(4,91),(5,91),(6,91),(7,91),(8,91),(9,91),(10,91),(11,91),(12,91),(13,91),(14,91),(15,91),(16,91),(17,91),(18,91),(19,91),(20,91),(21,91),(22,91),(23,91),(24,91),(25,91),(26,91),(27,91),(28,91),(1,93),(2,93),(3,93),(4,93),(5,93),(6,93),(7,93),(8,93),(9,93),(10,93),(11,93),(12,93),(13,93),(14,93),(15,93),(16,93),(17,93),(18,93),(19,93),(20,93),(21,93),(22,93),(23,93),(24,93),(25,93),(26,93),(27,93),(28,93),(1,95),(2,95),(3,95),(4,95),(5,95),(6,95),(7,95),(8,95),(9,95),(10,95),(11,95),(12,95),(13,95),(14,95),(15,95),(16,95),(17,95),(18,95),(19,95),(20,95),(21,95),(22,95),(23,95),(24,95),(25,95),(26,95),(27,95),(28,95),(1,97),(2,97),(3,97),(4,97),(5,97),(6,97),(7,97),(8,97),(9,97),(10,97),(11,97),(12,97),(13,97),(14,97),(15,97),(16,97),(17,97),(18,97),(19,97),(20,97),(21,97),(22,97),(23,97),(24,97),(25,97),(26,97),(27,97),(28,97),(1,99),(2,99),(3,99),(4,99),(5,99),(6,99),(7,99),(8,99),(9,99),(10,99),(11,99),(12,99),(13,99),(14,99),(15,99),(16,99),(17,99),(18,99),(19,99),(20,99),(21,99),(22,99),(23,99),(24,99),(25,99),(26,99),(27,99),(28,99),(1,101),(2,101),(3,101),(4,101),(5,101),(6,101),(7,101),(8,101),(9,101),(10,101),(11,101),(12,101),(13,101),(14,101),(15,101),(16,101),(17,101),(18,101),(19,101),(20,101),(21,101),(22,101),(23,101),(24,101),(25,101),(26,101),(27,101),(28,101),(1,103),(2,103),(3,103),(4,103),(5,103),(6,103),(7,103),(8,103),(9,103),(10,103),(11,103),(12,103),(13,103),(14,103),(15,103),(16,103),(17,103),(18,103),(19,103),(20,103),(21,103),(22,103),(23,103),(24,103),(25,103),(26,103),(27,103),(28,103),(1,105),(2,105),(3,105),(4,105),(5,105),(6,105),(7,105),(8,105),(9,105),(10,105),(11,105),(12,105),(13,105),(14,105),(15,105),(16,105),(17,105),(18,105),(19,105),(20,105),(21,105),(22,105),(23,105),(24,105),(25,105),(26,105),(27,105),(28,105),(1,132),(2,132),(3,132),(4,132),(5,132),(6,132),(7,132),(8,132),(9,132),(10,132),(11,132),(12,132),(13,132),(14,132),(15,132),(16,132),(17,132),(18,132),(19,132),(20,132),(21,132),(22,132),(23,132),(24,132),(25,132),(26,132),(27,132),(28,132),(1,134),(2,134),(3,134),(4,134),(5,134),(6,134),(7,134),(8,134),(9,134),(10,134),(11,134),(12,134),(13,134),(14,134),(15,134),(16,134),(17,134),(18,134),(19,134),(20,134),(21,134),(22,134),(23,134),(24,134),(25,134),(26,134),(27,134),(28,134),(1,136),(2,136),(3,136),(4,136),(5,136),(6,136),(7,136),(8,136),(9,136),(10,136),(11,136),(12,136),(13,136),(14,136),(15,136),(16,136),(17,136),(18,136),(19,136),(20,136),(21,136),(22,136),(23,136),(24,136),(25,136),(26,136),(27,136),(28,136),(1,151),(2,151),(3,151),(4,151),(5,151),(6,151),(7,151),(8,151),(9,151),(10,151),(11,151),(12,151),(13,151),(14,151),(15,151),(16,151),(17,151),(18,151),(19,151),(20,151),(21,151),(22,151),(23,151),(24,151),(25,151),(26,151),(27,151),(28,151),(1,153),(2,153),(3,153),(4,153),(5,153),(6,153),(7,153),(8,153),(9,153),(10,153),(11,153),(12,153),(13,153),(14,153),(15,153),(16,153),(17,153),(18,153),(19,153),(20,153),(21,153),(22,153),(23,153),(24,153),(25,153),(26,153),(27,153),(28,153),(1,155),(2,155),(3,155),(4,155),(5,155),(6,155),(7,155),(8,155),(9,155),(10,155),(11,155),(12,155),(13,155),(14,155),(15,155),(16,155),(17,155),(18,155),(19,155),(20,155),(21,155),(22,155),(23,155),(24,155),(25,155),(26,155),(27,155),(28,155),(1,157),(2,157),(3,157),(4,157),(5,157),(6,157),(7,157),(8,157),(9,157),(10,157),(11,157),(12,157),(13,157),(14,157),(15,157),(16,157),(17,157),(18,157),(19,157),(20,157),(21,157),(22,157),(23,157),(24,157),(25,157),(26,157),(27,157),(28,157),(1,159),(2,159),(3,159),(4,159),(5,159),(6,159),(7,159),(8,159),(9,159),(10,159),(11,159),(12,159),(13,159),(14,159),(15,159),(16,159),(17,159),(18,159),(19,159),(20,159),(21,159),(22,159),(23,159),(24,159),(25,159),(26,159),(27,159),(28,159),(1,161),(2,161),(3,161),(4,161),(5,161),(6,161),(7,161),(8,161),(9,161),(10,161),(11,161),(12,161),(13,161),(14,161),(15,161),(16,161),(17,161),(18,161),(19,161),(20,161),(21,161),(22,161),(23,161),(24,161),(25,161),(26,161),(27,161),(28,161),(1,163),(2,163),(3,163),(4,163),(5,163),(6,163),(7,163),(8,163),(9,163),(10,163),(11,163),(12,163),(13,163),(14,163),(15,163),(16,163),(17,163),(18,163),(19,163),(20,163),(21,163),(22,163),(23,163),(24,163),(25,163),(26,163),(27,163),(28,163),(1,166),(2,166),(3,166),(4,166),(5,166),(6,166),(7,166),(8,166),(9,166),(10,166),(11,166),(12,166),(13,166),(14,166),(15,166),(16,166),(17,166),(18,166),(19,166),(20,166),(21,166),(22,166),(23,166),(24,166),(25,166),(26,166),(27,166),(28,166),(1,168),(2,168),(3,168),(4,168),(5,168),(6,168),(7,168),(8,168),(9,168),(10,168),(11,168),(12,168),(13,168),(14,168),(15,168),(16,168),(17,168),(18,168),(19,168),(20,168),(21,168),(22,168),(23,168),(24,168),(25,168),(26,168),(27,168),(28,168),(1,170),(2,170),(3,170),(4,170),(5,170),(6,170),(7,170),(8,170),(9,170),(10,170),(11,170),(12,170),(13,170),(14,170),(15,170),(16,170),(17,170),(18,170),(19,170),(20,170),(21,170),(22,170),(23,170),(24,170),(25,170),(26,170),(27,170),(28,170),(1,172),(2,172),(3,172),(4,172),(5,172),(6,172),(7,172),(8,172),(9,172),(10,172),(11,172),(12,172),(13,172),(14,172),(15,172),(16,172),(17,172),(18,172),(19,172),(20,172),(21,172),(22,172),(23,172),(24,172),(25,172),(26,172),(27,172),(28,172),(1,174),(2,174),(3,174),(4,174),(5,174),(6,174),(7,174),(8,174),(9,174),(10,174),(11,174),(12,174),(13,174),(14,174),(15,174),(16,174),(17,174),(18,174),(19,174),(20,174),(21,174),(22,174),(23,174),(24,174),(25,174),(26,174),(27,174),(28,174),(1,179),(2,179),(3,179),(4,179),(5,179),(6,179),(7,179),(8,179),(9,179),(10,179),(11,179),(12,179),(13,179),(14,179),(15,179),(16,179),(17,179),(18,179),(19,179),(20,179),(21,179),(22,179),(23,179),(24,179),(25,179),(26,179),(27,179),(28,179),(1,181),(2,181),(3,181),(4,181),(5,181),(6,181),(7,181),(8,181),(9,181),(10,181),(11,181),(12,181),(13,181),(14,181),(15,181),(16,181),(17,181),(18,181),(19,181),(20,181),(21,181),(22,181),(23,181),(24,181),(25,181),(26,181),(27,181),(28,181),(1,183),(2,183),(3,183),(4,183),(5,183),(6,183),(7,183),(8,183),(9,183),(10,183),(11,183),(12,183),(13,183),(14,183),(15,183),(16,183),(17,183),(18,183),(19,183),(20,183),(21,183),(22,183),(23,183),(24,183),(25,183),(26,183),(27,183),(28,183),(1,185),(2,185),(3,185),(4,185),(5,185),(6,185),(7,185),(8,185),(9,185),(10,185),(11,185),(12,185),(13,185),(14,185),(15,185),(16,185),(17,185),(18,185),(19,185),(20,185),(21,185),(22,185),(23,185),(24,185),(25,185),(26,185),(27,185),(28,185),(1,187),(2,187),(3,187),(4,187),(5,187),(6,187),(7,187),(8,187),(9,187),(10,187),(11,187),(12,187),(13,187),(14,187),(15,187),(16,187),(17,187),(18,187),(19,187),(20,187),(21,187),(22,187),(23,187),(24,187),(25,187),(26,187),(27,187),(28,187),(1,190),(2,190),(3,190),(4,190),(5,190),(6,190),(7,190),(8,190),(9,190),(10,190),(11,190),(12,190),(13,190),(14,190),(15,190),(16,190),(17,190),(18,190),(19,190),(20,190),(21,190),(22,190),(23,190),(24,190),(25,190),(26,190),(27,190),(28,190),(1,192),(2,192),(3,192),(4,192),(5,192),(6,192),(7,192),(8,192),(9,192),(10,192),(11,192),(12,192),(13,192),(14,192),(15,192),(16,192),(17,192),(18,192),(19,192),(20,192),(21,192),(22,192),(23,192),(24,192),(25,192),(26,192),(27,192),(28,192),(1,194),(2,194),(3,194),(4,194),(5,194),(6,194),(7,194),(8,194),(9,194),(10,194),(11,194),(12,194),(13,194),(14,194),(15,194),(16,194),(17,194),(18,194),(19,194),(20,194),(21,194),(22,194),(23,194),(24,194),(25,194),(26,194),(27,194),(28,194),(1,196),(2,196),(3,196),(4,196),(5,196),(6,196),(7,196),(8,196),(9,196),(10,196),(11,196),(12,196),(13,196),(14,196),(15,196),(16,196),(17,196),(18,196),(19,196),(20,196),(21,196),(22,196),(23,196),(24,196),(25,196),(26,196),(27,196),(28,196),(1,198),(2,198),(3,198),(4,198),(5,198),(6,198),(7,198),(8,198),(9,198),(10,198),(11,198),(12,198),(13,198),(14,198),(15,198),(16,198),(17,198),(18,198),(19,198),(20,198),(21,198),(22,198),(23,198),(24,198),(25,198),(26,198),(27,198),(28,198),(1,200),(2,200),(3,200),(4,200),(5,200),(6,200),(7,200),(8,200),(9,200),(10,200),(11,200),(12,200),(13,200),(14,200),(15,200),(16,200),(17,200),(18,200),(19,200),(20,200),(21,200),(22,200),(23,200),(24,200),(25,200),(26,200),(27,200),(28,200),(1,202),(2,202),(3,202),(4,202),(5,202),(6,202),(7,202),(8,202),(9,202),(10,202),(11,202),(12,202),(13,202),(14,202),(15,202),(16,202),(17,202),(18,202),(19,202),(20,202),(21,202),(22,202),(23,202),(24,202),(25,202),(26,202),(27,202),(28,202),(1,204),(2,204),(3,204),(4,204),(5,204),(6,204),(7,204),(8,204),(9,204),(10,204),(11,204),(12,204),(13,204),(14,204),(15,204),(16,204),(17,204),(18,204),(19,204),(20,204),(21,204),(22,204),(23,204),(24,204),(25,204),(26,204),(27,204),(28,204),(1,206),(2,206),(3,206),(4,206),(5,206),(6,206),(7,206),(8,206),(9,206),(10,206),(11,206),(12,206),(13,206),(14,206),(15,206),(16,206),(17,206),(18,206),(19,206),(20,206),(21,206),(22,206),(23,206),(24,206),(25,206),(26,206),(27,206),(28,206),(1,208),(2,208),(3,208),(4,208),(5,208),(6,208),(7,208),(8,208),(9,208),(10,208),(11,208),(12,208),(13,208),(14,208),(15,208),(16,208),(17,208),(18,208),(19,208),(20,208),(21,208),(22,208),(23,208),(24,208),(25,208),(26,208),(27,208),(28,208),(1,210),(2,210),(3,210),(4,210),(5,210),(6,210),(7,210),(8,210),(9,210),(10,210),(11,210),(12,210),(13,210),(14,210),(15,210),(16,210),(17,210),(18,210),(19,210),(20,210),(21,210),(22,210),(23,210),(24,210),(25,210),(26,210),(27,210),(28,210),(1,212),(2,212),(3,212),(4,212),(5,212),(6,212),(7,212),(8,212),(9,212),(10,212),(11,212),(12,212),(13,212),(14,212),(15,212),(16,212),(17,212),(18,212),(19,212),(20,212),(21,212),(22,212),(23,212),(24,212),(25,212),(26,212),(27,212),(28,212),(1,214),(2,214),(3,214),(4,214),(5,214),(6,214),(7,214),(8,214),(9,214),(10,214),(11,214),(12,214),(13,214),(14,214),(15,214),(16,214),(17,214),(18,214),(19,214),(20,214),(21,214),(22,214),(23,214),(24,214),(25,214),(26,214),(27,214),(28,214),(1,216),(2,216),(3,216),(4,216),(5,216),(6,216),(7,216),(8,216),(9,216),(10,216),(11,216),(12,216),(13,216),(14,216),(15,216),(16,216),(17,216),(18,216),(19,216),(20,216),(21,216),(22,216),(23,216),(24,216),(25,216),(26,216),(27,216),(28,216),(1,218),(2,218),(3,218),(4,218),(5,218),(6,218),(7,218),(8,218),(9,218),(10,218),(11,218),(12,218),(13,218),(14,218),(15,218),(16,218),(17,218),(18,218),(19,218),(20,218),(21,218),(22,218),(23,218),(24,218),(25,218),(26,218),(27,218),(28,218),(1,220),(2,220),(3,220),(4,220),(5,220),(6,220),(7,220),(8,220),(9,220),(10,220),(11,220),(12,220),(13,220),(14,220),(15,220),(16,220),(17,220),(18,220),(19,220),(20,220),(21,220),(22,220),(23,220),(24,220),(25,220),(26,220),(27,220),(28,220),(1,222),(2,222),(3,222),(4,222),(5,222),(6,222),(7,222),(8,222),(9,222),(10,222),(11,222),(12,222),(13,222),(14,222),(15,222),(16,222),(17,222),(18,222),(19,222),(20,222),(21,222),(22,222),(23,222),(24,222),(25,222),(26,222),(27,222),(28,222),(1,224),(2,224),(3,224),(4,224),(5,224),(6,224),(7,224),(8,224),(9,224),(10,224),(11,224),(12,224),(13,224),(14,224),(15,224),(16,224),(17,224),(18,224),(19,224),(20,224),(21,224),(22,224),(23,224),(24,224),(25,224),(26,224),(27,224),(28,224),(1,226),(2,226),(3,226),(4,226),(5,226),(6,226),(7,226),(8,226),(9,226),(10,226),(11,226),(12,226),(13,226),(14,226),(15,226),(16,226),(17,226),(18,226),(19,226),(20,226),(21,226),(22,226),(23,226),(24,226),(25,226),(26,226),(27,226),(28,226),(1,228),(2,228),(3,228),(4,228),(5,228),(6,228),(7,228),(8,228),(9,228),(10,228),(11,228),(12,228),(13,228),(14,228),(15,228),(16,228),(17,228),(18,228),(19,228),(20,228),(21,228),(22,228),(23,228),(24,228),(25,228),(26,228),(27,228),(28,228),(1,230),(2,230),(3,230),(4,230),(5,230),(6,230),(7,230),(8,230),(9,230),(10,230),(11,230),(12,230),(13,230),(14,230),(15,230),(16,230),(17,230),(18,230),(19,230),(20,230),(21,230),(22,230),(23,230),(24,230),(25,230),(26,230),(27,230),(28,230),(1,232),(2,232),(3,232),(4,232),(5,232),(6,232),(7,232),(8,232),(9,232),(10,232),(11,232),(12,232),(13,232),(14,232),(15,232),(16,232),(17,232),(18,232),(19,232),(20,232),(21,232),(22,232),(23,232),(24,232),(25,232),(26,232),(27,232),(28,232),(1,234),(2,234),(3,234),(4,234),(5,234),(6,234),(7,234),(8,234),(9,234),(10,234),(11,234),(12,234),(13,234),(14,234),(15,234),(16,234),(17,234),(18,234),(19,234),(20,234),(21,234),(22,234),(23,234),(24,234),(25,234),(26,234),(27,234),(28,234),(1,236),(2,236),(3,236),(4,236),(5,236),(6,236),(7,236),(8,236),(9,236),(10,236),(11,236),(12,236),(13,236),(14,236),(15,236),(16,236),(17,236),(18,236),(19,236),(20,236),(21,236),(22,236),(23,236),(24,236),(25,236),(26,236),(27,236),(28,236),(1,238),(2,238),(3,238),(4,238),(5,238),(6,238),(7,238),(8,238),(9,238),(10,238),(11,238),(12,238),(13,238),(14,238),(15,238),(16,238),(17,238),(18,238),(19,238),(20,238),(21,238),(22,238),(23,238),(24,238),(25,238),(26,238),(27,238),(28,238),(1,240),(2,240),(3,240),(4,240),(5,240),(6,240),(7,240),(8,240),(9,240),(10,240),(11,240),(12,240),(13,240),(14,240),(15,240),(16,240),(17,240),(18,240),(19,240),(20,240),(21,240),(22,240),(23,240),(24,240),(25,240),(26,240),(27,240),(28,240),(1,242),(2,242),(3,242),(4,242),(5,242),(6,242),(7,242),(8,242),(9,242),(10,242),(11,242),(12,242),(13,242),(14,242),(15,242),(16,242),(17,242),(18,242),(19,242),(20,242),(21,242),(22,242),(23,242),(24,242),(25,242),(26,242),(27,242),(28,242),(1,244),(2,244),(3,244),(4,244),(5,244),(6,244),(7,244),(8,244),(9,244),(10,244),(11,244),(12,244),(13,244),(14,244),(15,244),(16,244),(17,244),(18,244),(19,244),(20,244),(21,244),(22,244),(23,244),(24,244),(25,244),(26,244),(27,244),(28,244),(1,246),(2,246),(3,246),(4,246),(5,246),(6,246),(7,246),(8,246),(9,246),(10,246),(11,246),(12,246),(13,246),(14,246),(15,246),(16,246),(17,246),(18,246),(19,246),(20,246),(21,246),(22,246),(23,246),(24,246),(25,246),(26,246),(27,246),(28,246),(1,248),(2,248),(3,248),(4,248),(5,248),(6,248),(7,248),(8,248),(9,248),(10,248),(11,248),(12,248),(13,248),(14,248),(15,248),(16,248),(17,248),(18,248),(19,248),(20,248),(21,248),(22,248),(23,248),(24,248),(25,248),(26,248),(27,248),(28,248),(1,250),(2,250),(3,250),(4,250),(5,250),(6,250),(7,250),(8,250),(9,250),(10,250),(11,250),(12,250),(13,250),(14,250),(15,250),(16,250),(17,250),(18,250),(19,250),(20,250),(21,250),(22,250),(23,250),(24,250),(25,250),(26,250),(27,250),(28,250),(1,252),(2,252),(3,252),(4,252),(5,252),(6,252),(7,252),(8,252),(9,252),(10,252),(11,252),(12,252),(13,252),(14,252),(15,252),(16,252),(17,252),(18,252),(19,252),(20,252),(21,252),(22,252),(23,252),(24,252),(25,252),(26,252),(27,252),(28,252),(1,254),(2,254),(3,254),(4,254),(5,254),(6,254),(7,254),(8,254),(9,254),(10,254),(11,254),(12,254),(13,254),(14,254),(15,254),(16,254),(17,254),(18,254),(19,254),(20,254),(21,254),(22,254),(23,254),(24,254),(25,254),(26,254),(27,254),(28,254),(1,256),(2,256),(3,256),(4,256),(5,256),(6,256),(7,256),(8,256),(9,256),(10,256),(11,256),(12,256),(13,256),(14,256),(15,256),(16,256),(17,256),(18,256),(19,256),(20,256),(21,256),(22,256),(23,256),(24,256),(25,256),(26,256),(27,256),(28,256),(1,258),(2,258),(3,258),(4,258),(5,258),(6,258),(7,258),(8,258),(9,258),(10,258),(11,258),(12,258),(13,258),(14,258),(15,258),(16,258),(17,258),(18,258),(19,258),(20,258),(21,258),(22,258),(23,258),(24,258),(25,258),(26,258),(27,258),(28,258),(1,260),(2,260),(3,260),(4,260),(5,260),(6,260),(7,260),(8,260),(9,260),(10,260),(11,260),(12,260),(13,260),(14,260),(15,260),(16,260),(17,260),(18,260),(19,260),(20,260),(21,260),(22,260),(23,260),(24,260),(25,260),(26,260),(27,260),(28,260),(1,266),(2,266),(3,266),(4,266),(5,266),(6,266),(7,266),(8,266),(9,266),(10,266),(11,266),(12,266),(13,266),(14,266),(15,266),(16,266),(17,266),(18,266),(19,266),(20,266),(21,266),(22,266),(23,266),(24,266),(25,266),(26,266),(27,266),(28,266),(1,269),(2,269),(3,269),(4,269),(5,269),(6,269),(7,269),(8,269),(9,269),(10,269),(11,269),(12,269),(13,269),(14,269),(15,269),(16,269),(17,269),(18,269),(19,269),(20,269),(21,269),(22,269),(23,269),(24,269),(25,269),(26,269),(27,269),(28,269),(1,272),(2,272),(3,272),(4,272),(5,272),(6,272),(7,272),(8,272),(9,272),(10,272),(11,272),(12,272),(13,272),(14,272),(15,272),(16,272),(17,272),(18,272),(19,272),(20,272),(21,272),(22,272),(23,272),(24,272),(25,272),(26,272),(27,272),(28,272),(1,289),(2,289),(3,289),(4,289),(5,289),(6,289),(7,289),(8,289),(9,289),(10,289),(11,289),(12,289),(13,289),(14,289),(15,289),(16,289),(17,289),(18,289),(19,289),(20,289),(21,289),(22,289),(23,289),(24,289),(25,289),(26,289),(27,289),(28,289),(1,291),(2,291),(3,291),(4,291),(5,291),(6,291),(7,291),(8,291),(9,291),(10,291),(11,291),(12,291),(13,291),(14,291),(15,291),(16,291),(17,291),(18,291),(19,291),(20,291),(21,291),(22,291),(23,291),(24,291),(25,291),(26,291),(27,291),(28,291),(1,293),(2,293),(3,293),(4,293),(5,293),(6,293),(7,293),(8,293),(9,293),(10,293),(11,293),(12,293),(13,293),(14,293),(15,293),(16,293),(17,293),(18,293),(19,293),(20,293),(21,293),(22,293),(23,293),(24,293),(25,293),(26,293),(27,293),(28,293),(1,295),(2,295),(3,295),(4,295),(5,295),(6,295),(7,295),(8,295),(9,295),(10,295),(11,295),(12,295),(13,295),(14,295),(15,295),(16,295),(17,295),(18,295),(19,295),(20,295),(21,295),(22,295),(23,295),(24,295),(25,295),(26,295),(27,295),(28,295),(1,297),(2,297),(3,297),(4,297),(5,297),(6,297),(7,297),(8,297),(9,297),(10,297),(11,297),(12,297),(13,297),(14,297),(15,297),(16,297),(17,297),(18,297),(19,297),(20,297),(21,297),(22,297),(23,297),(24,297),(25,297),(26,297),(27,297),(28,297),(1,299),(2,299),(3,299),(4,299),(5,299),(6,299),(7,299),(8,299),(9,299),(10,299),(11,299),(12,299),(13,299),(14,299),(15,299),(16,299),(17,299),(18,299),(19,299),(20,299),(21,299),(22,299),(23,299),(24,299),(25,299),(26,299),(27,299),(28,299),(1,301),(2,301),(3,301),(4,301),(5,301),(6,301),(7,301),(8,301),(9,301),(10,301),(11,301),(12,301),(13,301),(14,301),(15,301),(16,301),(17,301),(18,301),(19,301),(20,301),(21,301),(22,301),(23,301),(24,301),(25,301),(26,301),(27,301),(28,301),(1,303),(2,303),(3,303),(4,303),(5,303),(6,303),(7,303),(8,303),(9,303),(10,303),(11,303),(12,303),(13,303),(14,303),(15,303),(16,303),(17,303),(18,303),(19,303),(20,303),(21,303),(22,303),(23,303),(24,303),(25,303),(26,303),(27,303),(28,303),(1,305),(2,305),(3,305),(4,305),(5,305),(6,305),(7,305),(8,305),(9,305),(10,305),(11,305),(12,305),(13,305),(14,305),(15,305),(16,305),(17,305),(18,305),(19,305),(20,305),(21,305),(22,305),(23,305),(24,305),(25,305),(26,305),(27,305),(28,305),(1,307),(2,307),(3,307),(4,307),(5,307),(6,307),(7,307),(8,307),(9,307),(10,307),(11,307),(12,307),(13,307),(14,307),(15,307),(16,307),(17,307),(18,307),(19,307),(20,307),(21,307),(22,307),(23,307),(24,307),(25,307),(26,307),(27,307),(28,307),(1,309),(2,309),(3,309),(4,309),(5,309),(6,309),(7,309),(8,309),(9,309),(10,309),(11,309),(12,309),(13,309),(14,309),(15,309),(16,309),(17,309),(18,309),(19,309),(20,309),(21,309),(22,309),(23,309),(24,309),(25,309),(26,309),(27,309),(28,309),(1,311),(2,311),(3,311),(4,311),(5,311),(6,311),(7,311),(8,311),(9,311),(10,311),(11,311),(12,311),(13,311),(14,311),(15,311),(16,311),(17,311),(18,311),(19,311),(20,311),(21,311),(22,311),(23,311),(24,311),(25,311),(26,311),(27,311),(28,311),(1,313),(2,313),(3,313),(4,313),(5,313),(6,313),(7,313),(8,313),(9,313),(10,313),(11,313),(12,313),(13,313),(14,313),(15,313),(16,313),(17,313),(18,313),(19,313),(20,313),(21,313),(22,313),(23,313),(24,313),(25,313),(26,313),(27,313),(28,313),(1,315),(2,315),(3,315),(4,315),(5,315),(6,315),(7,315),(8,315),(9,315),(10,315),(11,315),(12,315),(13,315),(14,315),(15,315),(16,315),(17,315),(18,315),(19,315),(20,315),(21,315),(22,315),(23,315),(24,315),(25,315),(26,315),(27,315),(28,315),(1,317),(2,317),(3,317),(4,317),(5,317),(6,317),(7,317),(8,317),(9,317),(10,317),(11,317),(12,317),(13,317),(14,317),(15,317),(16,317),(17,317),(18,317),(19,317),(20,317),(21,317),(22,317),(23,317),(24,317),(25,317),(26,317),(27,317),(28,317),(1,319),(2,319),(3,319),(4,319),(5,319),(6,319),(7,319),(8,319),(9,319),(10,319),(11,319),(12,319),(13,319),(14,319),(15,319),(16,319),(17,319),(18,319),(19,319),(20,319),(21,319),(22,319),(23,319),(24,319),(25,319),(26,319),(27,319),(28,319),(1,321),(2,321),(3,321),(4,321),(5,321),(6,321),(7,321),(8,321),(9,321),(10,321),(11,321),(12,321),(13,321),(14,321),(15,321),(16,321),(17,321),(18,321),(19,321),(20,321),(21,321),(22,321),(23,321),(24,321),(25,321),(26,321),(27,321),(28,321),(1,323),(2,323),(3,323),(4,323),(5,323),(6,323),(7,323),(8,323),(9,323),(10,323),(11,323),(12,323),(13,323),(14,323),(15,323),(16,323),(17,323),(18,323),(19,323),(20,323),(21,323),(22,323),(23,323),(24,323),(25,323),(26,323),(27,323),(28,323),(1,325),(2,325),(3,325),(4,325),(5,325),(6,325),(7,325),(8,325),(9,325),(10,325),(11,325),(12,325),(13,325),(14,325),(15,325),(16,325),(17,325),(18,325),(19,325),(20,325),(21,325),(22,325),(23,325),(24,325),(25,325),(26,325),(27,325),(28,325),(1,327),(2,327),(3,327),(4,327),(5,327),(6,327),(7,327),(8,327),(9,327),(10,327),(11,327),(12,327),(13,327),(14,327),(15,327),(16,327),(17,327),(18,327),(19,327),(20,327),(21,327),(22,327),(23,327),(24,327),(25,327),(26,327),(27,327),(28,327),(1,331),(2,331),(3,331),(4,331),(5,331),(6,331),(7,331),(8,331),(9,331),(10,331),(11,331),(12,331),(13,331),(14,331),(15,331),(16,331),(17,331),(18,331),(19,331),(20,331),(21,331),(22,331),(23,331),(24,331),(25,331),(26,331),(27,331),(28,331),(1,334),(2,334),(3,334),(4,334),(5,334),(6,334),(7,334),(8,334),(9,334),(10,334),(11,334),(12,334),(13,334),(14,334),(15,334),(16,334),(17,334),(18,334),(19,334),(20,334),(21,334),(22,334),(23,334),(24,334),(25,334),(26,334),(27,334),(28,334),(1,337),(2,337),(3,337),(4,337),(5,337),(6,337),(7,337),(8,337),(9,337),(10,337),(11,337),(12,337),(13,337),(14,337),(15,337),(16,337),(17,337),(18,337),(19,337),(20,337),(21,337),(22,337),(23,337),(24,337),(25,337),(26,337),(27,337),(28,337),(1,340),(2,340),(3,340),(4,340),(5,340),(6,340),(7,340),(8,340),(9,340),(10,340),(11,340),(12,340),(13,340),(14,340),(15,340),(16,340),(17,340),(18,340),(19,340),(20,340),(21,340),(22,340),(23,340),(24,340),(25,340),(26,340),(27,340),(28,340),(1,343),(2,343),(3,343),(4,343),(5,343),(6,343),(7,343),(8,343),(9,343),(10,343),(11,343),(12,343),(13,343),(14,343),(15,343),(16,343),(17,343),(18,343),(19,343),(20,343),(21,343),(22,343),(23,343),(24,343),(25,343),(26,343),(27,343),(28,343),(1,346),(2,346),(3,346),(4,346),(5,346),(6,346),(7,346),(8,346),(9,346),(10,346),(11,346),(12,346),(13,346),(14,346),(15,346),(16,346),(17,346),(18,346),(19,346),(20,346),(21,346),(22,346),(23,346),(24,346),(25,346),(26,346),(27,346),(28,346),(1,350),(2,350),(3,350),(4,350),(5,350),(6,350),(7,350),(8,350),(9,350),(10,350),(11,350),(12,350),(13,350),(14,350),(15,350),(16,350),(17,350),(18,350),(19,350),(20,350),(21,350),(22,350),(23,350),(24,350),(25,350),(26,350),(27,350),(28,350),(1,353),(2,353),(3,353),(4,353),(5,353),(6,353),(7,353),(8,353),(9,353),(10,353),(11,353),(12,353),(13,353),(14,353),(15,353),(16,353),(17,353),(18,353),(19,353),(20,353),(21,353),(22,353),(23,353),(24,353),(25,353),(26,353),(27,353),(28,353),(1,359),(2,359),(3,359),(4,359),(5,359),(6,359),(7,359),(8,359),(9,359),(10,359),(11,359),(12,359),(13,359),(14,359),(15,359),(16,359),(17,359),(18,359),(19,359),(20,359),(21,359),(22,359),(23,359),(24,359),(25,359),(26,359),(27,359),(28,359),(1,362),(2,362),(3,362),(4,362),(5,362),(6,362),(7,362),(8,362),(9,362),(10,362),(11,362),(12,362),(13,362),(14,362),(15,362),(16,362),(17,362),(18,362),(19,362),(20,362),(21,362),(22,362),(23,362),(24,362),(25,362),(26,362),(27,362),(28,362),(1,365),(2,365),(3,365),(4,365),(5,365),(6,365),(7,365),(8,365),(9,365),(10,365),(11,365),(12,365),(13,365),(14,365),(15,365),(16,365),(17,365),(18,365),(19,365),(20,365),(21,365),(22,365),(23,365),(24,365),(25,365),(26,365),(27,365),(28,365),(1,368),(2,368),(3,368),(4,368),(5,368),(6,368),(7,368),(8,368),(9,368),(10,368),(11,368),(12,368),(13,368),(14,368),(15,368),(16,368),(17,368),(18,368),(19,368),(20,368),(21,368),(22,368),(23,368),(24,368),(25,368),(26,368),(27,368),(28,368),(1,371),(2,371),(3,371),(4,371),(5,371),(6,371),(7,371),(8,371),(9,371),(10,371),(11,371),(12,371),(13,371),(14,371),(15,371),(16,371),(17,371),(18,371),(19,371),(20,371),(21,371),(22,371),(23,371),(24,371),(25,371),(26,371),(27,371),(28,371),(1,374),(2,374),(3,374),(4,374),(5,374),(6,374),(7,374),(8,374),(9,374),(10,374),(11,374),(12,374),(13,374),(14,374),(15,374),(16,374),(17,374),(18,374),(19,374),(20,374),(21,374),(22,374),(23,374),(24,374),(25,374),(26,374),(27,374),(28,374),(29,2),(30,2),(31,2),(32,2),(33,2),(34,2),(35,2),(36,2),(37,2),(38,2),(39,2),(40,2),(41,2),(42,2),(43,2),(44,2),(45,2),(46,2),(47,2),(48,2),(49,2),(50,2),(51,2),(52,2),(53,2),(54,2),(55,2),(56,2),(57,2),(58,2),(59,2),(60,2),(61,2),(29,4),(30,4),(31,4),(32,4),(33,4),(34,4),(35,4),(36,4),(37,4),(38,4),(39,4),(40,4),(41,4),(42,4),(43,4),(44,4),(45,4),(46,4),(47,4),(48,4),(49,4),(50,4),(51,4),(52,4),(53,4),(54,4),(55,4),(56,4),(57,4),(58,4),(59,4),(60,4),(61,4),(29,6),(30,6),(31,6),(32,6),(33,6),(34,6),(35,6),(36,6),(37,6),(38,6),(39,6),(40,6),(41,6),(42,6),(43,6),(44,6),(45,6),(46,6),(47,6),(48,6),(49,6),(50,6),(51,6),(52,6),(53,6),(54,6),(55,6),(56,6),(57,6),(58,6),(59,6),(60,6),(61,6),(29,9),(30,9),(31,9),(32,9),(33,9),(34,9),(35,9),(36,9),(37,9),(38,9),(39,9),(40,9),(41,9),(42,9),(43,9),(44,9),(45,9),(46,9),(47,9),(48,9),(49,9),(50,9),(51,9),(52,9),(53,9),(54,9),(55,9),(56,9),(57,9),(58,9),(59,9),(60,9),(61,9),(29,11),(30,11),(31,11),(32,11),(33,11),(34,11),(35,11),(36,11),(37,11),(38,11),(39,11),(40,11),(41,11),(42,11),(43,11),(44,11),(45,11),(46,11),(47,11),(48,11),(49,11),(50,11),(51,11),(52,11),(53,11),(54,11),(55,11),(56,11),(57,11),(58,11),(59,11),(60,11),(61,11),(29,13),(30,13),(31,13),(32,13),(33,13),(34,13),(35,13),(36,13),(37,13),(38,13),(39,13),(40,13),(41,13),(42,13),(43,13),(44,13),(45,13),(46,13),(47,13),(48,13),(49,13),(50,13),(51,13),(52,13),(53,13),(54,13),(55,13),(56,13),(57,13),(58,13),(59,13),(60,13),(61,13),(29,15),(30,15),(31,15),(32,15),(33,15),(34,15),(35,15),(36,15),(37,15),(38,15),(39,15),(40,15),(41,15),(42,15),(43,15),(44,15),(45,15),(46,15),(47,15),(48,15),(49,15),(50,15),(51,15),(52,15),(53,15),(54,15),(55,15),(56,15),(57,15),(58,15),(59,15),(60,15),(61,15),(29,17),(30,17),(31,17),(32,17),(33,17),(34,17),(35,17),(36,17),(37,17),(38,17),(39,17),(40,17),(41,17),(42,17),(43,17),(44,17),(45,17),(46,17),(47,17),(48,17),(49,17),(50,17),(51,17),(52,17),(53,17),(54,17),(55,17),(56,17),(57,17),(58,17),(59,17),(60,17),(61,17),(29,19),(30,19),(31,19),(32,19),(33,19),(34,19),(35,19),(36,19),(37,19),(38,19),(39,19),(40,19),(41,19),(42,19),(43,19),(44,19),(45,19),(46,19),(47,19),(48,19),(49,19),(50,19),(51,19),(52,19),(53,19),(54,19),(55,19),(56,19),(57,19),(58,19),(59,19),(60,19),(61,19),(29,21),(30,21),(31,21),(32,21),(33,21),(34,21),(35,21),(36,21),(37,21),(38,21),(39,21),(40,21),(41,21),(42,21),(43,21),(44,21),(45,21),(46,21),(47,21),(48,21),(49,21),(50,21),(51,21),(52,21),(53,21),(54,21),(55,21),(56,21),(57,21),(58,21),(59,21),(60,21),(61,21),(29,23),(30,23),(31,23),(32,23),(33,23),(34,23),(35,23),(36,23),(37,23),(38,23),(39,23),(40,23),(41,23),(42,23),(43,23),(44,23),(45,23),(46,23),(47,23),(48,23),(49,23),(50,23),(51,23),(52,23),(53,23),(54,23),(55,23),(56,23),(57,23),(58,23),(59,23),(60,23),(61,23),(29,25),(30,25),(31,25),(32,25),(33,25),(34,25),(35,25),(36,25),(37,25),(38,25),(39,25),(40,25),(41,25),(42,25),(43,25),(44,25),(45,25),(46,25),(47,25),(48,25),(49,25),(50,25),(51,25),(52,25),(53,25),(54,25),(55,25),(56,25),(57,25),(58,25),(59,25),(60,25),(61,25),(29,27),(30,27),(31,27),(32,27),(33,27),(34,27),(35,27),(36,27),(37,27),(38,27),(39,27),(40,27),(41,27),(42,27),(43,27),(44,27),(45,27),(46,27),(47,27),(48,27),(49,27),(50,27),(51,27),(52,27),(53,27),(54,27),(55,27),(56,27),(57,27),(58,27),(59,27),(60,27),(61,27),(29,29),(30,29),(31,29),(32,29),(33,29),(34,29),(35,29),(36,29),(37,29),(38,29),(39,29),(40,29),(41,29),(42,29),(43,29),(44,29),(45,29),(46,29),(47,29),(48,29),(49,29),(50,29),(51,29),(52,29),(53,29),(54,29),(55,29),(56,29),(57,29),(58,29),(59,29),(60,29),(61,29),(29,31),(30,31),(31,31),(32,31),(33,31),(34,31),(35,31),(36,31),(37,31),(38,31),(39,31),(40,31),(41,31),(42,31),(43,31),(44,31),(45,31),(46,31),(47,31),(48,31),(49,31),(50,31),(51,31),(52,31),(53,31),(54,31),(55,31),(56,31),(57,31),(58,31),(59,31),(60,31),(61,31),(29,33),(30,33),(31,33),(32,33),(33,33),(34,33),(35,33),(36,33),(37,33),(38,33),(39,33),(40,33),(41,33),(42,33),(43,33),(44,33),(45,33),(46,33),(47,33),(48,33),(49,33),(50,33),(51,33),(52,33),(53,33),(54,33),(55,33),(56,33),(57,33),(58,33),(59,33),(60,33),(61,33),(29,35),(30,35),(31,35),(32,35),(33,35),(34,35),(35,35),(36,35),(37,35),(38,35),(39,35),(40,35),(41,35),(42,35),(43,35),(44,35),(45,35),(46,35),(47,35),(48,35),(49,35),(50,35),(51,35),(52,35),(53,35),(54,35),(55,35),(56,35),(57,35),(58,35),(59,35),(60,35),(61,35),(29,37),(30,37),(31,37),(32,37),(33,37),(34,37),(35,37),(36,37),(37,37),(38,37),(39,37),(40,37),(41,37),(42,37),(43,37),(44,37),(45,37),(46,37),(47,37),(48,37),(49,37),(50,37),(51,37),(52,37),(53,37),(54,37),(55,37),(56,37),(57,37),(58,37),(59,37),(60,37),(61,37),(29,39),(30,39),(31,39),(32,39),(33,39),(34,39),(35,39),(36,39),(37,39),(38,39),(39,39),(40,39),(41,39),(42,39),(43,39),(44,39),(45,39),(46,39),(47,39),(48,39),(49,39),(50,39),(51,39),(52,39),(53,39),(54,39),(55,39),(56,39),(57,39),(58,39),(59,39),(60,39),(61,39),(29,41),(30,41),(31,41),(32,41),(33,41),(34,41),(35,41),(36,41),(37,41),(38,41),(39,41),(40,41),(41,41),(42,41),(43,41),(44,41),(45,41),(46,41),(47,41),(48,41),(49,41),(50,41),(51,41),(52,41),(53,41),(54,41),(55,41),(56,41),(57,41),(58,41),(59,41),(60,41),(61,41),(29,43),(30,43),(31,43),(32,43),(33,43),(34,43),(35,43),(36,43),(37,43),(38,43),(39,43),(40,43),(41,43),(42,43),(43,43),(44,43),(45,43),(46,43),(47,43),(48,43),(49,43),(50,43),(51,43),(52,43),(53,43),(54,43),(55,43),(56,43),(57,43),(58,43),(59,43),(60,43),(61,43),(29,45),(30,45),(31,45),(32,45),(33,45),(34,45),(35,45),(36,45),(37,45),(38,45),(39,45),(40,45),(41,45),(42,45),(43,45),(44,45),(45,45),(46,45),(47,45),(48,45),(49,45),(50,45),(51,45),(52,45),(53,45),(54,45),(55,45),(56,45),(57,45),(58,45),(59,45),(60,45),(61,45),(29,47),(30,47),(31,47),(32,47),(33,47),(34,47),(35,47),(36,47),(37,47),(38,47),(39,47),(40,47),(41,47),(42,47),(43,47),(44,47),(45,47),(46,47),(47,47),(48,47),(49,47),(50,47),(51,47),(52,47),(53,47),(54,47),(55,47),(56,47),(57,47),(58,47),(59,47),(60,47),(61,47),(29,49),(30,49),(31,49),(32,49),(33,49),(34,49),(35,49),(36,49),(37,49),(38,49),(39,49),(40,49),(41,49),(42,49),(43,49),(44,49),(45,49),(46,49),(47,49),(48,49),(49,49),(50,49),(51,49),(52,49),(53,49),(54,49),(55,49),(56,49),(57,49),(58,49),(59,49),(60,49),(61,49),(29,51),(30,51),(31,51),(32,51),(33,51),(34,51),(35,51),(36,51),(37,51),(38,51),(39,51),(40,51),(41,51),(42,51),(43,51),(44,51),(45,51),(46,51),(47,51),(48,51),(49,51),(50,51),(51,51),(52,51),(53,51),(54,51),(55,51),(56,51),(57,51),(58,51),(59,51),(60,51),(61,51),(29,53),(30,53),(31,53),(32,53),(33,53),(34,53),(35,53),(36,53),(37,53),(38,53),(39,53),(40,53),(41,53),(42,53),(43,53),(44,53),(45,53),(46,53),(47,53),(48,53),(49,53),(50,53),(51,53),(52,53),(53,53),(54,53),(55,53),(56,53),(57,53),(58,53),(59,53),(60,53),(61,53),(29,55),(30,55),(31,55),(32,55),(33,55),(34,55),(35,55),(36,55),(37,55),(38,55),(39,55),(40,55),(41,55),(42,55),(43,55),(44,55),(45,55),(46,55),(47,55),(48,55),(49,55),(50,55),(51,55),(52,55),(53,55),(54,55),(55,55),(56,55),(57,55),(58,55),(59,55),(60,55),(61,55),(29,57),(30,57),(31,57),(32,57),(33,57),(34,57),(35,57),(36,57),(37,57),(38,57),(39,57),(40,57),(41,57),(42,57),(43,57),(44,57),(45,57),(46,57),(47,57),(48,57),(49,57),(50,57),(51,57),(52,57),(53,57),(54,57),(55,57),(56,57),(57,57),(58,57),(59,57),(60,57),(61,57),(29,59),(30,59),(31,59),(32,59),(33,59),(34,59),(35,59),(36,59),(37,59),(38,59),(39,59),(40,59),(41,59),(42,59),(43,59),(44,59),(45,59),(46,59),(47,59),(48,59),(49,59),(50,59),(51,59),(52,59),(53,59),(54,59),(55,59),(56,59),(57,59),(58,59),(59,59),(60,59),(61,59),(29,61),(30,61),(31,61),(32,61),(33,61),(34,61),(35,61),(36,61),(37,61),(38,61),(39,61),(40,61),(41,61),(42,61),(43,61),(44,61),(45,61),(46,61),(47,61),(48,61),(49,61),(50,61),(51,61),(52,61),(53,61),(54,61),(55,61),(56,61),(57,61),(58,61),(59,61),(60,61),(61,61),(29,63),(30,63),(31,63),(32,63),(33,63),(34,63),(35,63),(36,63),(37,63),(38,63),(39,63),(40,63),(41,63),(42,63),(43,63),(44,63),(45,63),(46,63),(47,63),(48,63),(49,63),(50,63),(51,63),(52,63),(53,63),(54,63),(55,63),(56,63),(57,63),(58,63),(59,63),(60,63),(61,63),(29,65),(30,65),(31,65),(32,65),(33,65),(34,65),(35,65),(36,65),(37,65),(38,65),(39,65),(40,65),(41,65),(42,65),(43,65),(44,65),(45,65),(46,65),(47,65),(48,65),(49,65),(50,65),(51,65),(52,65),(53,65),(54,65),(55,65),(56,65),(57,65),(58,65),(59,65),(60,65),(61,65),(29,67),(30,67),(31,67),(32,67),(33,67),(34,67),(35,67),(36,67),(37,67),(38,67),(39,67),(40,67),(41,67),(42,67),(43,67),(44,67),(45,67),(46,67),(47,67),(48,67),(49,67),(50,67),(51,67),(52,67),(53,67),(54,67),(55,67),(56,67),(57,67),(58,67),(59,67),(60,67),(61,67),(29,69),(30,69),(31,69),(32,69),(33,69),(34,69),(35,69),(36,69),(37,69),(38,69),(39,69),(40,69),(41,69),(42,69),(43,69),(44,69),(45,69),(46,69),(47,69),(48,69),(49,69),(50,69),(51,69),(52,69),(53,69),(54,69),(55,69),(56,69),(57,69),(58,69),(59,69),(60,69),(61,69),(29,71),(30,71),(31,71),(32,71),(33,71),(34,71),(35,71),(36,71),(37,71),(38,71),(39,71),(40,71),(41,71),(42,71),(43,71),(44,71),(45,71),(46,71),(47,71),(48,71),(49,71),(50,71),(51,71),(52,71),(53,71),(54,71),(55,71),(56,71),(57,71),(58,71),(59,71),(60,71),(61,71),(29,73),(30,73),(31,73),(32,73),(33,73),(34,73),(35,73),(36,73),(37,73),(38,73),(39,73),(40,73),(41,73),(42,73),(43,73),(44,73),(45,73),(46,73),(47,73),(48,73),(49,73),(50,73),(51,73),(52,73),(53,73),(54,73),(55,73),(56,73),(57,73),(58,73),(59,73),(60,73),(61,73),(29,75),(30,75),(31,75),(32,75),(33,75),(34,75),(35,75),(36,75),(37,75),(38,75),(39,75),(40,75),(41,75),(42,75),(43,75),(44,75),(45,75),(46,75),(47,75),(48,75),(49,75),(50,75),(51,75),(52,75),(53,75),(54,75),(55,75),(56,75),(57,75),(58,75),(59,75),(60,75),(61,75),(29,77),(30,77),(31,77),(32,77),(33,77),(34,77),(35,77),(36,77),(37,77),(38,77),(39,77),(40,77),(41,77),(42,77),(43,77),(44,77),(45,77),(46,77),(47,77),(48,77),(49,77),(50,77),(51,77),(52,77),(53,77),(54,77),(55,77),(56,77),(57,77),(58,77),(59,77),(60,77),(61,77),(29,79),(30,79),(31,79),(32,79),(33,79),(34,79),(35,79),(36,79),(37,79),(38,79),(39,79),(40,79),(41,79),(42,79),(43,79),(44,79),(45,79),(46,79),(47,79),(48,79),(49,79),(50,79),(51,79),(52,79),(53,79),(54,79),(55,79),(56,79),(57,79),(58,79),(59,79),(60,79),(61,79),(29,81),(30,81),(31,81),(32,81),(33,81),(34,81),(35,81),(36,81),(37,81),(38,81),(39,81),(40,81),(41,81),(42,81),(43,81),(44,81),(45,81),(46,81),(47,81),(48,81),(49,81),(50,81),(51,81),(52,81),(53,81),(54,81),(55,81),(56,81),(57,81),(58,81),(59,81),(60,81),(61,81),(29,83),(30,83),(31,83),(32,83),(33,83),(34,83),(35,83),(36,83),(37,83),(38,83),(39,83),(40,83),(41,83),(42,83),(43,83),(44,83),(45,83),(46,83),(47,83),(48,83),(49,83),(50,83),(51,83),(52,83),(53,83),(54,83),(55,83),(56,83),(57,83),(58,83),(59,83),(60,83),(61,83),(29,85),(30,85),(31,85),(32,85),(33,85),(34,85),(35,85),(36,85),(37,85),(38,85),(39,85),(40,85),(41,85),(42,85),(43,85),(44,85),(45,85),(46,85),(47,85),(48,85),(49,85),(50,85),(51,85),(52,85),(53,85),(54,85),(55,85),(56,85),(57,85),(58,85),(59,85),(60,85),(61,85),(29,87),(30,87),(31,87),(32,87),(33,87),(34,87),(35,87),(36,87),(37,87),(38,87),(39,87),(40,87),(41,87),(42,87),(43,87),(44,87),(45,87),(46,87),(47,87),(48,87),(49,87),(50,87),(51,87),(52,87),(53,87),(54,87),(55,87),(56,87),(57,87),(58,87),(59,87),(60,87),(61,87),(29,89),(30,89),(31,89),(32,89),(33,89),(34,89),(35,89),(36,89),(37,89),(38,89),(39,89),(40,89),(41,89),(42,89),(43,89),(44,89),(45,89),(46,89),(47,89),(48,89),(49,89),(50,89),(51,89),(52,89),(53,89),(54,89),(55,89),(56,89),(57,89),(58,89),(59,89),(60,89),(61,89),(29,91),(30,91),(31,91),(32,91),(33,91),(34,91),(35,91),(36,91),(37,91),(38,91),(39,91),(40,91),(41,91),(42,91),(43,91),(44,91),(45,91),(46,91),(47,91),(48,91),(49,91),(50,91),(51,91),(52,91),(53,91),(54,91),(55,91),(56,91),(57,91),(58,91),(59,91),(60,91),(61,91),(29,93),(30,93),(31,93),(32,93),(33,93),(34,93),(35,93),(36,93),(37,93),(38,93),(39,93),(40,93),(41,93),(42,93),(43,93),(44,93),(45,93),(46,93),(47,93),(48,93),(49,93),(50,93),(51,93),(52,93),(53,93),(54,93),(55,93),(56,93),(57,93),(58,93),(59,93),(60,93),(61,93),(29,95),(30,95),(31,95),(32,95),(33,95),(34,95),(35,95),(36,95),(37,95),(38,95),(39,95),(40,95),(41,95),(42,95),(43,95),(44,95),(45,95),(46,95),(47,95),(48,95),(49,95),(50,95),(51,95),(52,95),(53,95),(54,95),(55,95),(56,95),(57,95),(58,95),(59,95),(60,95),(61,95),(29,97),(30,97),(31,97),(32,97),(33,97),(34,97),(35,97),(36,97),(37,97),(38,97),(39,97),(40,97),(41,97),(42,97),(43,97),(44,97),(45,97),(46,97),(47,97),(48,97),(49,97),(50,97),(51,97),(52,97),(53,97),(54,97),(55,97),(56,97),(57,97),(58,97),(59,97),(60,97),(61,97),(29,99),(30,99),(31,99),(32,99),(33,99),(34,99),(35,99),(36,99),(37,99),(38,99),(39,99),(40,99),(41,99),(42,99),(43,99),(44,99),(45,99),(46,99),(47,99),(48,99),(49,99),(50,99),(51,99),(52,99),(53,99),(54,99),(55,99),(56,99),(57,99),(58,99),(59,99),(60,99),(61,99),(29,101),(30,101),(31,101),(32,101),(33,101),(34,101),(35,101),(36,101),(37,101),(38,101),(39,101),(40,101),(41,101),(42,101),(43,101),(44,101),(45,101),(46,101),(47,101),(48,101),(49,101),(50,101),(51,101),(52,101),(53,101),(54,101),(55,101),(56,101),(57,101),(58,101),(59,101),(60,101),(61,101),(29,103),(30,103),(31,103),(32,103),(33,103),(34,103),(35,103),(36,103),(37,103),(38,103),(39,103),(40,103),(41,103),(42,103),(43,103),(44,103),(45,103),(46,103),(47,103),(48,103),(49,103),(50,103),(51,103),(52,103),(53,103),(54,103),(55,103),(56,103),(57,103),(58,103),(59,103),(60,103),(61,103),(29,105),(30,105),(31,105),(32,105),(33,105),(34,105),(35,105),(36,105),(37,105),(38,105),(39,105),(40,105),(41,105),(42,105),(43,105),(44,105),(45,105),(46,105),(47,105),(48,105),(49,105),(50,105),(51,105),(52,105),(53,105),(54,105),(55,105),(56,105),(57,105),(58,105),(59,105),(60,105),(61,105),(29,132),(30,132),(31,132),(32,132),(33,132),(34,132),(35,132),(36,132),(37,132),(38,132),(39,132),(40,132),(41,132),(42,132),(43,132),(44,132),(45,132),(46,132),(47,132),(48,132),(49,132),(50,132),(51,132),(52,132),(53,132),(54,132),(55,132),(56,132),(57,132),(58,132),(59,132),(60,132),(61,132),(29,134),(30,134),(31,134),(32,134),(33,134),(34,134),(35,134),(36,134),(37,134),(38,134),(39,134),(40,134),(41,134),(42,134),(43,134),(44,134),(45,134),(46,134),(47,134),(48,134),(49,134),(50,134),(51,134),(52,134),(53,134),(54,134),(55,134),(56,134),(57,134),(58,134),(59,134),(60,134),(61,134),(29,136),(30,136),(31,136),(32,136),(33,136),(34,136),(35,136),(36,136),(37,136),(38,136),(39,136),(40,136),(41,136),(42,136),(43,136),(44,136),(45,136),(46,136),(47,136),(48,136),(49,136),(50,136),(51,136),(52,136),(53,136),(54,136),(55,136),(56,136),(57,136),(58,136),(59,136),(60,136),(61,136),(29,151),(30,151),(31,151),(32,151),(33,151),(34,151),(35,151),(36,151),(37,151),(38,151),(39,151),(40,151),(41,151),(42,151),(43,151),(44,151),(45,151),(46,151),(47,151),(48,151),(49,151),(50,151),(51,151),(52,151),(53,151),(54,151),(55,151),(56,151),(57,151),(58,151),(59,151),(60,151),(61,151),(29,153),(30,153),(31,153),(32,153),(33,153),(34,153),(35,153),(36,153),(37,153),(38,153),(39,153),(40,153),(41,153),(42,153),(43,153),(44,153),(45,153),(46,153),(47,153),(48,153),(49,153),(50,153),(51,153),(52,153),(53,153),(54,153),(55,153),(56,153),(57,153),(58,153),(59,153),(60,153),(61,153),(29,155),(30,155),(31,155),(32,155),(33,155),(34,155),(35,155),(36,155),(37,155),(38,155),(39,155),(40,155),(41,155),(42,155),(43,155),(44,155),(45,155),(46,155),(47,155),(48,155),(49,155),(50,155),(51,155),(52,155),(53,155),(54,155),(55,155),(56,155),(57,155),(58,155),(59,155),(60,155),(61,155),(29,157),(30,157),(31,157),(32,157),(33,157),(34,157),(35,157),(36,157),(37,157),(38,157),(39,157),(40,157),(41,157),(42,157),(43,157),(44,157),(45,157),(46,157),(47,157),(48,157),(49,157),(50,157),(51,157),(52,157),(53,157),(54,157),(55,157),(56,157),(57,157),(58,157),(59,157),(60,157),(61,157),(29,159),(30,159),(31,159),(32,159),(33,159),(34,159),(35,159),(36,159),(37,159),(38,159),(39,159),(40,159),(41,159),(42,159),(43,159),(44,159),(45,159),(46,159),(47,159),(48,159),(49,159),(50,159),(51,159),(52,159),(53,159),(54,159),(55,159),(56,159),(57,159),(58,159),(59,159),(60,159),(61,159),(29,161),(30,161),(31,161),(32,161),(33,161),(34,161),(35,161),(36,161),(37,161),(38,161),(39,161),(40,161),(41,161),(42,161),(43,161),(44,161),(45,161),(46,161),(47,161),(48,161),(49,161),(50,161),(51,161),(52,161),(53,161),(54,161),(55,161),(56,161),(57,161),(58,161),(59,161),(60,161),(61,161),(29,163),(30,163),(31,163),(32,163),(33,163),(34,163),(35,163),(36,163),(37,163),(38,163),(39,163),(40,163),(41,163),(42,163),(43,163),(44,163),(45,163),(46,163),(47,163),(48,163),(49,163),(50,163),(51,163),(52,163),(53,163),(54,163),(55,163),(56,163),(57,163),(58,163),(59,163),(60,163),(61,163),(29,166),(30,166),(31,166),(32,166),(33,166),(34,166),(35,166),(36,166),(37,166),(38,166),(39,166),(40,166),(41,166),(42,166),(43,166),(44,166),(45,166),(46,166),(47,166),(48,166),(49,166),(50,166),(51,166),(52,166),(53,166),(54,166),(55,166),(56,166),(57,166),(58,166),(59,166),(60,166),(61,166),(29,168),(30,168),(31,168),(32,168),(33,168),(34,168),(35,168),(36,168),(37,168),(38,168),(39,168),(40,168),(41,168),(42,168),(43,168),(44,168),(45,168),(46,168),(47,168),(48,168),(49,168),(50,168),(51,168),(52,168),(53,168),(54,168),(55,168),(56,168),(57,168),(58,168),(59,168),(60,168),(61,168),(29,170),(30,170),(31,170),(32,170),(33,170),(34,170),(35,170),(36,170),(37,170),(38,170),(39,170),(40,170),(41,170),(42,170),(43,170),(44,170),(45,170),(46,170),(47,170),(48,170),(49,170),(50,170),(51,170),(52,170),(53,170),(54,170),(55,170),(56,170),(57,170),(58,170),(59,170),(60,170),(61,170),(29,172),(30,172),(31,172),(32,172),(33,172),(34,172),(35,172),(36,172),(37,172),(38,172),(39,172),(40,172),(41,172),(42,172),(43,172),(44,172),(45,172),(46,172),(47,172),(48,172),(49,172),(50,172),(51,172),(52,172),(53,172),(54,172),(55,172),(56,172),(57,172),(58,172),(59,172),(60,172),(61,172),(29,174),(30,174),(31,174),(32,174),(33,174),(34,174),(35,174),(36,174),(37,174),(38,174),(39,174),(40,174),(41,174),(42,174),(43,174),(44,174),(45,174),(46,174),(47,174),(48,174),(49,174),(50,174),(51,174),(52,174),(53,174),(54,174),(55,174),(56,174),(57,174),(58,174),(59,174),(60,174),(61,174),(29,179),(30,179),(31,179),(32,179),(33,179),(34,179),(35,179),(36,179),(37,179),(38,179),(39,179),(40,179),(41,179),(42,179),(43,179),(44,179),(45,179),(46,179),(47,179),(48,179),(49,179),(50,179),(51,179),(52,179),(53,179),(54,179),(55,179),(56,179),(57,179),(58,179),(59,179),(60,179),(61,179),(29,181),(30,181),(31,181),(32,181),(33,181),(34,181),(35,181),(36,181),(37,181),(38,181),(39,181),(40,181),(41,181),(42,181),(43,181),(44,181),(45,181),(46,181),(47,181),(48,181),(49,181),(50,181),(51,181),(52,181),(53,181),(54,181),(55,181),(56,181),(57,181),(58,181),(59,181),(60,181),(61,181),(29,183),(30,183),(31,183),(32,183),(33,183),(34,183),(35,183),(36,183),(37,183),(38,183),(39,183),(40,183),(41,183),(42,183),(43,183),(44,183),(45,183),(46,183),(47,183),(48,183),(49,183),(50,183),(51,183),(52,183),(53,183),(54,183),(55,183),(56,183),(57,183),(58,183),(59,183),(60,183),(61,183),(29,185),(30,185),(31,185),(32,185),(33,185),(34,185),(35,185),(36,185),(37,185),(38,185),(39,185),(40,185),(41,185),(42,185),(43,185),(44,185),(45,185),(46,185),(47,185),(48,185),(49,185),(50,185),(51,185),(52,185),(53,185),(54,185),(55,185),(56,185),(57,185),(58,185),(59,185),(60,185),(61,185),(29,187),(30,187),(31,187),(32,187),(33,187),(34,187),(35,187),(36,187),(37,187),(38,187),(39,187),(40,187),(41,187),(42,187),(43,187),(44,187),(45,187),(46,187),(47,187),(48,187),(49,187),(50,187),(51,187),(52,187),(53,187),(54,187),(55,187),(56,187),(57,187),(58,187),(59,187),(60,187),(61,187),(29,190),(30,190),(31,190),(32,190),(33,190),(34,190),(35,190),(36,190),(37,190),(38,190),(39,190),(40,190),(41,190),(42,190),(43,190),(44,190),(45,190),(46,190),(47,190),(48,190),(49,190),(50,190),(51,190),(52,190),(53,190),(54,190),(55,190),(56,190),(57,190),(58,190),(59,190),(60,190),(61,190),(29,192),(30,192),(31,192),(32,192),(33,192),(34,192),(35,192),(36,192),(37,192),(38,192),(39,192),(40,192),(41,192),(42,192),(43,192),(44,192),(45,192),(46,192),(47,192),(48,192),(49,192),(50,192),(51,192),(52,192),(53,192),(54,192),(55,192),(56,192),(57,192),(58,192),(59,192),(60,192),(61,192),(29,194),(30,194),(31,194),(32,194),(33,194),(34,194),(35,194),(36,194),(37,194),(38,194),(39,194),(40,194),(41,194),(42,194),(43,194),(44,194),(45,194),(46,194),(47,194),(48,194),(49,194),(50,194),(51,194),(52,194),(53,194),(54,194),(55,194),(56,194),(57,194),(58,194),(59,194),(60,194),(61,194),(29,196),(30,196),(31,196),(32,196),(33,196),(34,196),(35,196),(36,196),(37,196),(38,196),(39,196),(40,196),(41,196),(42,196),(43,196),(44,196),(45,196),(46,196),(47,196),(48,196),(49,196),(50,196),(51,196),(52,196),(53,196),(54,196),(55,196),(56,196),(57,196),(58,196),(59,196),(60,196),(61,196),(29,198),(30,198),(31,198),(32,198),(33,198),(34,198),(35,198),(36,198),(37,198),(38,198),(39,198),(40,198),(41,198),(42,198),(43,198),(44,198),(45,198),(46,198),(47,198),(48,198),(49,198),(50,198),(51,198),(52,198),(53,198),(54,198),(55,198),(56,198),(57,198),(58,198),(59,198),(60,198),(61,198),(29,200),(30,200),(31,200),(32,200),(33,200),(34,200),(35,200),(36,200),(37,200),(38,200),(39,200),(40,200),(41,200),(42,200),(43,200),(44,200),(45,200),(46,200),(47,200),(48,200),(49,200),(50,200),(51,200),(52,200),(53,200),(54,200),(55,200),(56,200),(57,200),(58,200),(59,200),(60,200),(61,200),(29,202),(30,202),(31,202),(32,202),(33,202),(34,202),(35,202),(36,202),(37,202),(38,202),(39,202),(40,202),(41,202),(42,202),(43,202),(44,202),(45,202),(46,202),(47,202),(48,202),(49,202),(50,202),(51,202),(52,202),(53,202),(54,202),(55,202),(56,202),(57,202),(58,202),(59,202),(60,202),(61,202),(29,204),(30,204),(31,204),(32,204),(33,204),(34,204),(35,204),(36,204),(37,204),(38,204),(39,204),(40,204),(41,204),(42,204),(43,204),(44,204),(45,204),(46,204),(47,204),(48,204),(49,204),(50,204),(51,204),(52,204),(53,204),(54,204),(55,204),(56,204),(57,204),(58,204),(59,204),(60,204),(61,204),(29,206),(30,206),(31,206),(32,206),(33,206),(34,206),(35,206),(36,206),(37,206),(38,206),(39,206),(40,206),(41,206),(42,206),(43,206),(44,206),(45,206),(46,206),(47,206),(48,206),(49,206),(50,206),(51,206),(52,206),(53,206),(54,206),(55,206),(56,206),(57,206),(58,206),(59,206),(60,206),(61,206),(29,208),(30,208),(31,208),(32,208),(33,208),(34,208),(35,208),(36,208),(37,208),(38,208),(39,208),(40,208),(41,208),(42,208),(43,208),(44,208),(45,208),(46,208),(47,208),(48,208),(49,208),(50,208),(51,208),(52,208),(53,208),(54,208),(55,208),(56,208),(57,208),(58,208),(59,208),(60,208),(61,208),(29,210),(30,210),(31,210),(32,210),(33,210),(34,210),(35,210),(36,210),(37,210),(38,210),(39,210),(40,210),(41,210),(42,210),(43,210),(44,210),(45,210),(46,210),(47,210),(48,210),(49,210),(50,210),(51,210),(52,210),(53,210),(54,210),(55,210),(56,210),(57,210),(58,210),(59,210),(60,210),(61,210),(29,212),(30,212),(31,212),(32,212),(33,212),(34,212),(35,212),(36,212),(37,212),(38,212),(39,212),(40,212),(41,212),(42,212),(43,212),(44,212),(45,212),(46,212),(47,212),(48,212),(49,212),(50,212),(51,212),(52,212),(53,212),(54,212),(55,212),(56,212),(57,212),(58,212),(59,212),(60,212),(61,212),(29,214),(30,214),(31,214),(32,214),(33,214),(34,214),(35,214),(36,214),(37,214),(38,214),(39,214),(40,214),(41,214),(42,214),(43,214),(44,214),(45,214),(46,214),(47,214),(48,214),(49,214),(50,214),(51,214),(52,214),(53,214),(54,214),(55,214),(56,214),(57,214),(58,214),(59,214),(60,214),(61,214),(29,216),(30,216),(31,216),(32,216),(33,216),(34,216),(35,216),(36,216),(37,216),(38,216),(39,216),(40,216),(41,216),(42,216),(43,216),(44,216),(45,216),(46,216),(47,216),(48,216),(49,216),(50,216),(51,216),(52,216),(53,216),(54,216),(55,216),(56,216),(57,216),(58,216),(59,216),(60,216),(61,216),(29,218),(30,218),(31,218),(32,218),(33,218),(34,218),(35,218),(36,218),(37,218),(38,218),(39,218),(40,218),(41,218),(42,218),(43,218),(44,218),(45,218),(46,218),(47,218),(48,218),(49,218),(50,218),(51,218),(52,218),(53,218),(54,218),(55,218),(56,218),(57,218),(58,218),(59,218),(60,218),(61,218),(29,220),(30,220),(31,220),(32,220),(33,220),(34,220),(35,220),(36,220),(37,220),(38,220),(39,220),(40,220),(41,220),(42,220),(43,220),(44,220),(45,220),(46,220),(47,220),(48,220),(49,220),(50,220),(51,220),(52,220),(53,220),(54,220),(55,220),(56,220),(57,220),(58,220),(59,220),(60,220),(61,220),(29,222),(30,222),(31,222),(32,222),(33,222),(34,222),(35,222),(36,222),(37,222),(38,222),(39,222),(40,222),(41,222),(42,222),(43,222),(44,222),(45,222),(46,222),(47,222),(48,222),(49,222),(50,222),(51,222),(52,222),(53,222),(54,222),(55,222),(56,222),(57,222),(58,222),(59,222),(60,222),(61,222),(29,224),(30,224),(31,224),(32,224),(33,224),(34,224),(35,224),(36,224),(37,224),(38,224),(39,224),(40,224),(41,224),(42,224),(43,224),(44,224),(45,224),(46,224),(47,224),(48,224),(49,224),(50,224),(51,224),(52,224),(53,224),(54,224),(55,224),(56,224),(57,224),(58,224),(59,224),(60,224),(61,224),(29,226),(30,226),(31,226),(32,226),(33,226),(34,226),(35,226),(36,226),(37,226),(38,226),(39,226),(40,226),(41,226),(42,226),(43,226),(44,226),(45,226),(46,226),(47,226),(48,226),(49,226),(50,226),(51,226),(52,226),(53,226),(54,226),(55,226),(56,226),(57,226),(58,226),(59,226),(60,226),(61,226),(29,228),(30,228),(31,228),(32,228),(33,228),(34,228),(35,228),(36,228),(37,228),(38,228),(39,228),(40,228),(41,228),(42,228),(43,228),(44,228),(45,228),(46,228),(47,228),(48,228),(49,228),(50,228),(51,228),(52,228),(53,228),(54,228),(55,228),(56,228),(57,228),(58,228),(59,228),(60,228),(61,228),(29,230),(30,230),(31,230),(32,230),(33,230),(34,230),(35,230),(36,230),(37,230),(38,230),(39,230),(40,230),(41,230),(42,230),(43,230),(44,230),(45,230),(46,230),(47,230),(48,230),(49,230),(50,230),(51,230),(52,230),(53,230),(54,230),(55,230),(56,230),(57,230),(58,230),(59,230),(60,230),(61,230),(29,232),(30,232),(31,232),(32,232),(33,232),(34,232),(35,232),(36,232),(37,232),(38,232),(39,232),(40,232),(41,232),(42,232),(43,232),(44,232),(45,232),(46,232),(47,232),(48,232),(49,232),(50,232),(51,232),(52,232),(53,232),(54,232),(55,232),(56,232),(57,232),(58,232),(59,232),(60,232),(61,232),(29,234),(30,234),(31,234),(32,234),(33,234),(34,234),(35,234),(36,234),(37,234),(38,234),(39,234),(40,234),(41,234),(42,234),(43,234),(44,234),(45,234),(46,234),(47,234),(48,234),(49,234),(50,234),(51,234),(52,234),(53,234),(54,234),(55,234),(56,234),(57,234),(58,234),(59,234),(60,234),(61,234),(29,236),(30,236),(31,236),(32,236),(33,236),(34,236),(35,236),(36,236),(37,236),(38,236),(39,236),(40,236),(41,236),(42,236),(43,236),(44,236),(45,236),(46,236),(47,236),(48,236),(49,236),(50,236),(51,236),(52,236),(53,236),(54,236),(55,236),(56,236),(57,236),(58,236),(59,236),(60,236),(61,236),(29,238),(30,238),(31,238),(32,238),(33,238),(34,238),(35,238),(36,238),(37,238),(38,238),(39,238),(40,238),(41,238),(42,238),(43,238),(44,238),(45,238),(46,238),(47,238),(48,238),(49,238),(50,238),(51,238),(52,238),(53,238),(54,238),(55,238),(56,238),(57,238),(58,238),(59,238),(60,238),(61,238),(29,240),(30,240),(31,240),(32,240),(33,240),(34,240),(35,240),(36,240),(37,240),(38,240),(39,240),(40,240),(41,240),(42,240),(43,240),(44,240),(45,240),(46,240),(47,240),(48,240),(49,240),(50,240),(51,240),(52,240),(53,240),(54,240),(55,240),(56,240),(57,240),(58,240),(59,240),(60,240),(61,240),(29,242),(30,242),(31,242),(32,242),(33,242),(34,242),(35,242),(36,242),(37,242),(38,242),(39,242),(40,242),(41,242),(42,242),(43,242),(44,242),(45,242),(46,242),(47,242),(48,242),(49,242),(50,242),(51,242),(52,242),(53,242),(54,242),(55,242),(56,242),(57,242),(58,242),(59,242),(60,242),(61,242),(29,244),(30,244),(31,244),(32,244),(33,244),(34,244),(35,244),(36,244),(37,244),(38,244),(39,244),(40,244),(41,244),(42,244),(43,244),(44,244),(45,244),(46,244),(47,244),(48,244),(49,244),(50,244),(51,244),(52,244),(53,244),(54,244),(55,244),(56,244),(57,244),(58,244),(59,244),(60,244),(61,244),(29,246),(30,246),(31,246),(32,246),(33,246),(34,246),(35,246),(36,246),(37,246),(38,246),(39,246),(40,246),(41,246),(42,246),(43,246),(44,246),(45,246),(46,246),(47,246),(48,246),(49,246),(50,246),(51,246),(52,246),(53,246),(54,246),(55,246),(56,246),(57,246),(58,246),(59,246),(60,246),(61,246),(29,248),(30,248),(31,248),(32,248),(33,248),(34,248),(35,248),(36,248),(37,248),(38,248),(39,248),(40,248),(41,248),(42,248),(43,248),(44,248),(45,248),(46,248),(47,248),(48,248),(49,248),(50,248),(51,248),(52,248),(53,248),(54,248),(55,248),(56,248),(57,248),(58,248),(59,248),(60,248),(61,248),(29,250),(30,250),(31,250),(32,250),(33,250),(34,250),(35,250),(36,250),(37,250),(38,250),(39,250),(40,250),(41,250),(42,250),(43,250),(44,250),(45,250),(46,250),(47,250),(48,250),(49,250),(50,250),(51,250),(52,250),(53,250),(54,250),(55,250),(56,250),(57,250),(58,250),(59,250),(60,250),(61,250),(29,252),(30,252),(31,252),(32,252),(33,252),(34,252),(35,252),(36,252),(37,252),(38,252),(39,252),(40,252),(41,252),(42,252),(43,252),(44,252),(45,252),(46,252),(47,252),(48,252),(49,252),(50,252),(51,252),(52,252),(53,252),(54,252),(55,252),(56,252),(57,252),(58,252),(59,252),(60,252),(61,252),(29,254),(30,254),(31,254),(32,254),(33,254),(34,254),(35,254),(36,254),(37,254),(38,254),(39,254),(40,254),(41,254),(42,254),(43,254),(44,254),(45,254),(46,254),(47,254),(48,254),(49,254),(50,254),(51,254),(52,254),(53,254),(54,254),(55,254),(56,254),(57,254),(58,254),(59,254),(60,254),(61,254),(29,256),(30,256),(31,256),(32,256),(33,256),(34,256),(35,256),(36,256),(37,256),(38,256),(39,256),(40,256),(41,256),(42,256),(43,256),(44,256),(45,256),(46,256),(47,256),(48,256),(49,256),(50,256),(51,256),(52,256),(53,256),(54,256),(55,256),(56,256),(57,256),(58,256),(59,256),(60,256),(61,256),(29,258),(30,258),(31,258),(32,258),(33,258),(34,258),(35,258),(36,258),(37,258),(38,258),(39,258),(40,258),(41,258),(42,258),(43,258),(44,258),(45,258),(46,258),(47,258),(48,258),(49,258),(50,258),(51,258),(52,258),(53,258),(54,258),(55,258),(56,258),(57,258),(58,258),(59,258),(60,258),(61,258),(29,260),(30,260),(31,260),(32,260),(33,260),(34,260),(35,260),(36,260),(37,260),(38,260),(39,260),(40,260),(41,260),(42,260),(43,260),(44,260),(45,260),(46,260),(47,260),(48,260),(49,260),(50,260),(51,260),(52,260),(53,260),(54,260),(55,260),(56,260),(57,260),(58,260),(59,260),(60,260),(61,260),(29,266),(30,266),(31,266),(32,266),(33,266),(34,266),(35,266),(36,266),(37,266),(38,266),(39,266),(40,266),(41,266),(42,266),(43,266),(44,266),(45,266),(46,266),(47,266),(48,266),(49,266),(50,266),(51,266),(52,266),(53,266),(54,266),(55,266),(56,266),(57,266),(58,266),(59,266),(60,266),(61,266),(29,269),(30,269),(31,269),(32,269),(33,269),(34,269),(35,269),(36,269),(37,269),(38,269),(39,269),(40,269),(41,269),(42,269),(43,269),(44,269),(45,269),(46,269),(47,269),(48,269),(49,269),(50,269),(51,269),(52,269),(53,269),(54,269),(55,269),(56,269),(57,269),(58,269),(59,269),(60,269),(61,269),(29,272),(30,272),(31,272),(32,272),(33,272),(34,272),(35,272),(36,272),(37,272),(38,272),(39,272),(40,272),(41,272),(42,272),(43,272),(44,272),(45,272),(46,272),(47,272),(48,272),(49,272),(50,272),(51,272),(52,272),(53,272),(54,272),(55,272),(56,272),(57,272),(58,272),(59,272),(60,272),(61,272),(29,289),(30,289),(31,289),(32,289),(33,289),(34,289),(35,289),(36,289),(37,289),(38,289),(39,289),(40,289),(41,289),(42,289),(43,289),(44,289),(45,289),(46,289),(47,289),(48,289),(49,289),(50,289),(51,289),(52,289),(53,289),(54,289),(55,289),(56,289),(57,289),(58,289),(59,289),(60,289),(61,289),(29,291),(30,291),(31,291),(32,291),(33,291),(34,291),(35,291),(36,291),(37,291),(38,291),(39,291),(40,291),(41,291),(42,291),(43,291),(44,291),(45,291),(46,291),(47,291),(48,291),(49,291),(50,291),(51,291),(52,291),(53,291),(54,291),(55,291),(56,291),(57,291),(58,291),(59,291),(60,291),(61,291),(29,293),(30,293),(31,293),(32,293),(33,293),(34,293),(35,293),(36,293),(37,293),(38,293),(39,293),(40,293),(41,293),(42,293),(43,293),(44,293),(45,293),(46,293),(47,293),(48,293),(49,293),(50,293),(51,293),(52,293),(53,293),(54,293),(55,293),(56,293),(57,293),(58,293),(59,293),(60,293),(61,293),(29,295),(30,295),(31,295),(32,295),(33,295),(34,295),(35,295),(36,295),(37,295),(38,295),(39,295),(40,295),(41,295),(42,295),(43,295),(44,295),(45,295),(46,295),(47,295),(48,295),(49,295),(50,295),(51,295),(52,295),(53,295),(54,295),(55,295),(56,295),(57,295),(58,295),(59,295),(60,295),(61,295),(29,297),(30,297),(31,297),(32,297),(33,297),(34,297),(35,297),(36,297),(37,297),(38,297),(39,297),(40,297),(41,297),(42,297),(43,297),(44,297),(45,297),(46,297),(47,297),(48,297),(49,297),(50,297),(51,297),(52,297),(53,297),(54,297),(55,297),(56,297),(57,297),(58,297),(59,297),(60,297),(61,297),(29,299),(30,299),(31,299),(32,299),(33,299),(34,299),(35,299),(36,299),(37,299),(38,299),(39,299),(40,299),(41,299),(42,299),(43,299),(44,299),(45,299),(46,299),(47,299),(48,299),(49,299),(50,299),(51,299),(52,299),(53,299),(54,299),(55,299),(56,299),(57,299),(58,299),(59,299),(60,299),(61,299),(29,301),(30,301),(31,301),(32,301),(33,301),(34,301),(35,301),(36,301),(37,301),(38,301),(39,301),(40,301),(41,301),(42,301),(43,301),(44,301),(45,301),(46,301),(47,301),(48,301),(49,301),(50,301),(51,301),(52,301),(53,301),(54,301),(55,301),(56,301),(57,301),(58,301),(59,301),(60,301),(61,301),(29,303),(30,303),(31,303),(32,303),(33,303),(34,303),(35,303),(36,303),(37,303),(38,303),(39,303),(40,303),(41,303),(42,303),(43,303),(44,303),(45,303),(46,303),(47,303),(48,303),(49,303),(50,303),(51,303),(52,303),(53,303),(54,303),(55,303),(56,303),(57,303),(58,303),(59,303),(60,303),(61,303),(29,305),(30,305),(31,305),(32,305),(33,305),(34,305),(35,305),(36,305),(37,305),(38,305),(39,305),(40,305),(41,305),(42,305),(43,305),(44,305),(45,305),(46,305),(47,305),(48,305),(49,305),(50,305),(51,305),(52,305),(53,305),(54,305),(55,305),(56,305),(57,305),(58,305),(59,305),(60,305),(61,305),(29,307),(30,307),(31,307),(32,307),(33,307),(34,307),(35,307),(36,307),(37,307),(38,307),(39,307),(40,307),(41,307),(42,307),(43,307),(44,307),(45,307),(46,307),(47,307),(48,307),(49,307),(50,307),(51,307),(52,307),(53,307),(54,307),(55,307),(56,307),(57,307),(58,307),(59,307),(60,307),(61,307),(29,309),(30,309),(31,309),(32,309),(33,309),(34,309),(35,309),(36,309),(37,309),(38,309),(39,309),(40,309),(41,309),(42,309),(43,309),(44,309),(45,309),(46,309),(47,309),(48,309),(49,309),(50,309),(51,309),(52,309),(53,309),(54,309),(55,309),(56,309),(57,309),(58,309),(59,309),(60,309),(61,309),(29,311),(30,311),(31,311),(32,311),(33,311),(34,311),(35,311),(36,311),(37,311),(38,311),(39,311),(40,311),(41,311),(42,311),(43,311),(44,311),(45,311),(46,311),(47,311),(48,311),(49,311),(50,311),(51,311),(52,311),(53,311),(54,311),(55,311),(56,311),(57,311),(58,311),(59,311),(60,311),(61,311),(29,313),(30,313),(31,313),(32,313),(33,313),(34,313),(35,313),(36,313),(37,313),(38,313),(39,313),(40,313),(41,313),(42,313),(43,313),(44,313),(45,313),(46,313),(47,313),(48,313),(49,313),(50,313),(51,313),(52,313),(53,313),(54,313),(55,313),(56,313),(57,313),(58,313),(59,313),(60,313),(61,313),(29,315),(30,315),(31,315),(32,315),(33,315),(34,315),(35,315),(36,315),(37,315),(38,315),(39,315),(40,315),(41,315),(42,315),(43,315),(44,315),(45,315),(46,315),(47,315),(48,315),(49,315),(50,315),(51,315),(52,315),(53,315),(54,315),(55,315),(56,315),(57,315),(58,315),(59,315),(60,315),(61,315),(29,317),(30,317),(31,317),(32,317),(33,317),(34,317),(35,317),(36,317),(37,317),(38,317),(39,317),(40,317),(41,317),(42,317),(43,317),(44,317),(45,317),(46,317),(47,317),(48,317),(49,317),(50,317),(51,317),(52,317),(53,317),(54,317),(55,317),(56,317),(57,317),(58,317),(59,317),(60,317),(61,317),(29,319),(30,319),(31,319),(32,319),(33,319),(34,319),(35,319),(36,319),(37,319),(38,319),(39,319),(40,319),(41,319),(42,319),(43,319),(44,319),(45,319),(46,319),(47,319),(48,319),(49,319),(50,319),(51,319),(52,319),(53,319),(54,319),(55,319),(56,319),(57,319),(58,319),(59,319),(60,319),(61,319),(29,321),(30,321),(31,321),(32,321),(33,321),(34,321),(35,321),(36,321),(37,321),(38,321),(39,321),(40,321),(41,321),(42,321),(43,321),(44,321),(45,321),(46,321),(47,321),(48,321),(49,321),(50,321),(51,321),(52,321),(53,321),(54,321),(55,321),(56,321),(57,321),(58,321),(59,321),(60,321),(61,321),(29,323),(30,323),(31,323),(32,323),(33,323),(34,323),(35,323),(36,323),(37,323),(38,323),(39,323),(40,323),(41,323),(42,323),(43,323),(44,323),(45,323),(46,323),(47,323),(48,323),(49,323),(50,323),(51,323),(52,323),(53,323),(54,323),(55,323),(56,323),(57,323),(58,323),(59,323),(60,323),(61,323),(29,325),(30,325),(31,325),(32,325),(33,325),(34,325),(35,325),(36,325),(37,325),(38,325),(39,325),(40,325),(41,325),(42,325),(43,325),(44,325),(45,325),(46,325),(47,325),(48,325),(49,325),(50,325),(51,325),(52,325),(53,325),(54,325),(55,325),(56,325),(57,325),(58,325),(59,325),(60,325),(61,325),(29,327),(30,327),(31,327),(32,327),(33,327),(34,327),(35,327),(36,327),(37,327),(38,327),(39,327),(40,327),(41,327),(42,327),(43,327),(44,327),(45,327),(46,327),(47,327),(48,327),(49,327),(50,327),(51,327),(52,327),(53,327),(54,327),(55,327),(56,327),(57,327),(58,327),(59,327),(60,327),(61,327),(29,331),(30,331),(31,331),(32,331),(33,331),(34,331),(35,331),(36,331),(37,331),(38,331),(39,331),(40,331),(41,331),(42,331),(43,331),(44,331),(45,331),(46,331),(47,331),(48,331),(49,331),(50,331),(51,331),(52,331),(53,331),(54,331),(55,331),(56,331),(57,331),(58,331),(59,331),(60,331),(61,331),(29,334),(30,334),(31,334),(32,334),(33,334),(34,334),(35,334),(36,334),(37,334),(38,334),(39,334),(40,334),(41,334),(42,334),(43,334),(44,334),(45,334),(46,334),(47,334),(48,334),(49,334),(50,334),(51,334),(52,334),(53,334),(54,334),(55,334),(56,334),(57,334),(58,334),(59,334),(60,334),(61,334),(29,337),(30,337),(31,337),(32,337),(33,337),(34,337),(35,337),(36,337),(37,337),(38,337),(39,337),(40,337),(41,337),(42,337),(43,337),(44,337),(45,337),(46,337),(47,337),(48,337),(49,337),(50,337),(51,337),(52,337),(53,337),(54,337),(55,337),(56,337),(57,337),(58,337),(59,337),(60,337),(61,337),(29,340),(30,340),(31,340),(32,340),(33,340),(34,340),(35,340),(36,340),(37,340),(38,340),(39,340),(40,340),(41,340),(42,340),(43,340),(44,340),(45,340),(46,340),(47,340),(48,340),(49,340),(50,340),(51,340),(52,340),(53,340),(54,340),(55,340),(56,340),(57,340),(58,340),(59,340),(60,340),(61,340),(29,343),(30,343),(31,343),(32,343),(33,343),(34,343),(35,343),(36,343),(37,343),(38,343),(39,343),(40,343),(41,343),(42,343),(43,343),(44,343),(45,343),(46,343),(47,343),(48,343),(49,343),(50,343),(51,343),(52,343),(53,343),(54,343),(55,343),(56,343),(57,343),(58,343),(59,343),(60,343),(61,343),(29,346),(30,346),(31,346),(32,346),(33,346),(34,346),(35,346),(36,346),(37,346),(38,346),(39,346),(40,346),(41,346),(42,346),(43,346),(44,346),(45,346),(46,346),(47,346),(48,346),(49,346),(50,346),(51,346),(52,346),(53,346),(54,346),(55,346),(56,346),(57,346),(58,346),(59,346),(60,346),(61,346),(29,350),(30,350),(31,350),(32,350),(33,350),(34,350),(35,350),(36,350),(37,350),(38,350),(39,350),(40,350),(41,350),(42,350),(43,350),(44,350),(45,350),(46,350),(47,350),(48,350),(49,350),(50,350),(51,350),(52,350),(53,350),(54,350),(55,350),(56,350),(57,350),(58,350),(59,350),(60,350),(61,350),(29,353),(30,353),(31,353),(32,353),(33,353),(34,353),(35,353),(36,353),(37,353),(38,353),(39,353),(40,353),(41,353),(42,353),(43,353),(44,353),(45,353),(46,353),(47,353),(48,353),(49,353),(50,353),(51,353),(52,353),(53,353),(54,353),(55,353),(56,353),(57,353),(58,353),(59,353),(60,353),(61,353),(29,359),(30,359),(31,359),(32,359),(33,359),(34,359),(35,359),(36,359),(37,359),(38,359),(39,359),(40,359),(41,359),(42,359),(43,359),(44,359),(45,359),(46,359),(47,359),(48,359),(49,359),(50,359),(51,359),(52,359),(53,359),(54,359),(55,359),(56,359),(57,359),(58,359),(59,359),(60,359),(61,359),(29,362),(30,362),(31,362),(32,362),(33,362),(34,362),(35,362),(36,362),(37,362),(38,362),(39,362),(40,362),(41,362),(42,362),(43,362),(44,362),(45,362),(46,362),(47,362),(48,362),(49,362),(50,362),(51,362),(52,362),(53,362),(54,362),(55,362),(56,362),(57,362),(58,362),(59,362),(60,362),(61,362),(29,365),(30,365),(31,365),(32,365),(33,365),(34,365),(35,365),(36,365),(37,365),(38,365),(39,365),(40,365),(41,365),(42,365),(43,365),(44,365),(45,365),(46,365),(47,365),(48,365),(49,365),(50,365),(51,365),(52,365),(53,365),(54,365),(55,365),(56,365),(57,365),(58,365),(59,365),(60,365),(61,365),(29,368),(30,368),(31,368),(32,368),(33,368),(34,368),(35,368),(36,368),(37,368),(38,368),(39,368),(40,368),(41,368),(42,368),(43,368),(44,368),(45,368),(46,368),(47,368),(48,368),(49,368),(50,368),(51,368),(52,368),(53,368),(54,368),(55,368),(56,368),(57,368),(58,368),(59,368),(60,368),(61,368),(29,371),(30,371),(31,371),(32,371),(33,371),(34,371),(35,371),(36,371),(37,371),(38,371),(39,371),(40,371),(41,371),(42,371),(43,371),(44,371),(45,371),(46,371),(47,371),(48,371),(49,371),(50,371),(51,371),(52,371),(53,371),(54,371),(55,371),(56,371),(57,371),(58,371),(59,371),(60,371),(61,371),(29,374),(30,374),(31,374),(32,374),(33,374),(34,374),(35,374),(36,374),(37,374),(38,374),(39,374),(40,374),(41,374),(42,374),(43,374),(44,374),(45,374),(46,374),(47,374),(48,374),(49,374),(50,374),(51,374),(52,374),(53,374),(54,374),(55,374),(56,374),(57,374),(58,374),(59,374),(60,374),(61,374),(62,11),(63,11),(64,11),(65,11),(66,11),(67,11),(68,11),(69,11),(70,11),(71,11),(72,11),(73,11),(74,11),(75,11),(76,11),(77,11),(78,11),(79,11),(80,11),(81,11),(82,11),(83,11),(84,11),(62,15),(63,15),(64,15),(65,15),(66,15),(67,15),(68,15),(69,15),(70,15),(71,15),(72,15),(73,15),(74,15),(75,15),(76,15),(77,15),(78,15),(79,15),(80,15),(81,15),(82,15),(83,15),(84,15),(62,17),(63,17),(64,17),(65,17),(66,17),(67,17),(68,17),(69,17),(70,17),(71,17),(72,17),(73,17),(74,17),(75,17),(76,17),(77,17),(78,17),(79,17),(80,17),(81,17),(82,17),(83,17),(84,17),(62,19),(63,19),(64,19),(65,19),(66,19),(67,19),(68,19),(69,19),(70,19),(71,19),(72,19),(73,19),(74,19),(75,19),(76,19),(77,19),(78,19),(79,19),(80,19),(81,19),(82,19),(83,19),(84,19),(62,21),(63,21),(64,21),(65,21),(66,21),(67,21),(68,21),(69,21),(70,21),(71,21),(72,21),(73,21),(74,21),(75,21),(76,21),(77,21),(78,21),(79,21),(80,21),(81,21),(82,21),(83,21),(84,21),(62,23),(63,23),(64,23),(65,23),(66,23),(67,23),(68,23),(69,23),(70,23),(71,23),(72,23),(73,23),(74,23),(75,23),(76,23),(77,23),(78,23),(79,23),(80,23),(81,23),(82,23),(83,23),(84,23),(62,25),(63,25),(64,25),(65,25),(66,25),(67,25),(68,25),(69,25),(70,25),(71,25),(72,25),(73,25),(74,25),(75,25),(76,25),(77,25),(78,25),(79,25),(80,25),(81,25),(82,25),(83,25),(84,25),(62,27),(63,27),(64,27),(65,27),(66,27),(67,27),(68,27),(69,27),(70,27),(71,27),(72,27),(73,27),(74,27),(75,27),(76,27),(77,27),(78,27),(79,27),(80,27),(81,27),(82,27),(83,27),(84,27),(62,29),(63,29),(64,29),(65,29),(66,29),(67,29),(68,29),(69,29),(70,29),(71,29),(72,29),(73,29),(74,29),(75,29),(76,29),(77,29),(78,29),(79,29),(80,29),(81,29),(82,29),(83,29),(84,29),(62,31),(63,31),(64,31),(65,31),(66,31),(67,31),(68,31),(69,31),(70,31),(71,31),(72,31),(73,31),(74,31),(75,31),(76,31),(77,31),(78,31),(79,31),(80,31),(81,31),(82,31),(83,31),(84,31),(62,33),(63,33),(64,33),(65,33),(66,33),(67,33),(68,33),(69,33),(70,33),(71,33),(72,33),(73,33),(74,33),(75,33),(76,33),(77,33),(78,33),(79,33),(80,33),(81,33),(82,33),(83,33),(84,33),(62,35),(63,35),(64,35),(65,35),(66,35),(67,35),(68,35),(69,35),(70,35),(71,35),(72,35),(73,35),(74,35),(75,35),(76,35),(77,35),(78,35),(79,35),(80,35),(81,35),(82,35),(83,35),(84,35),(62,37),(63,37),(64,37),(65,37),(66,37),(67,37),(68,37),(69,37),(70,37),(71,37),(72,37),(73,37),(74,37),(75,37),(76,37),(77,37),(78,37),(79,37),(80,37),(81,37),(82,37),(83,37),(84,37),(62,39),(63,39),(64,39),(65,39),(66,39),(67,39),(68,39),(69,39),(70,39),(71,39),(72,39),(73,39),(74,39),(75,39),(76,39),(77,39),(78,39),(79,39),(80,39),(81,39),(82,39),(83,39),(84,39),(62,41),(63,41),(64,41),(65,41),(66,41),(67,41),(68,41),(69,41),(70,41),(71,41),(72,41),(73,41),(74,41),(75,41),(76,41),(77,41),(78,41),(79,41),(80,41),(81,41),(82,41),(83,41),(84,41),(62,43),(63,43),(64,43),(65,43),(66,43),(67,43),(68,43),(69,43),(70,43),(71,43),(72,43),(73,43),(74,43),(75,43),(76,43),(77,43),(78,43),(79,43),(80,43),(81,43),(82,43),(83,43),(84,43),(62,45),(63,45),(64,45),(65,45),(66,45),(67,45),(68,45),(69,45),(70,45),(71,45),(72,45),(73,45),(74,45),(75,45),(76,45),(77,45),(78,45),(79,45),(80,45),(81,45),(82,45),(83,45),(84,45),(62,47),(63,47),(64,47),(65,47),(66,47),(67,47),(68,47),(69,47),(70,47),(71,47),(72,47),(73,47),(74,47),(75,47),(76,47),(77,47),(78,47),(79,47),(80,47),(81,47),(82,47),(83,47),(84,47),(62,49),(63,49),(64,49),(65,49),(66,49),(67,49),(68,49),(69,49),(70,49),(71,49),(72,49),(73,49),(74,49),(75,49),(76,49),(77,49),(78,49),(79,49),(80,49),(81,49),(82,49),(83,49),(84,49),(62,51),(63,51),(64,51),(65,51),(66,51),(67,51),(68,51),(69,51),(70,51),(71,51),(72,51),(73,51),(74,51),(75,51),(76,51),(77,51),(78,51),(79,51),(80,51),(81,51),(82,51),(83,51),(84,51),(62,53),(63,53),(64,53),(65,53),(66,53),(67,53),(68,53),(69,53),(70,53),(71,53),(72,53),(73,53),(74,53),(75,53),(76,53),(77,53),(78,53),(79,53),(80,53),(81,53),(82,53),(83,53),(84,53),(62,57),(63,57),(64,57),(65,57),(66,57),(67,57),(68,57),(69,57),(70,57),(71,57),(72,57),(73,57),(74,57),(75,57),(76,57),(77,57),(78,57),(79,57),(80,57),(81,57),(82,57),(83,57),(84,57),(62,59),(63,59),(64,59),(65,59),(66,59),(67,59),(68,59),(69,59),(70,59),(71,59),(72,59),(73,59),(74,59),(75,59),(76,59),(77,59),(78,59),(79,59),(80,59),(81,59),(82,59),(83,59),(84,59),(62,61),(63,61),(64,61),(65,61),(66,61),(67,61),(68,61),(69,61),(70,61),(71,61),(72,61),(73,61),(74,61),(75,61),(76,61),(77,61),(78,61),(79,61),(80,61),(81,61),(82,61),(83,61),(84,61),(62,63),(63,63),(64,63),(65,63),(66,63),(67,63),(68,63),(69,63),(70,63),(71,63),(72,63),(73,63),(74,63),(75,63),(76,63),(77,63),(78,63),(79,63),(80,63),(81,63),(82,63),(83,63),(84,63),(62,67),(63,67),(64,67),(65,67),(66,67),(67,67),(68,67),(69,67),(70,67),(71,67),(72,67),(73,67),(74,67),(75,67),(76,67),(77,67),(78,67),(79,67),(80,67),(81,67),(82,67),(83,67),(84,67),(62,69),(63,69),(64,69),(65,69),(66,69),(67,69),(68,69),(69,69),(70,69),(71,69),(72,69),(73,69),(74,69),(75,69),(76,69),(77,69),(78,69),(79,69),(80,69),(81,69),(82,69),(83,69),(84,69),(62,71),(63,71),(64,71),(65,71),(66,71),(67,71),(68,71),(69,71),(70,71),(71,71),(72,71),(73,71),(74,71),(75,71),(76,71),(77,71),(78,71),(79,71),(80,71),(81,71),(82,71),(83,71),(84,71),(62,73),(63,73),(64,73),(65,73),(66,73),(67,73),(68,73),(69,73),(70,73),(71,73),(72,73),(73,73),(74,73),(75,73),(76,73),(77,73),(78,73),(79,73),(80,73),(81,73),(82,73),(83,73),(84,73),(62,75),(63,75),(64,75),(65,75),(66,75),(67,75),(68,75),(69,75),(70,75),(71,75),(72,75),(73,75),(74,75),(75,75),(76,75),(77,75),(78,75),(79,75),(80,75),(81,75),(82,75),(83,75),(84,75),(62,77),(63,77),(64,77),(65,77),(66,77),(67,77),(68,77),(69,77),(70,77),(71,77),(72,77),(73,77),(74,77),(75,77),(76,77),(77,77),(78,77),(79,77),(80,77),(81,77),(82,77),(83,77),(84,77),(62,79),(63,79),(64,79),(65,79),(66,79),(67,79),(68,79),(69,79),(70,79),(71,79),(72,79),(73,79),(74,79),(75,79),(76,79),(77,79),(78,79),(79,79),(80,79),(81,79),(82,79),(83,79),(84,79),(62,81),(63,81),(64,81),(65,81),(66,81),(67,81),(68,81),(69,81),(70,81),(71,81),(72,81),(73,81),(74,81),(75,81),(76,81),(77,81),(78,81),(79,81),(80,81),(81,81),(82,81),(83,81),(84,81),(62,83),(63,83),(64,83),(65,83),(66,83),(67,83),(68,83),(69,83),(70,83),(71,83),(72,83),(73,83),(74,83),(75,83),(76,83),(77,83),(78,83),(79,83),(80,83),(81,83),(82,83),(83,83),(84,83),(62,85),(63,85),(64,85),(65,85),(66,85),(67,85),(68,85),(69,85),(70,85),(71,85),(72,85),(73,85),(74,85),(75,85),(76,85),(77,85),(78,85),(79,85),(80,85),(81,85),(82,85),(83,85),(84,85),(62,87),(63,87),(64,87),(65,87),(66,87),(67,87),(68,87),(69,87),(70,87),(71,87),(72,87),(73,87),(74,87),(75,87),(76,87),(77,87),(78,87),(79,87),(80,87),(81,87),(82,87),(83,87),(84,87),(62,89),(63,89),(64,89),(65,89),(66,89),(67,89),(68,89),(69,89),(70,89),(71,89),(72,89),(73,89),(74,89),(75,89),(76,89),(77,89),(78,89),(79,89),(80,89),(81,89),(82,89),(83,89),(84,89),(62,91),(63,91),(64,91),(65,91),(66,91),(67,91),(68,91),(69,91),(70,91),(71,91),(72,91),(73,91),(74,91),(75,91),(76,91),(77,91),(78,91),(79,91),(80,91),(81,91),(82,91),(83,91),(84,91),(62,93),(63,93),(64,93),(65,93),(66,93),(67,93),(68,93),(69,93),(70,93),(71,93),(72,93),(73,93),(74,93),(75,93),(76,93),(77,93),(78,93),(79,93),(80,93),(81,93),(82,93),(83,93),(84,93),(62,95),(63,95),(64,95),(65,95),(66,95),(67,95),(68,95),(69,95),(70,95),(71,95),(72,95),(73,95),(74,95),(75,95),(76,95),(77,95),(78,95),(79,95),(80,95),(81,95),(82,95),(83,95),(84,95),(62,97),(63,97),(64,97),(65,97),(66,97),(67,97),(68,97),(69,97),(70,97),(71,97),(72,97),(73,97),(74,97),(75,97),(76,97),(77,97),(78,97),(79,97),(80,97),(81,97),(82,97),(83,97),(84,97),(62,99),(63,99),(64,99),(65,99),(66,99),(67,99),(68,99),(69,99),(70,99),(71,99),(72,99),(73,99),(74,99),(75,99),(76,99),(77,99),(78,99),(79,99),(80,99),(81,99),(82,99),(83,99),(84,99),(62,101),(63,101),(64,101),(65,101),(66,101),(67,101),(68,101),(69,101),(70,101),(71,101),(72,101),(73,101),(74,101),(75,101),(76,101),(77,101),(78,101),(79,101),(80,101),(81,101),(82,101),(83,101),(84,101),(62,103),(63,103),(64,103),(65,103),(66,103),(67,103),(68,103),(69,103),(70,103),(71,103),(72,103),(73,103),(74,103),(75,103),(76,103),(77,103),(78,103),(79,103),(80,103),(81,103),(82,103),(83,103),(84,103),(62,105),(63,105),(64,105),(65,105),(66,105),(67,105),(68,105),(69,105),(70,105),(71,105),(72,105),(73,105),(74,105),(75,105),(76,105),(77,105),(78,105),(79,105),(80,105),(81,105),(82,105),(83,105),(84,105),(62,132),(63,132),(64,132),(65,132),(66,132),(67,132),(68,132),(69,132),(70,132),(71,132),(72,132),(73,132),(74,132),(75,132),(76,132),(77,132),(78,132),(79,132),(80,132),(81,132),(82,132),(83,132),(84,132),(62,134),(63,134),(64,134),(65,134),(66,134),(67,134),(68,134),(69,134),(70,134),(71,134),(72,134),(73,134),(74,134),(75,134),(76,134),(77,134),(78,134),(79,134),(80,134),(81,134),(82,134),(83,134),(84,134),(62,136),(63,136),(64,136),(65,136),(66,136),(67,136),(68,136),(69,136),(70,136),(71,136),(72,136),(73,136),(74,136),(75,136),(76,136),(77,136),(78,136),(79,136),(80,136),(81,136),(82,136),(83,136),(84,136),(62,151),(63,151),(64,151),(65,151),(66,151),(67,151),(68,151),(69,151),(70,151),(71,151),(72,151),(73,151),(74,151),(75,151),(76,151),(77,151),(78,151),(79,151),(80,151),(81,151),(82,151),(83,151),(84,151),(62,153),(63,153),(64,153),(65,153),(66,153),(67,153),(68,153),(69,153),(70,153),(71,153),(72,153),(73,153),(74,153),(75,153),(76,153),(77,153),(78,153),(79,153),(80,153),(81,153),(82,153),(83,153),(84,153),(62,155),(63,155),(64,155),(65,155),(66,155),(67,155),(68,155),(69,155),(70,155),(71,155),(72,155),(73,155),(74,155),(75,155),(76,155),(77,155),(78,155),(79,155),(80,155),(81,155),(82,155),(83,155),(84,155),(62,157),(63,157),(64,157),(65,157),(66,157),(67,157),(68,157),(69,157),(70,157),(71,157),(72,157),(73,157),(74,157),(75,157),(76,157),(77,157),(78,157),(79,157),(80,157),(81,157),(82,157),(83,157),(84,157),(62,161),(63,161),(64,161),(65,161),(66,161),(67,161),(68,161),(69,161),(70,161),(71,161),(72,161),(73,161),(74,161),(75,161),(76,161),(77,161),(78,161),(79,161),(80,161),(81,161),(82,161),(83,161),(84,161),(62,163),(63,163),(64,163),(65,163),(66,163),(67,163),(68,163),(69,163),(70,163),(71,163),(72,163),(73,163),(74,163),(75,163),(76,163),(77,163),(78,163),(79,163),(80,163),(81,163),(82,163),(83,163),(84,163),(62,166),(63,166),(64,166),(65,166),(66,166),(67,166),(68,166),(69,166),(70,166),(71,166),(72,166),(73,166),(74,166),(75,166),(76,166),(77,166),(78,166),(79,166),(80,166),(81,166),(82,166),(83,166),(84,166),(62,168),(63,168),(64,168),(65,168),(66,168),(67,168),(68,168),(69,168),(70,168),(71,168),(72,168),(73,168),(74,168),(75,168),(76,168),(77,168),(78,168),(79,168),(80,168),(81,168),(82,168),(83,168),(84,168),(62,170),(63,170),(64,170),(65,170),(66,170),(67,170),(68,170),(69,170),(70,170),(71,170),(72,170),(73,170),(74,170),(75,170),(76,170),(77,170),(78,170),(79,170),(80,170),(81,170),(82,170),(83,170),(84,170),(62,172),(63,172),(64,172),(65,172),(66,172),(67,172),(68,172),(69,172),(70,172),(71,172),(72,172),(73,172),(74,172),(75,172),(76,172),(77,172),(78,172),(79,172),(80,172),(81,172),(82,172),(83,172),(84,172),(62,179),(63,179),(64,179),(65,179),(66,179),(67,179),(68,179),(69,179),(70,179),(71,179),(72,179),(73,179),(74,179),(75,179),(76,179),(77,179),(78,179),(79,179),(80,179),(81,179),(82,179),(83,179),(84,179),(62,181),(63,181),(64,181),(65,181),(66,181),(67,181),(68,181),(69,181),(70,181),(71,181),(72,181),(73,181),(74,181),(75,181),(76,181),(77,181),(78,181),(79,181),(80,181),(81,181),(82,181),(83,181),(84,181),(62,183),(63,183),(64,183),(65,183),(66,183),(67,183),(68,183),(69,183),(70,183),(71,183),(72,183),(73,183),(74,183),(75,183),(76,183),(77,183),(78,183),(79,183),(80,183),(81,183),(82,183),(83,183),(84,183),(62,185),(63,185),(64,185),(65,185),(66,185),(67,185),(68,185),(69,185),(70,185),(71,185),(72,185),(73,185),(74,185),(75,185),(76,185),(77,185),(78,185),(79,185),(80,185),(81,185),(82,185),(83,185),(84,185),(62,187),(63,187),(64,187),(65,187),(66,187),(67,187),(68,187),(69,187),(70,187),(71,187),(72,187),(73,187),(74,187),(75,187),(76,187),(77,187),(78,187),(79,187),(80,187),(81,187),(82,187),(83,187),(84,187),(62,190),(63,190),(64,190),(65,190),(66,190),(67,190),(68,190),(69,190),(70,190),(71,190),(72,190),(73,190),(74,190),(75,190),(76,190),(77,190),(78,190),(79,190),(80,190),(81,190),(82,190),(83,190),(84,190),(62,192),(63,192),(64,192),(65,192),(66,192),(67,192),(68,192),(69,192),(70,192),(71,192),(72,192),(73,192),(74,192),(75,192),(76,192),(77,192),(78,192),(79,192),(80,192),(81,192),(82,192),(83,192),(84,192),(62,194),(63,194),(64,194),(65,194),(66,194),(67,194),(68,194),(69,194),(70,194),(71,194),(72,194),(73,194),(74,194),(75,194),(76,194),(77,194),(78,194),(79,194),(80,194),(81,194),(82,194),(83,194),(84,194),(62,196),(63,196),(64,196),(65,196),(66,196),(67,196),(68,196),(69,196),(70,196),(71,196),(72,196),(73,196),(74,196),(75,196),(76,196),(77,196),(78,196),(79,196),(80,196),(81,196),(82,196),(83,196),(84,196),(62,200),(63,200),(64,200),(65,200),(66,200),(67,200),(68,200),(69,200),(70,200),(71,200),(72,200),(73,200),(74,200),(75,200),(76,200),(77,200),(78,200),(79,200),(80,200),(81,200),(82,200),(83,200),(84,200),(62,202),(63,202),(64,202),(65,202),(66,202),(67,202),(68,202),(69,202),(70,202),(71,202),(72,202),(73,202),(74,202),(75,202),(76,202),(77,202),(78,202),(79,202),(80,202),(81,202),(82,202),(83,202),(84,202),(62,204),(63,204),(64,204),(65,204),(66,204),(67,204),(68,204),(69,204),(70,204),(71,204),(72,204),(73,204),(74,204),(75,204),(76,204),(77,204),(78,204),(79,204),(80,204),(81,204),(82,204),(83,204),(84,204),(62,206),(63,206),(64,206),(65,206),(66,206),(67,206),(68,206),(69,206),(70,206),(71,206),(72,206),(73,206),(74,206),(75,206),(76,206),(77,206),(78,206),(79,206),(80,206),(81,206),(82,206),(83,206),(84,206),(62,208),(63,208),(64,208),(65,208),(66,208),(67,208),(68,208),(69,208),(70,208),(71,208),(72,208),(73,208),(74,208),(75,208),(76,208),(77,208),(78,208),(79,208),(80,208),(81,208),(82,208),(83,208),(84,208),(62,210),(63,210),(64,210),(65,210),(66,210),(67,210),(68,210),(69,210),(70,210),(71,210),(72,210),(73,210),(74,210),(75,210),(76,210),(77,210),(78,210),(79,210),(80,210),(81,210),(82,210),(83,210),(84,210),(62,212),(63,212),(64,212),(65,212),(66,212),(67,212),(68,212),(69,212),(70,212),(71,212),(72,212),(73,212),(74,212),(75,212),(76,212),(77,212),(78,212),(79,212),(80,212),(81,212),(82,212),(83,212),(84,212),(62,214),(63,214),(64,214),(65,214),(66,214),(67,214),(68,214),(69,214),(70,214),(71,214),(72,214),(73,214),(74,214),(75,214),(76,214),(77,214),(78,214),(79,214),(80,214),(81,214),(82,214),(83,214),(84,214),(62,216),(63,216),(64,216),(65,216),(66,216),(67,216),(68,216),(69,216),(70,216),(71,216),(72,216),(73,216),(74,216),(75,216),(76,216),(77,216),(78,216),(79,216),(80,216),(81,216),(82,216),(83,216),(84,216),(62,218),(63,218),(64,218),(65,218),(66,218),(67,218),(68,218),(69,218),(70,218),(71,218),(72,218),(73,218),(74,218),(75,218),(76,218),(77,218),(78,218),(79,218),(80,218),(81,218),(82,218),(83,218),(84,218),(62,220),(63,220),(64,220),(65,220),(66,220),(67,220),(68,220),(69,220),(70,220),(71,220),(72,220),(73,220),(74,220),(75,220),(76,220),(77,220),(78,220),(79,220),(80,220),(81,220),(82,220),(83,220),(84,220),(62,222),(63,222),(64,222),(65,222),(66,222),(67,222),(68,222),(69,222),(70,222),(71,222),(72,222),(73,222),(74,222),(75,222),(76,222),(77,222),(78,222),(79,222),(80,222),(81,222),(82,222),(83,222),(84,222),(62,224),(63,224),(64,224),(65,224),(66,224),(67,224),(68,224),(69,224),(70,224),(71,224),(72,224),(73,224),(74,224),(75,224),(76,224),(77,224),(78,224),(79,224),(80,224),(81,224),(82,224),(83,224),(84,224),(62,226),(63,226),(64,226),(65,226),(66,226),(67,226),(68,226),(69,226),(70,226),(71,226),(72,226),(73,226),(74,226),(75,226),(76,226),(77,226),(78,226),(79,226),(80,226),(81,226),(82,226),(83,226),(84,226),(62,228),(63,228),(64,228),(65,228),(66,228),(67,228),(68,228),(69,228),(70,228),(71,228),(72,228),(73,228),(74,228),(75,228),(76,228),(77,228),(78,228),(79,228),(80,228),(81,228),(82,228),(83,228),(84,228),(62,230),(63,230),(64,230),(65,230),(66,230),(67,230),(68,230),(69,230),(70,230),(71,230),(72,230),(73,230),(74,230),(75,230),(76,230),(77,230),(78,230),(79,230),(80,230),(81,230),(82,230),(83,230),(84,230),(62,232),(63,232),(64,232),(65,232),(66,232),(67,232),(68,232),(69,232),(70,232),(71,232),(72,232),(73,232),(74,232),(75,232),(76,232),(77,232),(78,232),(79,232),(80,232),(81,232),(82,232),(83,232),(84,232),(62,234),(63,234),(64,234),(65,234),(66,234),(67,234),(68,234),(69,234),(70,234),(71,234),(72,234),(73,234),(74,234),(75,234),(76,234),(77,234),(78,234),(79,234),(80,234),(81,234),(82,234),(83,234),(84,234),(62,236),(63,236),(64,236),(65,236),(66,236),(67,236),(68,236),(69,236),(70,236),(71,236),(72,236),(73,236),(74,236),(75,236),(76,236),(77,236),(78,236),(79,236),(80,236),(81,236),(82,236),(83,236),(84,236),(62,238),(63,238),(64,238),(65,238),(66,238),(67,238),(68,238),(69,238),(70,238),(71,238),(72,238),(73,238),(74,238),(75,238),(76,238),(77,238),(78,238),(79,238),(80,238),(81,238),(82,238),(83,238),(84,238),(62,240),(63,240),(64,240),(65,240),(66,240),(67,240),(68,240),(69,240),(70,240),(71,240),(72,240),(73,240),(74,240),(75,240),(76,240),(77,240),(78,240),(79,240),(80,240),(81,240),(82,240),(83,240),(84,240),(62,242),(63,242),(64,242),(65,242),(66,242),(67,242),(68,242),(69,242),(70,242),(71,242),(72,242),(73,242),(74,242),(75,242),(76,242),(77,242),(78,242),(79,242),(80,242),(81,242),(82,242),(83,242),(84,242),(62,244),(63,244),(64,244),(65,244),(66,244),(67,244),(68,244),(69,244),(70,244),(71,244),(72,244),(73,244),(74,244),(75,244),(76,244),(77,244),(78,244),(79,244),(80,244),(81,244),(82,244),(83,244),(84,244),(62,246),(63,246),(64,246),(65,246),(66,246),(67,246),(68,246),(69,246),(70,246),(71,246),(72,246),(73,246),(74,246),(75,246),(76,246),(77,246),(78,246),(79,246),(80,246),(81,246),(82,246),(83,246),(84,246),(62,248),(63,248),(64,248),(65,248),(66,248),(67,248),(68,248),(69,248),(70,248),(71,248),(72,248),(73,248),(74,248),(75,248),(76,248),(77,248),(78,248),(79,248),(80,248),(81,248),(82,248),(83,248),(84,248),(62,250),(63,250),(64,250),(65,250),(66,250),(67,250),(68,250),(69,250),(70,250),(71,250),(72,250),(73,250),(74,250),(75,250),(76,250),(77,250),(78,250),(79,250),(80,250),(81,250),(82,250),(83,250),(84,250),(62,252),(63,252),(64,252),(65,252),(66,252),(67,252),(68,252),(69,252),(70,252),(71,252),(72,252),(73,252),(74,252),(75,252),(76,252),(77,252),(78,252),(79,252),(80,252),(81,252),(82,252),(83,252),(84,252),(62,254),(63,254),(64,254),(65,254),(66,254),(67,254),(68,254),(69,254),(70,254),(71,254),(72,254),(73,254),(74,254),(75,254),(76,254),(77,254),(78,254),(79,254),(80,254),(81,254),(82,254),(83,254),(84,254),(62,256),(63,256),(64,256),(65,256),(66,256),(67,256),(68,256),(69,256),(70,256),(71,256),(72,256),(73,256),(74,256),(75,256),(76,256),(77,256),(78,256),(79,256),(80,256),(81,256),(82,256),(83,256),(84,256),(62,258),(63,258),(64,258),(65,258),(66,258),(67,258),(68,258),(69,258),(70,258),(71,258),(72,258),(73,258),(74,258),(75,258),(76,258),(77,258),(78,258),(79,258),(80,258),(81,258),(82,258),(83,258),(84,258),(62,260),(63,260),(64,260),(65,260),(66,260),(67,260),(68,260),(69,260),(70,260),(71,260),(72,260),(73,260),(74,260),(75,260),(76,260),(77,260),(78,260),(79,260),(80,260),(81,260),(82,260),(83,260),(84,260),(62,266),(63,266),(64,266),(65,266),(66,266),(67,266),(68,266),(69,266),(70,266),(71,266),(72,266),(73,266),(74,266),(75,266),(76,266),(77,266),(78,266),(79,266),(80,266),(81,266),(82,266),(83,266),(84,266),(62,269),(63,269),(64,269),(65,269),(66,269),(67,269),(68,269),(69,269),(70,269),(71,269),(72,269),(73,269),(74,269),(75,269),(76,269),(77,269),(78,269),(79,269),(80,269),(81,269),(82,269),(83,269),(84,269),(62,272),(63,272),(64,272),(65,272),(66,272),(67,272),(68,272),(69,272),(70,272),(71,272),(72,272),(73,272),(74,272),(75,272),(76,272),(77,272),(78,272),(79,272),(80,272),(81,272),(82,272),(83,272),(84,272),(85,2),(86,2),(87,2),(88,2),(89,2),(90,2),(91,2),(85,4),(86,4),(87,4),(88,4),(89,4),(90,4),(91,4),(85,6),(86,6),(87,6),(88,6),(89,6),(90,6),(91,6),(85,9),(86,9),(87,9),(88,9),(89,9),(90,9),(91,9),(85,11),(86,11),(87,11),(88,11),(89,11),(90,11),(91,11),(85,13),(86,13),(87,13),(88,13),(89,13),(90,13),(91,13),(85,15),(86,15),(87,15),(88,15),(89,15),(90,15),(91,15),(85,17),(86,17),(87,17),(88,17),(89,17),(90,17),(91,17),(85,19),(86,19),(87,19),(88,19),(89,19),(90,19),(91,19),(85,21),(86,21),(87,21),(88,21),(89,21),(90,21),(91,21),(85,23),(86,23),(87,23),(88,23),(89,23),(90,23),(91,23),(85,25),(86,25),(87,25),(88,25),(89,25),(90,25),(91,25),(85,27),(86,27),(87,27),(88,27),(89,27),(90,27),(91,27),(85,29),(86,29),(87,29),(88,29),(89,29),(90,29),(91,29),(85,31),(86,31),(87,31),(88,31),(89,31),(90,31),(91,31),(85,33),(86,33),(87,33),(88,33),(89,33),(90,33),(91,33),(85,35),(86,35),(87,35),(88,35),(89,35),(90,35),(91,35),(85,37),(86,37),(87,37),(88,37),(89,37),(90,37),(91,37),(85,39),(86,39),(87,39),(88,39),(89,39),(90,39),(91,39),(85,41),(86,41),(87,41),(88,41),(89,41),(90,41),(91,41),(85,43),(86,43),(87,43),(88,43),(89,43),(90,43),(91,43),(85,45),(86,45),(87,45),(88,45),(89,45),(90,45),(91,45),(85,47),(86,47),(87,47),(88,47),(89,47),(90,47),(91,47),(85,49),(86,49),(87,49),(88,49),(89,49),(90,49),(91,49),(85,51),(86,51),(87,51),(88,51),(89,51),(90,51),(91,51),(85,53),(86,53),(87,53),(88,53),(89,53),(90,53),(91,53),(85,55),(86,55),(87,55),(88,55),(89,55),(90,55),(91,55),(85,57),(86,57),(87,57),(88,57),(89,57),(90,57),(91,57),(85,59),(86,59),(87,59),(88,59),(89,59),(90,59),(91,59),(85,61),(86,61),(87,61),(88,61),(89,61),(90,61),(91,61),(85,63),(86,63),(87,63),(88,63),(89,63),(90,63),(91,63),(85,65),(86,65),(87,65),(88,65),(89,65),(90,65),(91,65),(85,67),(86,67),(87,67),(88,67),(89,67),(90,67),(91,67),(85,69),(86,69),(87,69),(88,69),(89,69),(90,69),(91,69),(85,71),(86,71),(87,71),(88,71),(89,71),(90,71),(91,71),(85,73),(86,73),(87,73),(88,73),(89,73),(90,73),(91,73),(85,75),(86,75),(87,75),(88,75),(89,75),(90,75),(91,75),(85,77),(86,77),(87,77),(88,77),(89,77),(90,77),(91,77),(85,79),(86,79),(87,79),(88,79),(89,79),(90,79),(91,79),(85,81),(86,81),(87,81),(88,81),(89,81),(90,81),(91,81),(85,83),(86,83),(87,83),(88,83),(89,83),(90,83),(91,83),(85,85),(86,85),(87,85),(88,85),(89,85),(90,85),(91,85),(85,87),(86,87),(87,87),(88,87),(89,87),(90,87),(91,87),(85,89),(86,89),(87,89),(88,89),(89,89),(90,89),(91,89),(85,91),(86,91),(87,91),(88,91),(89,91),(90,91),(91,91),(85,93),(86,93),(87,93),(88,93),(89,93),(90,93),(91,93),(85,95),(86,95),(87,95),(88,95),(89,95),(90,95),(91,95),(85,97),(86,97),(87,97),(88,97),(89,97),(90,97),(91,97),(85,99),(86,99),(87,99),(88,99),(89,99),(90,99),(91,99),(85,101),(86,101),(87,101),(88,101),(89,101),(90,101),(91,101),(85,103),(86,103),(87,103),(88,103),(89,103),(90,103),(91,103),(85,105),(86,105),(87,105),(88,105),(89,105),(90,105),(91,105),(85,132),(86,132),(87,132),(88,132),(89,132),(90,132),(91,132),(85,134),(86,134),(87,134),(88,134),(89,134),(90,134),(91,134),(85,136),(86,136),(87,136),(88,136),(89,136),(90,136),(91,136),(85,151),(86,151),(87,151),(88,151),(89,151),(90,151),(91,151),(85,153),(86,153),(87,153),(88,153),(89,153),(90,153),(91,153),(85,155),(86,155),(87,155),(88,155),(89,155),(90,155),(91,155),(85,157),(86,157),(87,157),(88,157),(89,157),(90,157),(91,157),(85,159),(86,159),(87,159),(88,159),(89,159),(90,159),(91,159),(85,161),(86,161),(87,161),(88,161),(89,161),(90,161),(91,161),(85,163),(86,163),(87,163),(88,163),(89,163),(90,163),(91,163),(85,166),(86,166),(87,166),(88,166),(89,166),(90,166),(91,166),(85,168),(86,168),(87,168),(88,168),(89,168),(90,168),(91,168),(85,170),(86,170),(87,170),(88,170),(89,170),(90,170),(91,170),(85,172),(86,172),(87,172),(88,172),(89,172),(90,172),(91,172),(85,174),(86,174),(87,174),(88,174),(89,174),(90,174),(91,174),(85,179),(86,179),(87,179),(88,179),(89,179),(90,179),(91,179),(85,181),(86,181),(87,181),(88,181),(89,181),(90,181),(91,181),(85,183),(86,183),(87,183),(88,183),(89,183),(90,183),(91,183),(85,185),(86,185),(87,185),(88,185),(89,185),(90,185),(91,185),(85,187),(86,187),(87,187),(88,187),(89,187),(90,187),(91,187),(85,190),(86,190),(87,190),(88,190),(89,190),(90,190),(91,190),(85,192),(86,192),(87,192),(88,192),(89,192),(90,192),(91,192),(85,194),(86,194),(87,194),(88,194),(89,194),(90,194),(91,194),(85,196),(86,196),(87,196),(88,196),(89,196),(90,196),(91,196),(85,198),(86,198),(87,198),(88,198),(89,198),(90,198),(91,198),(85,200),(86,200),(87,200),(88,200),(89,200),(90,200),(91,200),(85,202),(86,202),(87,202),(88,202),(89,202),(90,202),(91,202),(85,204),(86,204),(87,204),(88,204),(89,204),(90,204),(91,204),(85,206),(86,206),(87,206),(88,206),(89,206),(90,206),(91,206),(85,208),(86,208),(87,208),(88,208),(89,208),(90,208),(91,208),(85,210),(86,210),(87,210),(88,210),(89,210),(90,210),(91,210),(85,212),(86,212),(87,212),(88,212),(89,212),(90,212),(91,212),(85,214),(86,214),(87,214),(88,214),(89,214),(90,214),(91,214),(85,216),(86,216),(87,216),(88,216),(89,216),(90,216),(91,216),(85,218),(86,218),(87,218),(88,218),(89,218),(90,218),(91,218),(85,220),(86,220),(87,220),(88,220),(89,220),(90,220),(91,220),(85,222),(86,222),(87,222),(88,222),(89,222),(90,222),(91,222),(85,224),(86,224),(87,224),(88,224),(89,224),(90,224),(91,224),(85,226),(86,226),(87,226),(88,226),(89,226),(90,226),(91,226),(85,228),(86,228),(87,228),(88,228),(89,228),(90,228),(91,228),(85,230),(86,230),(87,230),(88,230),(89,230),(90,230),(91,230),(85,232),(86,232),(87,232),(88,232),(89,232),(90,232),(91,232),(85,234),(86,234),(87,234),(88,234),(89,234),(90,234),(91,234),(85,236),(86,236),(87,236),(88,236),(89,236),(90,236),(91,236),(85,238),(86,238),(87,238),(88,238),(89,238),(90,238),(91,238),(85,240),(86,240),(87,240),(88,240),(89,240),(90,240),(91,240),(85,242),(86,242),(87,242),(88,242),(89,242),(90,242),(91,242),(85,244),(86,244),(87,244),(88,244),(89,244),(90,244),(91,244),(85,246),(86,246),(87,246),(88,246),(89,246),(90,246),(91,246),(85,248),(86,248),(87,248),(88,248),(89,248),(90,248),(91,248),(85,250),(86,250),(87,250),(88,250),(89,250),(90,250),(91,250),(85,252),(86,252),(87,252),(88,252),(89,252),(90,252),(91,252),(85,254),(86,254),(87,254),(88,254),(89,254),(90,254),(91,254),(85,256),(86,256),(87,256),(88,256),(89,256),(90,256),(91,256),(85,258),(86,258),(87,258),(88,258),(89,258),(90,258),(91,258),(85,260),(86,260),(87,260),(88,260),(89,260),(90,260),(91,260),(85,266),(86,266),(87,266),(88,266),(89,266),(90,266),(91,266),(85,269),(86,269),(87,269),(88,269),(89,269),(90,269),(91,269),(85,272),(86,272),(87,272),(88,272),(89,272),(90,272),(91,272),(85,289),(86,289),(87,289),(88,289),(89,289),(90,289),(91,289),(85,291),(86,291),(87,291),(88,291),(89,291),(90,291),(91,291),(85,293),(86,293),(87,293),(88,293),(89,293),(90,293),(91,293),(85,295),(86,295),(87,295),(88,295),(89,295),(90,295),(91,295),(85,297),(86,297),(87,297),(88,297),(89,297),(90,297),(91,297),(85,299),(86,299),(87,299),(88,299),(89,299),(90,299),(91,299),(85,301),(86,301),(87,301),(88,301),(89,301),(90,301),(91,301),(85,303),(86,303),(87,303),(88,303),(89,303),(90,303),(91,303),(85,305),(86,305),(87,305),(88,305),(89,305),(90,305),(91,305),(85,307),(86,307),(87,307),(88,307),(89,307),(90,307),(91,307),(85,309),(86,309),(87,309),(88,309),(89,309),(90,309),(91,309),(85,311),(86,311),(87,311),(88,311),(89,311),(90,311),(91,311),(85,313),(86,313),(87,313),(88,313),(89,313),(90,313),(91,313),(85,315),(86,315),(87,315),(88,315),(89,315),(90,315),(91,315),(85,317),(86,317),(87,317),(88,317),(89,317),(90,317),(91,317),(85,319),(86,319),(87,319),(88,319),(89,319),(90,319),(91,319),(85,321),(86,321),(87,321),(88,321),(89,321),(90,321),(91,321),(85,323),(86,323),(87,323),(88,323),(89,323),(90,323),(91,323),(85,325),(86,325),(87,325),(88,325),(89,325),(90,325),(91,325),(85,327),(86,327),(87,327),(88,327),(89,327),(90,327),(91,327),(85,331),(86,331),(87,331),(88,331),(89,331),(90,331),(91,331),(85,334),(86,334),(87,334),(88,334),(89,334),(90,334),(91,334),(85,337),(86,337),(87,337),(88,337),(89,337),(90,337),(91,337),(85,340),(86,340),(87,340),(88,340),(89,340),(90,340),(91,340),(85,343),(86,343),(87,343),(88,343),(89,343),(90,343),(91,343),(85,346),(86,346),(87,346),(88,346),(89,346),(90,346),(91,346),(85,350),(86,350),(87,350),(88,350),(89,350),(90,350),(91,350),(85,353),(86,353),(87,353),(88,353),(89,353),(90,353),(91,353),(85,359),(86,359),(87,359),(88,359),(89,359),(90,359),(91,359),(85,362),(86,362),(87,362),(88,362),(89,362),(90,362),(91,362),(85,365),(86,365),(87,365),(88,365),(89,365),(90,365),(91,365),(85,368),(86,368),(87,368),(88,368),(89,368),(90,368),(91,368),(85,371),(86,371),(87,371),(88,371),(89,371),(90,371),(91,371),(85,374),(86,374),(87,374),(88,374),(89,374),(90,374),(91,374),(92,2),(93,2),(94,2),(96,2),(97,2),(92,4),(93,4),(94,4),(96,4),(97,4),(92,6),(93,6),(94,6),(96,6),(97,6),(92,9),(93,9),(94,9),(96,9),(97,9),(92,11),(93,11),(94,11),(95,11),(96,11),(97,11),(92,13),(93,13),(94,13),(96,13),(97,13),(92,15),(93,15),(94,15),(95,15),(96,15),(97,15),(92,17),(93,17),(94,17),(95,17),(96,17),(97,17),(92,19),(93,19),(94,19),(95,19),(96,19),(97,19),(92,21),(93,21),(94,21),(95,21),(96,21),(97,21),(92,23),(93,23),(94,23),(95,23),(96,23),(97,23),(92,25),(93,25),(94,25),(95,25),(96,25),(97,25),(92,27),(93,27),(94,27),(95,27),(96,27),(97,27),(92,29),(93,29),(94,29),(95,29),(96,29),(97,29),(92,31),(93,31),(94,31),(95,31),(96,31),(97,31),(92,33),(93,33),(94,33),(95,33),(96,33),(97,33),(92,35),(93,35),(94,35),(95,35),(96,35),(97,35),(92,37),(93,37),(94,37),(95,37),(96,37),(97,37),(92,39),(93,39),(94,39),(95,39),(96,39),(97,39),(92,41),(93,41),(94,41),(95,41),(96,41),(97,41),(92,43),(93,43),(94,43),(95,43),(96,43),(97,43),(92,45),(93,45),(94,45),(95,45),(96,45),(97,45),(92,47),(93,47),(94,47),(95,47),(96,47),(97,47),(92,49),(93,49),(94,49),(95,49),(96,49),(97,49),(92,51),(93,51),(94,51),(95,51),(96,51),(97,51),(92,53),(93,53),(94,53),(95,53),(96,53),(97,53),(92,55),(93,55),(94,55),(96,55),(97,55),(92,57),(93,57),(94,57),(95,57),(96,57),(97,57),(92,59),(93,59),(94,59),(95,59),(96,59),(97,59),(92,61),(93,61),(94,61),(95,61),(96,61),(97,61),(92,63),(93,63),(94,63),(95,63),(96,63),(97,63),(92,65),(93,65),(94,65),(96,65),(97,65),(92,67),(93,67),(94,67),(95,67),(96,67),(97,67),(92,69),(93,69),(94,69),(95,69),(96,69),(97,69),(92,71),(93,71),(94,71),(95,71),(96,71),(97,71),(92,73),(93,73),(94,73),(95,73),(96,73),(97,73),(92,75),(93,75),(94,75),(95,75),(96,75),(97,75),(92,77),(93,77),(94,77),(95,77),(96,77),(97,77),(92,79),(93,79),(94,79),(95,79),(96,79),(97,79),(92,81),(93,81),(94,81),(95,81),(96,81),(97,81),(92,83),(93,83),(94,83),(95,83),(96,83),(97,83),(92,85),(93,85),(94,85),(95,85),(96,85),(97,85),(92,87),(93,87),(94,87),(95,87),(96,87),(97,87),(92,89),(93,89),(94,89),(95,89),(96,89),(97,89),(92,91),(93,91),(94,91),(95,91),(96,91),(97,91),(92,93),(93,93),(94,93),(95,93),(96,93),(97,93),(92,95),(93,95),(94,95),(95,95),(96,95),(97,95),(92,97),(93,97),(94,97),(95,97),(96,97),(97,97),(92,99),(93,99),(94,99),(95,99),(96,99),(97,99),(92,101),(93,101),(94,101),(95,101),(96,101),(97,101),(92,103),(93,103),(94,103),(95,103),(96,103),(97,103),(92,105),(93,105),(94,105),(95,105),(96,105),(97,105),(92,132),(93,132),(94,132),(95,132),(96,132),(97,132),(92,134),(93,134),(94,134),(95,134),(96,134),(97,134),(92,136),(93,136),(94,136),(95,136),(96,136),(97,136),(92,151),(93,151),(94,151),(95,151),(96,151),(97,151),(92,153),(93,153),(94,153),(95,153),(96,153),(97,153),(92,155),(93,155),(94,155),(95,155),(96,155),(97,155),(92,157),(93,157),(94,157),(95,157),(96,157),(97,157),(92,159),(93,159),(94,159),(96,159),(97,159),(92,161),(93,161),(94,161),(95,161),(96,161),(97,161),(92,163),(93,163),(94,163),(95,163),(96,163),(97,163),(92,166),(93,166),(94,166),(95,166),(96,166),(97,166),(92,168),(93,168),(94,168),(95,168),(96,168),(97,168),(92,170),(93,170),(94,170),(95,170),(96,170),(97,170),(92,172),(93,172),(94,172),(95,172),(96,172),(97,172),(92,174),(93,174),(94,174),(96,174),(97,174),(92,179),(93,179),(94,179),(95,179),(96,179),(97,179),(92,181),(93,181),(94,181),(95,181),(96,181),(97,181),(92,183),(93,183),(94,183),(95,183),(96,183),(97,183),(92,185),(93,185),(94,185),(95,185),(96,185),(97,185),(92,187),(93,187),(94,187),(95,187),(96,187),(97,187),(92,190),(93,190),(94,190),(95,190),(96,190),(97,190),(92,192),(93,192),(94,192),(95,192),(96,192),(97,192),(92,194),(93,194),(94,194),(95,194),(96,194),(97,194),(92,196),(93,196),(94,196),(95,196),(96,196),(97,196),(92,198),(93,198),(94,198),(96,198),(97,198),(92,200),(93,200),(94,200),(95,200),(96,200),(97,200),(92,202),(93,202),(94,202),(95,202),(96,202),(97,202),(92,204),(93,204),(94,204),(95,204),(96,204),(97,204),(92,206),(93,206),(94,206),(95,206),(96,206),(97,206),(92,208),(93,208),(94,208),(95,208),(96,208),(97,208),(92,210),(93,210),(94,210),(95,210),(96,210),(97,210),(92,212),(93,212),(94,212),(95,212),(96,212),(97,212),(92,214),(93,214),(94,214),(95,214),(96,214),(97,214),(92,216),(93,216),(94,216),(95,216),(96,216),(97,216),(92,218),(93,218),(94,218),(95,218),(96,218),(97,218),(92,220),(93,220),(94,220),(95,220),(96,220),(97,220),(92,222),(93,222),(94,222),(95,222),(96,222),(97,222),(92,224),(93,224),(94,224),(95,224),(96,224),(97,224),(92,226),(93,226),(94,226),(95,226),(96,226),(97,226),(92,228),(93,228),(94,228),(95,228),(96,228),(97,228),(92,230),(93,230),(94,230),(95,230),(96,230),(97,230),(92,232),(93,232),(94,232),(95,232),(96,232),(97,232),(92,234),(93,234),(94,234),(95,234),(96,234),(97,234),(92,236),(93,236),(94,236),(95,236),(96,236),(97,236),(92,238),(93,238),(94,238),(95,238),(96,238),(97,238),(92,240),(93,240),(94,240),(95,240),(96,240),(97,240),(92,242),(93,242),(94,242),(95,242),(96,242),(97,242),(92,244),(93,244),(94,244),(95,244),(96,244),(97,244),(92,246),(93,246),(94,246),(95,246),(96,246),(97,246),(92,248),(93,248),(94,248),(95,248),(96,248),(97,248),(92,250),(93,250),(94,250),(95,250),(96,250),(97,250),(92,252),(93,252),(94,252),(95,252),(96,252),(97,252),(92,254),(93,254),(94,254),(95,254),(96,254),(97,254),(92,256),(93,256),(94,256),(95,256),(96,256),(97,256),(92,258),(93,258),(94,258),(95,258),(96,258),(97,258),(92,260),(93,260),(94,260),(95,260),(96,260),(97,260),(92,266),(93,266),(94,266),(95,266),(96,266),(97,266),(92,269),(93,269),(94,269),(95,269),(96,269),(97,269),(92,272),(93,272),(94,272),(95,272),(96,272),(97,272),(92,289),(93,289),(94,289),(96,289),(97,289),(92,291),(93,291),(94,291),(96,291),(97,291),(92,293),(93,293),(94,293),(96,293),(97,293),(92,295),(93,295),(94,295),(96,295),(97,295),(92,297),(93,297),(94,297),(96,297),(97,297),(92,299),(93,299),(94,299),(96,299),(97,299),(92,301),(93,301),(94,301),(96,301),(97,301),(92,303),(93,303),(94,303),(96,303),(97,303),(92,305),(93,305),(94,305),(96,305),(97,305),(92,307),(93,307),(94,307),(96,307),(97,307),(92,309),(93,309),(94,309),(96,309),(97,309),(92,311),(93,311),(94,311),(96,311),(97,311),(92,313),(93,313),(94,313),(96,313),(97,313),(92,315),(93,315),(94,315),(96,315),(97,315),(92,317),(93,317),(94,317),(96,317),(97,317),(92,319),(93,319),(94,319),(96,319),(97,319),(92,321),(93,321),(94,321),(96,321),(97,321),(92,323),(93,323),(94,323),(96,323),(97,323),(92,325),(93,325),(94,325),(96,325),(97,325),(92,327),(93,327),(94,327),(96,327),(97,327),(92,331),(93,331),(94,331),(96,331),(97,331),(92,334),(93,334),(94,334),(96,334),(97,334),(92,337),(93,337),(94,337),(96,337),(97,337),(92,340),(93,340),(94,340),(96,340),(97,340),(92,343),(93,343),(94,343),(96,343),(97,343),(92,346),(93,346),(94,346),(96,346),(97,346),(92,350),(93,350),(94,350),(96,350),(97,350),(92,353),(93,353),(94,353),(96,353),(97,353),(92,359),(93,359),(94,359),(96,359),(97,359),(92,362),(93,362),(94,362),(96,362),(97,362),(92,365),(93,365),(94,365),(96,365),(97,365),(92,368),(93,368),(94,368),(96,368),(97,368),(92,371),(93,371),(94,371),(96,371),(97,371),(92,374),(93,374),(94,374),(96,374),(97,374),(98,2),(99,2),(100,2),(101,2),(102,2),(103,2),(104,2),(98,4),(99,4),(100,4),(101,4),(102,4),(103,4),(104,4),(98,6),(99,6),(100,6),(101,6),(102,6),(103,6),(104,6),(98,9),(99,9),(100,9),(101,9),(102,9),(103,9),(104,9),(98,11),(99,11),(100,11),(101,11),(102,11),(103,11),(104,11),(98,13),(99,13),(100,13),(101,13),(102,13),(103,13),(104,13),(98,15),(99,15),(100,15),(101,15),(102,15),(103,15),(104,15),(98,17),(99,17),(100,17),(101,17),(102,17),(103,17),(104,17),(98,19),(99,19),(100,19),(101,19),(102,19),(103,19),(104,19),(98,21),(99,21),(100,21),(101,21),(102,21),(103,21),(104,21),(98,23),(99,23),(100,23),(101,23),(102,23),(103,23),(104,23),(98,25),(99,25),(100,25),(101,25),(102,25),(103,25),(104,25),(98,27),(99,27),(100,27),(101,27),(102,27),(103,27),(104,27),(98,29),(99,29),(100,29),(101,29),(102,29),(103,29),(104,29),(98,31),(99,31),(100,31),(101,31),(102,31),(103,31),(104,31),(98,33),(99,33),(100,33),(101,33),(102,33),(103,33),(104,33),(98,35),(99,35),(100,35),(101,35),(102,35),(103,35),(104,35),(98,37),(99,37),(100,37),(101,37),(102,37),(103,37),(104,37),(98,39),(99,39),(100,39),(101,39),(102,39),(103,39),(104,39),(98,41),(99,41),(100,41),(101,41),(102,41),(103,41),(104,41),(98,43),(99,43),(100,43),(101,43),(102,43),(103,43),(104,43),(98,45),(99,45),(100,45),(101,45),(102,45),(103,45),(104,45),(98,47),(99,47),(100,47),(101,47),(102,47),(103,47),(104,47),(98,49),(99,49),(100,49),(101,49),(102,49),(103,49),(104,49),(98,51),(99,51),(100,51),(101,51),(102,51),(103,51),(104,51),(98,53),(99,53),(100,53),(101,53),(102,53),(103,53),(104,53),(98,55),(99,55),(100,55),(101,55),(102,55),(103,55),(104,55),(98,57),(99,57),(100,57),(101,57),(102,57),(103,57),(104,57),(98,59),(99,59),(100,59),(101,59),(102,59),(103,59),(104,59),(98,61),(99,61),(100,61),(101,61),(102,61),(103,61),(104,61),(98,63),(99,63),(100,63),(101,63),(102,63),(103,63),(104,63),(98,65),(99,65),(100,65),(101,65),(102,65),(103,65),(104,65),(98,67),(99,67),(100,67),(101,67),(102,67),(103,67),(104,67),(98,69),(99,69),(100,69),(101,69),(102,69),(103,69),(104,69),(98,71),(99,71),(100,71),(101,71),(102,71),(103,71),(104,71),(98,73),(99,73),(100,73),(101,73),(102,73),(103,73),(104,73),(98,75),(99,75),(100,75),(101,75),(102,75),(103,75),(104,75),(98,77),(99,77),(100,77),(101,77),(102,77),(103,77),(104,77),(98,79),(99,79),(100,79),(101,79),(102,79),(103,79),(104,79),(98,81),(99,81),(100,81),(101,81),(102,81),(103,81),(104,81),(98,83),(99,83),(100,83),(101,83),(102,83),(103,83),(104,83),(98,85),(99,85),(100,85),(101,85),(102,85),(103,85),(104,85),(98,87),(99,87),(100,87),(101,87),(102,87),(103,87),(104,87),(98,89),(99,89),(100,89),(101,89),(102,89),(103,89),(104,89),(98,91),(99,91),(100,91),(101,91),(102,91),(103,91),(104,91),(98,93),(99,93),(100,93),(101,93),(102,93),(103,93),(104,93),(98,95),(99,95),(100,95),(101,95),(102,95),(103,95),(104,95),(98,97),(99,97),(100,97),(101,97),(102,97),(103,97),(104,97),(98,99),(99,99),(100,99),(101,99),(102,99),(103,99),(104,99),(98,101),(99,101),(100,101),(101,101),(102,101),(103,101),(104,101),(98,103),(99,103),(100,103),(101,103),(102,103),(103,103),(104,103),(98,105),(99,105),(100,105),(101,105),(102,105),(103,105),(104,105),(98,132),(99,132),(100,132),(101,132),(102,132),(103,132),(104,132),(98,134),(99,134),(100,134),(101,134),(102,134),(103,134),(104,134),(98,136),(99,136),(100,136),(101,136),(102,136),(103,136),(104,136),(98,151),(99,151),(100,151),(101,151),(102,151),(103,151),(104,151),(98,153),(99,153),(100,153),(101,153),(102,153),(103,153),(104,153),(98,155),(99,155),(100,155),(101,155),(102,155),(103,155),(104,155),(98,157),(99,157),(100,157),(101,157),(102,157),(103,157),(104,157),(98,159),(99,159),(100,159),(101,159),(102,159),(103,159),(104,159),(98,161),(99,161),(100,161),(101,161),(102,161),(103,161),(104,161),(98,163),(99,163),(100,163),(101,163),(102,163),(103,163),(104,163),(98,166),(99,166),(100,166),(101,166),(102,166),(103,166),(104,166),(98,168),(99,168),(100,168),(101,168),(102,168),(103,168),(104,168),(98,170),(99,170),(100,170),(101,170),(102,170),(103,170),(104,170),(98,172),(99,172),(100,172),(101,172),(102,172),(103,172),(104,172),(98,174),(99,174),(100,174),(101,174),(102,174),(103,174),(104,174),(98,179),(99,179),(100,179),(101,179),(102,179),(103,179),(104,179),(98,181),(99,181),(100,181),(101,181),(102,181),(103,181),(104,181),(98,183),(99,183),(100,183),(101,183),(102,183),(103,183),(104,183),(98,185),(99,185),(100,185),(101,185),(102,185),(103,185),(104,185),(98,187),(99,187),(100,187),(101,187),(102,187),(103,187),(104,187),(98,190),(99,190),(100,190),(101,190),(102,190),(103,190),(104,190),(98,192),(99,192),(100,192),(101,192),(102,192),(103,192),(104,192),(98,194),(99,194),(100,194),(101,194),(102,194),(103,194),(104,194),(98,196),(99,196),(100,196),(101,196),(102,196),(103,196),(104,196),(98,198),(99,198),(100,198),(101,198),(102,198),(103,198),(104,198),(98,200),(99,200),(100,200),(101,200),(102,200),(103,200),(104,200),(98,202),(99,202),(100,202),(101,202),(102,202),(103,202),(104,202),(98,204),(99,204),(100,204),(101,204),(102,204),(103,204),(104,204),(98,206),(99,206),(100,206),(101,206),(102,206),(103,206),(104,206),(98,208),(99,208),(100,208),(101,208),(102,208),(103,208),(104,208),(98,210),(99,210),(100,210),(101,210),(102,210),(103,210),(104,210),(98,212),(99,212),(100,212),(101,212),(102,212),(103,212),(104,212),(98,214),(99,214),(100,214),(101,214),(102,214),(103,214),(104,214),(98,216),(99,216),(100,216),(101,216),(102,216),(103,216),(104,216),(98,218),(99,218),(100,218),(101,218),(102,218),(103,218),(104,218),(98,220),(99,220),(100,220),(101,220),(102,220),(103,220),(104,220),(98,222),(99,222),(100,222),(101,222),(102,222),(103,222),(104,222),(98,224),(99,224),(100,224),(101,224),(102,224),(103,224),(104,224),(98,226),(99,226),(100,226),(101,226),(102,226),(103,226),(104,226),(98,228),(99,228),(100,228),(101,228),(102,228),(103,228),(104,228),(98,230),(99,230),(100,230),(101,230),(102,230),(103,230),(104,230),(98,232),(99,232),(100,232),(101,232),(102,232),(103,232),(104,232),(98,234),(99,234),(100,234),(101,234),(102,234),(103,234),(104,234),(98,236),(99,236),(100,236),(101,236),(102,236),(103,236),(104,236),(98,238),(99,238),(100,238),(101,238),(102,238),(103,238),(104,238),(98,240),(99,240),(100,240),(101,240),(102,240),(103,240),(104,240),(98,242),(99,242),(100,242),(101,242),(102,242),(103,242),(104,242),(98,244),(99,244),(100,244),(101,244),(102,244),(103,244),(104,244),(98,246),(99,246),(100,246),(101,246),(102,246),(103,246),(104,246),(98,248),(99,248),(100,248),(101,248),(102,248),(103,248),(104,248),(98,250),(99,250),(100,250),(101,250),(102,250),(103,250),(104,250),(98,252),(99,252),(100,252),(101,252),(102,252),(103,252),(104,252),(98,254),(99,254),(100,254),(101,254),(102,254),(103,254),(104,254),(98,256),(99,256),(100,256),(101,256),(102,256),(103,256),(104,256),(98,258),(99,258),(100,258),(101,258),(102,258),(103,258),(104,258),(98,260),(99,260),(100,260),(101,260),(102,260),(103,260),(104,260),(98,266),(99,266),(100,266),(101,266),(102,266),(103,266),(104,266),(98,269),(99,269),(100,269),(101,269),(102,269),(103,269),(104,269),(98,272),(99,272),(100,272),(101,272),(102,272),(103,272),(104,272),(98,289),(99,289),(100,289),(101,289),(102,289),(103,289),(104,289),(98,291),(99,291),(100,291),(101,291),(102,291),(103,291),(104,291),(98,293),(99,293),(100,293),(101,293),(102,293),(103,293),(104,293),(98,295),(99,295),(100,295),(101,295),(102,295),(103,295),(104,295),(98,297),(99,297),(100,297),(101,297),(102,297),(103,297),(104,297),(98,299),(99,299),(100,299),(101,299),(102,299),(103,299),(104,299),(98,301),(99,301),(100,301),(101,301),(102,301),(103,301),(104,301),(98,303),(99,303),(100,303),(101,303),(102,303),(103,303),(104,303),(98,305),(99,305),(100,305),(101,305),(102,305),(103,305),(104,305),(98,307),(99,307),(100,307),(101,307),(102,307),(103,307),(104,307),(98,309),(99,309),(100,309),(101,309),(102,309),(103,309),(104,309),(98,311),(99,311),(100,311),(101,311),(102,311),(103,311),(104,311),(98,313),(99,313),(100,313),(101,313),(102,313),(103,313),(104,313),(98,315),(99,315),(100,315),(101,315),(102,315),(103,315),(104,315),(98,317),(99,317),(100,317),(101,317),(102,317),(103,317),(104,317),(98,319),(99,319),(100,319),(101,319),(102,319),(103,319),(104,319),(98,321),(99,321),(100,321),(101,321),(102,321),(103,321),(104,321),(98,323),(99,323),(100,323),(101,323),(102,323),(103,323),(104,323),(98,325),(99,325),(100,325),(101,325),(102,325),(103,325),(104,325),(98,327),(99,327),(100,327),(101,327),(102,327),(103,327),(104,327),(98,331),(99,331),(100,331),(101,331),(102,331),(103,331),(104,331),(98,334),(99,334),(100,334),(101,334),(102,334),(103,334),(104,334),(98,337),(99,337),(100,337),(101,337),(102,337),(103,337),(104,337),(98,340),(99,340),(100,340),(101,340),(102,340),(103,340),(104,340),(98,343),(99,343),(100,343),(101,343),(102,343),(103,343),(104,343),(98,346),(99,346),(100,346),(101,346),(102,346),(103,346),(104,346),(98,350),(99,350),(100,350),(101,350),(102,350),(103,350),(104,350),(98,353),(99,353),(100,353),(101,353),(102,353),(103,353),(104,353),(98,359),(99,359),(100,359),(101,359),(102,359),(103,359),(104,359),(98,362),(99,362),(100,362),(101,362),(102,362),(103,362),(104,362),(98,365),(99,365),(100,365),(101,365),(102,365),(103,365),(104,365),(98,368),(99,368),(100,368),(101,368),(102,368),(103,368),(104,368),(98,371),(99,371),(100,371),(101,371),(102,371),(103,371),(104,371),(98,374),(99,374),(100,374),(101,374),(102,374),(103,374),(104,374),(2,7),(4,7),(7,7),(8,7),(9,7),(10,7),(13,7),(14,7),(15,7),(16,7),(21,7),(22,7),(24,7),(30,7),(31,7),(33,7),(38,7),(39,7),(41,7),(44,7),(47,7),(48,7),(49,7),(51,7),(53,7),(55,7),(56,7),(91,7),(99,7),(102,7),(103,7),(2,1),(4,1),(8,1),(10,1),(14,1),(16,1),(22,1),(31,1),(39,1),(44,1),(48,1),(51,1),(53,1),(55,1),(56,1),(91,1),(103,1),(2,3),(4,3),(8,3),(10,3),(14,3),(16,3),(22,3),(31,3),(39,3),(44,3),(48,3),(51,3),(53,3),(55,3),(56,3),(91,3),(103,3),(2,5),(4,5),(8,5),(10,5),(14,5),(16,5),(22,5),(31,5),(39,5),(44,5),(48,5),(51,5),(53,5),(55,5),(56,5),(91,5),(103,5),(2,64),(4,64),(8,64),(10,64),(14,64),(16,64),(22,64),(31,64),(39,64),(44,64),(48,64),(51,64),(53,64),(55,64),(56,64),(91,64),(103,64),(2,12),(4,12),(8,12),(10,12),(14,12),(16,12),(22,12),(31,12),(39,12),(44,12),(48,12),(51,12),(53,12),(55,12),(56,12),(91,12),(103,12),(2,130),(4,130),(8,130),(10,130),(14,130),(16,130),(22,130),(31,130),(39,130),(44,130),(48,130),(51,130),(53,130),(55,130),(56,130),(91,130),(103,130),(2,158),(4,158),(8,158),(10,158),(14,158),(16,158),(22,158),(31,158),(39,158),(44,158),(48,158),(51,158),(53,158),(55,158),(56,158),(91,158),(103,158),(2,188),(4,188),(7,188),(8,188),(9,188),(10,188),(13,188),(14,188),(15,188),(16,188),(21,188),(22,188),(24,188),(30,188),(31,188),(33,188),(38,188),(39,188),(41,188),(44,188),(47,188),(48,188),(49,188),(51,188),(53,188),(55,188),(56,188),(91,188),(99,188),(102,188),(103,188),(2,176),(4,176),(8,176),(10,176),(14,176),(16,176),(22,176),(31,176),(39,176),(44,176),(48,176),(51,176),(53,176),(55,176),(56,176),(91,176),(103,176),(2,177),(4,177),(8,177),(10,177),(14,177),(16,177),(22,177),(31,177),(39,177),(44,177),(48,177),(51,177),(53,177),(55,177),(56,177),(91,177),(103,177),(2,173),(4,173),(8,173),(10,173),(14,173),(16,173),(22,173),(31,173),(39,173),(44,173),(48,173),(51,173),(53,173),(55,173),(56,173),(91,173),(103,173),(2,288),(4,288),(8,288),(10,288),(14,288),(16,288),(22,288),(31,288),(39,288),(44,288),(48,288),(51,288),(53,288),(55,288),(56,288),(91,288),(103,288),(2,302),(4,302),(8,302),(10,302),(14,302),(16,302),(22,302),(31,302),(39,302),(44,302),(48,302),(51,302),(53,302),(55,302),(56,302),(91,302),(103,302),(2,306),(4,306),(8,306),(10,306),(14,306),(16,306),(22,306),(31,306),(39,306),(44,306),(48,306),(51,306),(53,306),(55,306),(56,306),(91,306),(103,306),(2,310),(4,310),(8,310),(10,310),(14,310),(16,310),(22,310),(31,310),(39,310),(44,310),(48,310),(51,310),(53,310),(55,310),(56,310),(91,310),(103,310),(2,322),(4,322),(8,322),(10,322),(14,322),(16,322),(22,322),(31,322),(39,322),(44,322),(48,322),(51,322),(53,322),(55,322),(56,322),(91,322),(103,322),(2,324),(4,324),(8,324),(10,324),(14,324),(16,324),(22,324),(31,324),(39,324),(44,324),(48,324),(51,324),(53,324),(55,324),(56,324),(91,324),(103,324),(2,290),(4,290),(8,290),(10,290),(14,290),(16,290),(22,290),(31,290),(39,290),(44,290),(48,290),(51,290),(53,290),(55,290),(56,290),(91,290),(103,290),(2,326),(4,326),(8,326),(10,326),(14,326),(16,326),(22,326),(31,326),(39,326),(44,326),(48,326),(51,326),(53,326),(55,326),(56,326),(91,326),(103,326),(2,330),(4,330),(7,330),(8,330),(9,330),(10,330),(13,330),(14,330),(15,330),(16,330),(21,330),(22,330),(24,330),(30,330),(31,330),(33,330),(38,330),(39,330),(41,330),(44,330),(47,330),(48,330),(49,330),(51,330),(53,330),(55,330),(56,330),(91,330),(99,330),(102,330),(103,330),(2,329),(4,329),(8,329),(10,329),(14,329),(16,329),(22,329),(31,329),(39,329),(44,329),(48,329),(51,329),(53,329),(55,329),(56,329),(91,329),(103,329),(2,332),(4,332),(8,332),(10,332),(14,332),(16,332),(22,332),(31,332),(39,332),(44,332),(48,332),(51,332),(53,332),(55,332),(56,332),(91,332),(103,332),(2,335),(4,335),(8,335),(10,335),(14,335),(16,335),(22,335),(31,335),(39,335),(44,335),(48,335),(51,335),(53,335),(55,335),(56,335),(91,335),(103,335),(2,338),(4,338),(8,338),(10,338),(14,338),(16,338),(22,338),(31,338),(39,338),(44,338),(48,338),(51,338),(53,338),(55,338),(56,338),(91,338),(103,338),(2,341),(4,341),(8,341),(10,341),(14,341),(16,341),(22,341),(31,341),(39,341),(44,341),(48,341),(51,341),(53,341),(55,341),(56,341),(91,341),(103,341),(2,344),(4,344),(8,344),(10,344),(14,344),(16,344),(22,344),(31,344),(39,344),(44,344),(48,344),(51,344),(53,344),(55,344),(56,344),(91,344),(103,344),(2,349),(4,349),(7,349),(8,349),(9,349),(10,349),(13,349),(14,349),(15,349),(16,349),(21,349),(22,349),(24,349),(30,349),(31,349),(33,349),(38,349),(39,349),(41,349),(44,349),(47,349),(48,349),(49,349),(51,349),(53,349),(55,349),(56,349),(91,349),(99,349),(102,349),(103,349),(2,352),(4,352),(7,352),(8,352),(9,352),(10,352),(13,352),(14,352),(15,352),(16,352),(21,352),(22,352),(24,352),(30,352),(31,352),(33,352),(38,352),(39,352),(41,352),(44,352),(47,352),(48,352),(49,352),(51,352),(53,352),(55,352),(56,352),(91,352),(99,352),(102,352),(103,352),(2,351),(4,351),(8,351),(10,351),(14,351),(16,351),(22,351),(31,351),(39,351),(44,351),(48,351),(51,351),(53,351),(55,351),(56,351),(91,351),(103,351),(2,348),(4,348),(8,348),(10,348),(14,348),(16,348),(22,348),(31,348),(39,348),(44,348),(48,348),(51,348),(53,348),(55,348),(56,348),(91,348),(103,348),(2,372),(4,372),(8,372),(10,372),(14,372),(16,372),(22,372),(31,372),(39,372),(44,372),(48,372),(51,372),(53,372),(55,372),(56,372),(91,372),(103,372),(2,375),(4,375),(8,375),(10,375),(14,375),(16,375),(22,375),(31,375),(39,375),(44,375),(48,375),(51,375),(53,375),(55,375),(56,375),(91,375),(103,375),(2,376),(4,376),(7,376),(8,376),(9,376),(10,376),(13,376),(14,376),(15,376),(16,376),(21,376),(22,376),(24,376),(30,376),(31,376),(33,376),(38,376),(39,376),(41,376),(44,376),(47,376),(48,376),(49,376),(51,376),(53,376),(55,376),(56,376),(91,376),(99,376),(102,376),(103,376),(1,377),(2,377),(3,377),(4,377),(5,377),(6,377),(7,377),(8,377),(9,377),(10,377),(11,377),(12,377),(13,377),(14,377),(15,377),(16,377),(17,377),(18,377),(19,377),(20,377),(21,377),(22,377),(23,377),(24,377),(25,377),(26,377),(27,377),(28,377),(29,377),(30,377),(31,377),(32,377),(33,377),(34,377),(35,377),(36,377),(37,377),(38,377),(39,377),(40,377),(41,377),(42,377),(43,377),(44,377),(45,377),(46,377),(47,377),(48,377),(49,377),(50,377),(51,377),(52,377),(53,377),(54,377),(55,377),(56,377),(57,377),(58,377),(59,377),(60,377),(61,377),(85,377),(86,377),(87,377),(88,377),(89,377),(90,377),(91,377),(92,377),(93,377),(94,377),(96,377),(97,377),(98,377),(99,377),(100,377),(101,377),(102,377),(103,377),(104,377),(2,378),(4,378),(8,378),(10,378),(14,378),(16,378),(22,378),(31,378),(39,378),(44,378),(48,378),(51,378),(53,378),(55,378),(56,378),(91,378),(103,378),(2,379),(4,379),(7,379),(8,379),(9,379),(10,379),(13,379),(14,379),(15,379),(16,379),(21,379),(22,379),(24,379),(30,379),(31,379),(33,379),(38,379),(39,379),(41,379),(44,379),(47,379),(48,379),(49,379),(51,379),(53,379),(55,379),(56,379),(91,379),(99,379),(102,379),(103,379),(1,380),(2,380),(3,380),(4,380),(5,380),(6,380),(7,380),(8,380),(9,380),(10,380),(11,380),(12,380),(13,380),(14,380),(15,380),(16,380),(17,380),(18,380),(19,380),(20,380),(21,380),(22,380),(23,380),(24,380),(25,380),(26,380),(27,380),(28,380),(29,380),(30,380),(31,380),(32,380),(33,380),(34,380),(35,380),(36,380),(37,380),(38,380),(39,380),(40,380),(41,380),(42,380),(43,380),(44,380),(45,380),(46,380),(47,380),(48,380),(49,380),(50,380),(51,380),(52,380),(53,380),(54,380),(55,380),(56,380),(57,380),(58,380),(59,380),(60,380),(61,380),(85,380),(86,380),(87,380),(88,380),(89,380),(90,380),(91,380),(92,380),(93,380),(94,380),(96,380),(97,380),(98,380),(99,380),(100,380),(101,380),(102,380),(103,380),(104,380),(2,382),(4,382),(8,382),(10,382),(14,382),(16,382),(22,382),(31,382),(39,382),(44,382),(48,382),(51,382),(53,382),(55,382),(56,382),(91,382),(103,382),(2,383),(4,383),(7,383),(8,383),(9,383),(10,383),(13,383),(14,383),(15,383),(16,383),(21,383),(22,383),(24,383),(30,383),(31,383),(33,383),(38,383),(39,383),(41,383),(44,383),(47,383),(48,383),(49,383),(51,383),(53,383),(55,383),(56,383),(91,383),(99,383),(102,383),(103,383),(1,384),(2,384),(3,384),(4,384),(5,384),(6,384),(7,384),(8,384),(9,384),(10,384),(11,384),(12,384),(13,384),(14,384),(15,384),(16,384),(17,384),(18,384),(19,384),(20,384),(21,384),(22,384),(23,384),(24,384),(25,384),(26,384),(27,384),(28,384),(29,384),(30,384),(31,384),(32,384),(33,384),(34,384),(35,384),(36,384),(37,384),(38,384),(39,384),(40,384),(41,384),(42,384),(43,384),(44,384),(45,384),(46,384),(47,384),(48,384),(49,384),(50,384),(51,384),(52,384),(53,384),(54,384),(55,384),(56,384),(57,384),(58,384),(59,384),(60,384),(61,384),(85,384),(86,384),(87,384),(88,384),(89,384),(90,384),(91,384),(92,384),(93,384),(94,384),(96,384),(97,384),(98,384),(99,384),(100,384),(101,384),(102,384),(103,384),(104,384),(2,385),(4,385),(8,385),(10,385),(14,385),(16,385),(22,385),(31,385),(39,385),(44,385),(48,385),(51,385),(53,385),(55,385),(56,385),(91,385),(103,385),(2,386),(4,386),(7,386),(8,386),(9,386),(10,386),(13,386),(14,386),(15,386),(16,386),(21,386),(22,386),(24,386),(30,386),(31,386),(33,386),(38,386),(39,386),(41,386),(44,386),(47,386),(48,386),(49,386),(51,386),(53,386),(55,386),(56,386),(91,386),(99,386),(102,386),(103,386),(1,387),(2,387),(3,387),(4,387),(5,387),(6,387),(7,387),(8,387),(9,387),(10,387),(11,387),(12,387),(13,387),(14,387),(15,387),(16,387),(17,387),(18,387),(19,387),(20,387),(21,387),(22,387),(23,387),(24,387),(25,387),(26,387),(27,387),(28,387),(29,387),(30,387),(31,387),(32,387),(33,387),(34,387),(35,387),(36,387),(37,387),(38,387),(39,387),(40,387),(41,387),(42,387),(43,387),(44,387),(45,387),(46,387),(47,387),(48,387),(49,387),(50,387),(51,387),(52,387),(53,387),(54,387),(55,387),(56,387),(57,387),(58,387),(59,387),(60,387),(61,387),(85,387),(86,387),(87,387),(88,387),(89,387),(90,387),(91,387),(92,387),(93,387),(94,387),(96,387),(97,387),(98,387),(99,387),(100,387),(101,387),(102,387),(103,387),(104,387),(2,388),(4,388),(8,388),(10,388),(14,388),(16,388),(22,388),(31,388),(39,388),(44,388),(48,388),(51,388),(53,388),(55,388),(56,388),(91,388),(103,388),(2,389),(4,389),(7,389),(8,389),(9,389),(10,389),(13,389),(14,389),(15,389),(16,389),(21,389),(22,389),(24,389),(30,389),(31,389),(33,389),(38,389),(39,389),(41,389),(44,389),(47,389),(48,389),(49,389),(51,389),(53,389),(55,389),(56,389),(91,389),(99,389),(102,389),(103,389),(1,390),(2,390),(3,390),(4,390),(5,390),(6,390),(7,390),(8,390),(9,390),(10,390),(11,390),(12,390),(13,390),(14,390),(15,390),(16,390),(17,390),(18,390),(19,390),(20,390),(21,390),(22,390),(23,390),(24,390),(25,390),(26,390),(27,390),(28,390),(29,390),(30,390),(31,390),(32,390),(33,390),(34,390),(35,390),(36,390),(37,390),(38,390),(39,390),(40,390),(41,390),(42,390),(43,390),(44,390),(45,390),(46,390),(47,390),(48,390),(49,390),(50,390),(51,390),(52,390),(53,390),(54,390),(55,390),(56,390),(57,390),(58,390),(59,390),(60,390),(61,390),(85,390),(86,390),(87,390),(88,390),(89,390),(90,390),(91,390),(92,390),(93,390),(94,390),(96,390),(97,390),(98,390),(99,390),(100,390),(101,390),(102,390),(103,390),(104,390),(1,361),(2,361),(3,361),(4,361),(5,361),(6,361),(7,361),(8,361),(9,361),(10,361),(11,361),(12,361),(13,361),(14,361),(15,361),(16,361),(17,361),(18,361),(19,361),(20,361),(21,361),(22,361),(24,361),(25,361),(23,361),(26,361),(27,361),(28,361),(29,361),(30,361),(31,361),(32,361),(33,361),(34,361),(35,361),(36,361),(37,361),(38,361),(39,361),(40,361),(41,361),(42,361),(43,361),(44,361),(45,361),(46,361),(47,361),(48,361),(49,361),(50,361),(51,361),(52,361),(61,361),(60,361),(59,361),(58,361),(57,361),(56,361),(55,361),(54,361),(53,361),(85,361),(86,361),(87,361),(88,361),(89,361),(90,361),(91,361),(2,391),(4,391),(8,391),(10,391),(14,391),(16,391),(22,391),(31,391),(39,391),(44,391),(48,391),(51,391),(53,391),(55,391),(56,391),(91,391),(103,391),(2,392),(4,392),(7,392),(8,392),(9,392),(10,392),(13,392),(14,392),(15,392),(16,392),(21,392),(22,392),(24,392),(30,392),(31,392),(33,392),(38,392),(39,392),(41,392),(44,392),(47,392),(48,392),(49,392),(51,392),(53,392),(55,392),(56,392),(91,392),(99,392),(102,392),(103,392),(1,393),(2,393),(3,393),(4,393),(5,393),(6,393),(7,393),(8,393),(9,393),(10,393),(11,393),(12,393),(13,393),(14,393),(15,393),(16,393),(17,393),(18,393),(19,393),(20,393),(21,393),(22,393),(23,393),(24,393),(25,393),(26,393),(27,393),(28,393),(29,393),(30,393),(31,393),(32,393),(33,393),(34,393),(35,393),(36,393),(37,393),(38,393),(39,393),(40,393),(41,393),(42,393),(43,393),(44,393),(45,393),(46,393),(47,393),(48,393),(49,393),(50,393),(51,393),(52,393),(53,393),(54,393),(55,393),(56,393),(57,393),(58,393),(59,393),(60,393),(61,393),(85,393),(86,393),(87,393),(88,393),(89,393),(90,393),(91,393),(92,393),(93,393),(94,393),(96,393),(97,393),(98,393),(99,393),(100,393),(101,393),(102,393),(103,393),(104,393),(2,394),(4,394),(8,394),(10,394),(14,394),(16,394),(22,394),(31,394),(39,394),(44,394),(48,394),(51,394),(53,394),(55,394),(56,394),(91,394),(103,394),(2,395),(4,395),(7,395),(8,395),(9,395),(10,395),(13,395),(14,395),(15,395),(16,395),(21,395),(22,395),(24,395),(30,395),(31,395),(33,395),(38,395),(39,395),(41,395),(44,395),(47,395),(48,395),(49,395),(51,395),(53,395),(55,395),(56,395),(91,395),(99,395),(102,395),(103,395),(1,396),(2,396),(3,396),(4,396),(5,396),(6,396),(7,396),(8,396),(9,396),(10,396),(11,396),(12,396),(13,396),(14,396),(15,396),(16,396),(17,396),(18,396),(19,396),(20,396),(21,396),(22,396),(23,396),(24,396),(25,396),(26,396),(27,396),(28,396),(29,396),(30,396),(31,396),(32,396),(33,396),(34,396),(35,396),(36,396),(37,396),(38,396),(39,396),(40,396),(41,396),(42,396),(43,396),(44,396),(45,396),(46,396),(47,396),(48,396),(49,396),(50,396),(51,396),(52,396),(53,396),(54,396),(55,396),(56,396),(57,396),(58,396),(59,396),(60,396),(61,396),(85,396),(86,396),(87,396),(88,396),(89,396),(90,396),(91,396),(92,396),(93,396),(94,396),(96,396),(97,396),(98,396),(99,396),(100,396),(101,396),(102,396),(103,396),(104,396),(2,397),(4,397),(8,397),(10,397),(14,397),(16,397),(22,397),(31,397),(39,397),(44,397),(48,397),(51,397),(53,397),(55,397),(56,397),(91,397),(103,397),(2,398),(4,398),(7,398),(8,398),(9,398),(10,398),(13,398),(14,398),(15,398),(16,398),(21,398),(22,398),(24,398),(30,398),(31,398),(33,398),(38,398),(39,398),(41,398),(44,398),(47,398),(48,398),(49,398),(51,398),(53,398),(55,398),(56,398),(91,398),(99,398),(102,398),(103,398),(1,399),(2,399),(3,399),(4,399),(5,399),(6,399),(7,399),(8,399),(9,399),(10,399),(11,399),(12,399),(13,399),(14,399),(15,399),(16,399),(17,399),(18,399),(19,399),(20,399),(21,399),(22,399),(23,399),(24,399),(25,399),(26,399),(27,399),(28,399),(29,399),(30,399),(31,399),(32,399),(33,399),(34,399),(35,399),(36,399),(37,399),(38,399),(39,399),(40,399),(41,399),(42,399),(43,399),(44,399),(45,399),(46,399),(47,399),(48,399),(49,399),(50,399),(51,399),(52,399),(53,399),(54,399),(55,399),(56,399),(57,399),(58,399),(59,399),(60,399),(61,399),(85,399),(86,399),(87,399),(88,399),(89,399),(90,399),(91,399),(92,399),(93,399),(94,399),(96,399),(97,399),(98,399),(99,399),(100,399),(101,399),(102,399),(103,399),(104,399),(2,400),(4,400),(8,400),(10,400),(14,400),(16,400),(22,400),(31,400),(39,400),(44,400),(48,400),(51,400),(53,400),(55,400),(56,400),(91,400),(103,400),(2,401),(4,401),(7,401),(8,401),(9,401),(10,401),(13,401),(14,401),(15,401),(16,401),(21,401),(22,401),(24,401),(30,401),(31,401),(33,401),(38,401),(39,401),(41,401),(44,401),(47,401),(48,401),(49,401),(51,401),(53,401),(55,401),(56,401),(91,401),(99,401),(102,401),(103,401),(1,402),(2,402),(3,402),(4,402),(5,402),(6,402),(7,402),(8,402),(9,402),(10,402),(11,402),(12,402),(13,402),(14,402),(15,402),(16,402),(17,402),(18,402),(19,402),(20,402),(21,402),(22,402),(23,402),(24,402),(25,402),(26,402),(27,402),(28,402),(29,402),(30,402),(31,402),(32,402),(33,402),(34,402),(35,402),(36,402),(37,402),(38,402),(39,402),(40,402),(41,402),(42,402),(43,402),(44,402),(45,402),(46,402),(47,402),(48,402),(49,402),(50,402),(51,402),(52,402),(53,402),(54,402),(55,402),(56,402),(57,402),(58,402),(59,402),(60,402),(61,402),(85,402),(86,402),(87,402),(88,402),(89,402),(90,402),(91,402),(92,402),(93,402),(94,402),(96,402),(97,402),(98,402),(99,402),(100,402),(101,402),(102,402),(103,402),(104,402),(2,403),(4,403),(8,403),(10,403),(14,403),(16,403),(22,403),(31,403),(39,403),(44,403),(48,403),(51,403),(53,403),(55,403),(56,403),(91,403),(103,403),(2,404),(4,404),(7,404),(8,404),(9,404),(10,404),(13,404),(14,404),(15,404),(16,404),(21,404),(22,404),(24,404),(30,404),(31,404),(33,404),(38,404),(39,404),(41,404),(44,404),(47,404),(48,404),(49,404),(51,404),(53,404),(55,404),(56,404),(91,404),(99,404),(102,404),(103,404),(1,405),(2,405),(3,405),(4,405),(5,405),(6,405),(7,405),(8,405),(9,405),(10,405),(11,405),(12,405),(13,405),(14,405),(15,405),(16,405),(17,405),(18,405),(19,405),(20,405),(21,405),(22,405),(23,405),(24,405),(25,405),(26,405),(27,405),(28,405),(29,405),(30,405),(31,405),(32,405),(33,405),(34,405),(35,405),(36,405),(37,405),(38,405),(39,405),(40,405),(41,405),(42,405),(43,405),(44,405),(45,405),(46,405),(47,405),(48,405),(49,405),(50,405),(51,405),(52,405),(53,405),(54,405),(55,405),(56,405),(57,405),(58,405),(59,405),(60,405),(61,405),(85,405),(86,405),(87,405),(88,405),(89,405),(90,405),(91,405),(92,405),(93,405),(94,405),(96,405),(97,405),(98,405),(99,405),(100,405),(101,405),(102,405),(103,405),(104,405),(2,406),(4,406),(8,406),(10,406),(14,406),(16,406),(22,406),(31,406),(39,406),(44,406),(48,406),(51,406),(53,406),(55,406),(56,406),(91,406),(103,406),(2,407),(4,407),(7,407),(8,407),(9,407),(10,407),(13,407),(14,407),(15,407),(16,407),(21,407),(22,407),(24,407),(30,407),(31,407),(33,407),(38,407),(39,407),(41,407),(44,407),(47,407),(48,407),(49,407),(51,407),(53,407),(55,407),(56,407),(91,407),(99,407),(102,407),(103,407),(1,408),(2,408),(3,408),(4,408),(5,408),(6,408),(7,408),(8,408),(9,408),(10,408),(11,408),(12,408),(13,408),(14,408),(15,408),(16,408),(17,408),(18,408),(19,408),(20,408),(21,408),(22,408),(23,408),(24,408),(25,408),(26,408),(27,408),(28,408),(29,408),(30,408),(31,408),(32,408),(33,408),(34,408),(35,408),(36,408),(37,408),(38,408),(39,408),(40,408),(41,408),(42,408),(43,408),(44,408),(45,408),(46,408),(47,408),(48,408),(49,408),(50,408),(51,408),(52,408),(53,408),(54,408),(55,408),(56,408),(57,408),(58,408),(59,408),(60,408),(61,408),(85,408),(86,408),(87,408),(88,408),(89,408),(90,408),(91,408),(92,408),(93,408),(94,408),(96,408),(97,408),(98,408),(99,408),(100,408),(101,408),(102,408),(103,408),(104,408),(2,409),(4,409),(8,409),(10,409),(14,409),(16,409),(22,409),(31,409),(39,409),(44,409),(48,409),(51,409),(53,409),(55,409),(56,409),(91,409),(103,409),(2,410),(4,410),(7,410),(8,410),(9,410),(10,410),(13,410),(14,410),(15,410),(16,410),(21,410),(22,410),(24,410),(30,410),(31,410),(33,410),(38,410),(39,410),(41,410),(44,410),(47,410),(48,410),(49,410),(51,410),(53,410),(55,410),(56,410),(91,410),(99,410),(102,410),(103,410),(1,411),(2,411),(3,411),(4,411),(5,411),(6,411),(7,411),(8,411),(9,411),(10,411),(11,411),(12,411),(13,411),(14,411),(15,411),(16,411),(17,411),(18,411),(19,411),(20,411),(21,411),(22,411),(23,411),(24,411),(25,411),(26,411),(27,411),(28,411),(29,411),(30,411),(31,411),(32,411),(33,411),(34,411),(35,411),(36,411),(37,411),(38,411),(39,411),(40,411),(41,411),(42,411),(43,411),(44,411),(45,411),(46,411),(47,411),(48,411),(49,411),(50,411),(51,411),(52,411),(53,411),(54,411),(55,411),(56,411),(57,411),(58,411),(59,411),(60,411),(61,411),(85,411),(86,411),(87,411),(88,411),(89,411),(90,411),(91,411),(92,411),(93,411),(94,411),(96,411),(97,411),(98,411),(99,411),(100,411),(101,411),(102,411),(103,411),(104,411),(2,412),(4,412),(8,412),(10,412),(14,412),(16,412),(22,412),(31,412),(39,412),(44,412),(48,412),(51,412),(53,412),(55,412),(56,412),(91,412),(103,412),(2,413),(4,413),(7,413),(8,413),(9,413),(10,413),(13,413),(14,413),(15,413),(16,413),(21,413),(22,413),(24,413),(30,413),(31,413),(33,413),(38,413),(39,413),(41,413),(44,413),(47,413),(48,413),(49,413),(51,413),(53,413),(55,413),(56,413),(91,413),(99,413),(102,413),(103,413),(1,414),(2,414),(3,414),(4,414),(5,414),(6,414),(7,414),(8,414),(9,414),(10,414),(11,414),(12,414),(13,414),(14,414),(15,414),(16,414),(17,414),(18,414),(19,414),(20,414),(21,414),(22,414),(23,414),(24,414),(25,414),(26,414),(27,414),(28,414),(29,414),(30,414),(31,414),(32,414),(33,414),(34,414),(35,414),(36,414),(37,414),(38,414),(39,414),(40,414),(41,414),(42,414),(43,414),(44,414),(45,414),(46,414),(47,414),(48,414),(49,414),(50,414),(51,414),(52,414),(53,414),(54,414),(55,414),(56,414),(57,414),(58,414),(59,414),(60,414),(61,414),(85,414),(86,414),(87,414),(88,414),(89,414),(90,414),(91,414),(92,414),(93,414),(94,414),(96,414),(97,414),(98,414),(99,414),(100,414),(101,414),(102,414),(103,414),(104,414),(2,415),(4,415),(8,415),(10,415),(14,415),(16,415),(22,415),(31,415),(39,415),(44,415),(48,415),(51,415),(53,415),(55,415),(56,415),(91,415),(103,415),(2,416),(4,416),(7,416),(8,416),(9,416),(10,416),(13,416),(14,416),(15,416),(16,416),(21,416),(22,416),(24,416),(30,416),(31,416),(33,416),(38,416),(39,416),(41,416),(44,416),(47,416),(48,416),(49,416),(51,416),(53,416),(55,416),(56,416),(91,416),(99,416),(102,416),(103,416),(1,417),(2,417),(3,417),(4,417),(5,417),(6,417),(7,417),(8,417),(9,417),(10,417),(11,417),(12,417),(13,417),(14,417),(15,417),(16,417),(17,417),(18,417),(19,417),(20,417),(21,417),(22,417),(23,417),(24,417),(25,417),(26,417),(27,417),(28,417),(29,417),(30,417),(31,417),(32,417),(33,417),(34,417),(35,417),(36,417),(37,417),(38,417),(39,417),(40,417),(41,417),(42,417),(43,417),(44,417),(45,417),(46,417),(47,417),(48,417),(49,417),(50,417),(51,417),(52,417),(53,417),(54,417),(55,417),(56,417),(57,417),(58,417),(59,417),(60,417),(61,417),(85,417),(86,417),(87,417),(88,417),(89,417),(90,417),(91,417),(92,417),(93,417),(94,417),(96,417),(97,417),(98,417),(99,417),(100,417),(101,417),(102,417),(103,417),(104,417),(2,418),(4,418),(8,418),(10,418),(14,418),(16,418),(22,418),(31,418),(39,418),(44,418),(48,418),(51,418),(53,418),(55,418),(56,418),(91,418),(103,418),(2,419),(4,419),(7,419),(8,419),(9,419),(10,419),(13,419),(14,419),(15,419),(16,419),(21,419),(22,419),(24,419),(30,419),(31,419),(33,419),(38,419),(39,419),(41,419),(44,419),(47,419),(48,419),(49,419),(51,419),(53,419),(55,419),(56,419),(91,419),(99,419),(102,419),(103,419),(1,420),(2,420),(3,420),(4,420),(5,420),(6,420),(7,420),(8,420),(9,420),(10,420),(11,420),(12,420),(13,420),(14,420),(15,420),(16,420),(17,420),(18,420),(19,420),(20,420),(21,420),(22,420),(23,420),(24,420),(25,420),(26,420),(27,420),(28,420),(29,420),(30,420),(31,420),(32,420),(33,420),(34,420),(35,420),(36,420),(37,420),(38,420),(39,420),(40,420),(41,420),(42,420),(43,420),(44,420),(45,420),(46,420),(47,420),(48,420),(49,420),(50,420),(51,420),(52,420),(53,420),(54,420),(55,420),(56,420),(57,420),(58,420),(59,420),(60,420),(61,420),(85,420),(86,420),(87,420),(88,420),(89,420),(90,420),(91,420),(92,420),(93,420),(94,420),(96,420),(97,420),(98,420),(99,420),(100,420),(101,420),(102,420),(103,420),(104,420),(2,421),(4,421),(8,421),(10,421),(14,421),(16,421),(22,421),(31,421),(39,421),(44,421),(48,421),(51,421),(53,421),(55,421),(56,421),(91,421),(103,421),(2,422),(4,422),(7,422),(8,422),(9,422),(10,422),(13,422),(14,422),(15,422),(16,422),(21,422),(22,422),(24,422),(30,422),(31,422),(33,422),(38,422),(39,422),(41,422),(44,422),(47,422),(48,422),(49,422),(51,422),(53,422),(55,422),(56,422),(91,422),(99,422),(102,422),(103,422),(1,423),(2,423),(3,423),(4,423),(5,423),(6,423),(7,423),(8,423),(9,423),(10,423),(11,423),(12,423),(13,423),(14,423),(15,423),(16,423),(17,423),(18,423),(19,423),(20,423),(21,423),(22,423),(23,423),(24,423),(25,423),(26,423),(27,423),(28,423),(29,423),(30,423),(31,423),(32,423),(33,423),(34,423),(35,423),(36,423),(37,423),(38,423),(39,423),(40,423),(41,423),(42,423),(43,423),(44,423),(45,423),(46,423),(47,423),(48,423),(49,423),(50,423),(51,423),(52,423),(53,423),(54,423),(55,423),(56,423),(57,423),(58,423),(59,423),(60,423),(61,423),(85,423),(86,423),(87,423),(88,423),(89,423),(90,423),(91,423),(92,423),(93,423),(94,423),(96,423),(97,423),(98,423),(99,423),(100,423),(101,423),(102,423),(103,423),(104,423),(2,424),(4,424),(8,424),(10,424),(14,424),(16,424),(22,424),(31,424),(39,424),(44,424),(48,424),(51,424),(53,424),(55,424),(56,424),(91,424),(103,424),(2,425),(4,425),(7,425),(8,425),(9,425),(10,425),(13,425),(14,425),(15,425),(16,425),(21,425),(22,425),(24,425),(30,425),(31,425),(33,425),(38,425),(39,425),(41,425),(44,425),(47,425),(48,425),(49,425),(51,425),(53,425),(55,425),(56,425),(91,425),(99,425),(102,425),(103,425),(1,426),(2,426),(3,426),(4,426),(5,426),(6,426),(7,426),(8,426),(9,426),(10,426),(11,426),(12,426),(13,426),(14,426),(15,426),(16,426),(17,426),(18,426),(19,426),(20,426),(21,426),(22,426),(23,426),(24,426),(25,426),(26,426),(27,426),(28,426),(29,426),(30,426),(31,426),(32,426),(33,426),(34,426),(35,426),(36,426),(37,426),(38,426),(39,426),(40,426),(41,426),(42,426),(43,426),(44,426),(45,426),(46,426),(47,426),(48,426),(49,426),(50,426),(51,426),(52,426),(53,426),(54,426),(55,426),(56,426),(57,426),(58,426),(59,426),(60,426),(61,426),(85,426),(86,426),(87,426),(88,426),(89,426),(90,426),(91,426),(92,426),(93,426),(94,426),(96,426),(97,426),(98,426),(99,426),(100,426),(101,426),(102,426),(103,426),(104,426),(2,427),(4,427),(8,427),(10,427),(14,427),(16,427),(22,427),(31,427),(39,427),(44,427),(48,427),(51,427),(53,427),(55,427),(56,427),(91,427),(103,427),(2,428),(4,428),(7,428),(8,428),(9,428),(10,428),(13,428),(14,428),(15,428),(16,428),(21,428),(22,428),(24,428),(30,428),(31,428),(33,428),(38,428),(39,428),(41,428),(44,428),(47,428),(48,428),(49,428),(51,428),(53,428),(55,428),(56,428),(91,428),(99,428),(102,428),(103,428),(1,429),(2,429),(3,429),(4,429),(5,429),(6,429),(7,429),(8,429),(9,429),(10,429),(11,429),(12,429),(13,429),(14,429),(15,429),(16,429),(17,429),(18,429),(19,429),(20,429),(21,429),(22,429),(23,429),(24,429),(25,429),(26,429),(27,429),(28,429),(29,429),(30,429),(31,429),(32,429),(33,429),(34,429),(35,429),(36,429),(37,429),(38,429),(39,429),(40,429),(41,429),(42,429),(43,429),(44,429),(45,429),(46,429),(47,429),(48,429),(49,429),(50,429),(51,429),(52,429),(53,429),(54,429),(55,429),(56,429),(57,429),(58,429),(59,429),(60,429),(61,429),(85,429),(86,429),(87,429),(88,429),(89,429),(90,429),(91,429),(92,429),(93,429),(94,429),(96,429),(97,429),(98,429),(99,429),(100,429),(101,429),(102,429),(103,429),(104,429),(2,430),(4,430),(8,430),(10,430),(14,430),(16,430),(22,430),(31,430),(39,430),(44,430),(48,430),(51,430),(53,430),(55,430),(56,430),(91,430),(103,430),(2,431),(4,431),(7,431),(8,431),(9,431),(10,431),(13,431),(14,431),(15,431),(16,431),(21,431),(22,431),(24,431),(30,431),(31,431),(33,431),(38,431),(39,431),(41,431),(44,431),(47,431),(48,431),(49,431),(51,431),(53,431),(55,431),(56,431),(91,431),(99,431),(102,431),(103,431),(1,432),(2,432),(3,432),(4,432),(5,432),(6,432),(7,432),(8,432),(9,432),(10,432),(11,432),(12,432),(13,432),(14,432),(15,432),(16,432),(17,432),(18,432),(19,432),(20,432),(21,432),(22,432),(23,432),(24,432),(25,432),(26,432),(27,432),(28,432),(29,432),(30,432),(31,432),(32,432),(33,432),(34,432),(35,432),(36,432),(37,432),(38,432),(39,432),(40,432),(41,432),(42,432),(43,432),(44,432),(45,432),(46,432),(47,432),(48,432),(49,432),(50,432),(51,432),(52,432),(53,432),(54,432),(55,432),(56,432),(57,432),(58,432),(59,432),(60,432),(61,432),(85,432),(86,432),(87,432),(88,432),(89,432),(90,432),(91,432),(92,432),(93,432),(94,432),(96,432),(97,432),(98,432),(99,432),(100,432),(101,432),(102,432),(103,432),(104,432),(2,433),(4,433),(8,433),(10,433),(14,433),(16,433),(22,433),(31,433),(39,433),(44,433),(48,433),(51,433),(53,433),(55,433),(56,433),(91,433),(103,433),(2,434),(4,434),(7,434),(8,434),(9,434),(10,434),(13,434),(14,434),(15,434),(16,434),(21,434),(22,434),(24,434),(30,434),(31,434),(33,434),(38,434),(39,434),(41,434),(44,434),(47,434),(48,434),(49,434),(51,434),(53,434),(55,434),(56,434),(91,434),(99,434),(102,434),(103,434),(1,435),(2,435),(3,435),(4,435),(5,435),(6,435),(7,435),(8,435),(9,435),(10,435),(11,435),(12,435),(13,435),(14,435),(15,435),(16,435),(17,435),(18,435),(19,435),(20,435),(21,435),(22,435),(23,435),(24,435),(25,435),(26,435),(27,435),(28,435),(29,435),(30,435),(31,435),(32,435),(33,435),(34,435),(35,435),(36,435),(37,435),(38,435),(39,435),(40,435),(41,435),(42,435),(43,435),(44,435),(45,435),(46,435),(47,435),(48,435),(49,435),(50,435),(51,435),(52,435),(53,435),(54,435),(55,435),(56,435),(57,435),(58,435),(59,435),(60,435),(61,435),(85,435),(86,435),(87,435),(88,435),(89,435),(90,435),(91,435),(92,435),(93,435),(94,435),(96,435),(97,435),(98,435),(99,435),(100,435),(101,435),(102,435),(103,435),(104,435),(2,436),(4,436),(8,436),(10,436),(14,436),(16,436),(22,436),(31,436),(39,436),(44,436),(48,436),(51,436),(53,436),(55,436),(56,436),(91,436),(103,436),(2,437),(4,437),(7,437),(8,437),(9,437),(10,437),(13,437),(14,437),(15,437),(16,437),(21,437),(22,437),(24,437),(30,437),(31,437),(33,437),(38,437),(39,437),(41,437),(44,437),(47,437),(48,437),(49,437),(51,437),(53,437),(55,437),(56,437),(91,437),(99,437),(102,437),(103,437),(1,438),(2,438),(3,438),(4,438),(5,438),(6,438),(7,438),(8,438),(9,438),(10,438),(11,438),(12,438),(13,438),(14,438),(15,438),(16,438),(17,438),(18,438),(19,438),(20,438),(21,438),(22,438),(23,438),(24,438),(25,438),(26,438),(27,438),(28,438),(29,438),(30,438),(31,438),(32,438),(33,438),(34,438),(35,438),(36,438),(37,438),(38,438),(39,438),(40,438),(41,438),(42,438),(43,438),(44,438),(45,438),(46,438),(47,438),(48,438),(49,438),(50,438),(51,438),(52,438),(53,438),(54,438),(55,438),(56,438),(57,438),(58,438),(59,438),(60,438),(61,438),(85,438),(86,438),(87,438),(88,438),(89,438),(90,438),(91,438),(92,438),(93,438),(94,438),(96,438),(97,438),(98,438),(99,438),(100,438),(101,438),(102,438),(103,438),(104,438),(2,439),(4,439),(8,439),(10,439),(14,439),(16,439),(22,439),(31,439),(39,439),(44,439),(48,439),(51,439),(53,439),(55,439),(56,439),(91,439),(103,439),(2,440),(4,440),(7,440),(8,440),(9,440),(10,440),(13,440),(14,440),(15,440),(16,440),(21,440),(22,440),(24,440),(30,440),(31,440),(33,440),(38,440),(39,440),(41,440),(44,440),(47,440),(48,440),(49,440),(51,440),(53,440),(55,440),(56,440),(91,440),(99,440),(102,440),(103,440),(1,441),(2,441),(3,441),(4,441),(5,441),(6,441),(7,441),(8,441),(9,441),(10,441),(11,441),(12,441),(13,441),(14,441),(15,441),(16,441),(17,441),(18,441),(19,441),(20,441),(21,441),(22,441),(23,441),(24,441),(25,441),(26,441),(27,441),(28,441),(29,441),(30,441),(31,441),(32,441),(33,441),(34,441),(35,441),(36,441),(37,441),(38,441),(39,441),(40,441),(41,441),(42,441),(43,441),(44,441),(45,441),(46,441),(47,441),(48,441),(49,441),(50,441),(51,441),(52,441),(53,441),(54,441),(55,441),(56,441),(57,441),(58,441),(59,441),(60,441),(61,441),(85,441),(86,441),(87,441),(88,441),(89,441),(90,441),(91,441),(92,441),(93,441),(94,441),(96,441),(97,441),(98,441),(99,441),(100,441),(101,441),(102,441),(103,441),(104,441),(2,442),(4,442),(8,442),(10,442),(14,442),(16,442),(22,442),(31,442),(39,442),(44,442),(48,442),(51,442),(53,442),(55,442),(56,442),(91,442),(103,442),(2,443),(4,443),(7,443),(8,443),(9,443),(10,443),(13,443),(14,443),(15,443),(16,443),(21,443),(22,443),(24,443),(30,443),(31,443),(33,443),(38,443),(39,443),(41,443),(44,443),(47,443),(48,443),(49,443),(51,443),(53,443),(55,443),(56,443),(91,443),(99,443),(102,443),(103,443),(1,444),(2,444),(3,444),(4,444),(5,444),(6,444),(7,444),(8,444),(9,444),(10,444),(11,444),(12,444),(13,444),(14,444),(15,444),(16,444),(17,444),(18,444),(19,444),(20,444),(21,444),(22,444),(23,444),(24,444),(25,444),(26,444),(27,444),(28,444),(29,444),(30,444),(31,444),(32,444),(33,444),(34,444),(35,444),(36,444),(37,444),(38,444),(39,444),(40,444),(41,444),(42,444),(43,444),(44,444),(45,444),(46,444),(47,444),(48,444),(49,444),(50,444),(51,444),(52,444),(53,444),(54,444),(55,444),(56,444),(57,444),(58,444),(59,444),(60,444),(61,444),(85,444),(86,444),(87,444),(88,444),(89,444),(90,444),(91,444),(92,444),(93,444),(94,444),(96,444),(97,444),(98,444),(99,444),(100,444),(101,444),(102,444),(103,444),(104,444),(2,445),(4,445),(8,445),(10,445),(14,445),(16,445),(22,445),(31,445),(39,445),(44,445),(48,445),(51,445),(53,445),(55,445),(56,445),(91,445),(103,445),(2,446),(4,446),(7,446),(8,446),(9,446),(10,446),(13,446),(14,446),(15,446),(16,446),(21,446),(22,446),(24,446),(30,446),(31,446),(33,446),(38,446),(39,446),(41,446),(44,446),(47,446),(48,446),(49,446),(51,446),(53,446),(55,446),(56,446),(91,446),(99,446),(102,446),(103,446),(1,447),(2,447),(3,447),(4,447),(5,447),(6,447),(7,447),(8,447),(9,447),(10,447),(11,447),(12,447),(13,447),(14,447),(15,447),(16,447),(17,447),(18,447),(19,447),(20,447),(21,447),(22,447),(23,447),(24,447),(25,447),(26,447),(27,447),(28,447),(29,447),(30,447),(31,447),(32,447),(33,447),(34,447),(35,447),(36,447),(37,447),(38,447),(39,447),(40,447),(41,447),(42,447),(43,447),(44,447),(45,447),(46,447),(47,447),(48,447),(49,447),(50,447),(51,447),(52,447),(53,447),(54,447),(55,447),(56,447),(57,447),(58,447),(59,447),(60,447),(61,447),(85,447),(86,447),(87,447),(88,447),(89,447),(90,447),(91,447),(92,447),(93,447),(94,447),(96,447),(97,447),(98,447),(99,447),(100,447),(101,447),(102,447),(103,447),(104,447),(2,448),(4,448),(8,448),(10,448),(14,448),(16,448),(22,448),(31,448),(39,448),(44,448),(48,448),(51,448),(53,448),(55,448),(56,448),(91,448),(103,448),(2,449),(4,449),(7,449),(8,449),(9,449),(10,449),(13,449),(14,449),(15,449),(16,449),(21,449),(22,449),(24,449),(30,449),(31,449),(33,449),(38,449),(39,449),(41,449),(44,449),(47,449),(48,449),(49,449),(51,449),(53,449),(55,449),(56,449),(91,449),(99,449),(102,449),(103,449),(1,450),(2,450),(3,450),(4,450),(5,450),(6,450),(7,450),(8,450),(9,450),(10,450),(11,450),(12,450),(13,450),(14,450),(15,450),(16,450),(17,450),(18,450),(19,450),(20,450),(21,450),(22,450),(23,450),(24,450),(25,450),(26,450),(27,450),(28,450),(29,450),(30,450),(31,450),(32,450),(33,450),(34,450),(35,450),(36,450),(37,450),(38,450),(39,450),(40,450),(41,450),(42,450),(43,450),(44,450),(45,450),(46,450),(47,450),(48,450),(49,450),(50,450),(51,450),(52,450),(53,450),(54,450),(55,450),(56,450),(57,450),(58,450),(59,450),(60,450),(61,450),(85,450),(86,450),(87,450),(88,450),(89,450),(90,450),(91,450),(92,450),(93,450),(94,450),(96,450),(97,450),(98,450),(99,450),(100,450),(101,450),(102,450),(103,450),(104,450),(2,451),(4,451),(8,451),(10,451),(14,451),(16,451),(22,451),(31,451),(39,451),(44,451),(48,451),(51,451),(53,451),(55,451),(56,451),(91,451),(103,451),(2,452),(4,452),(7,452),(8,452),(9,452),(10,452),(13,452),(14,452),(15,452),(16,452),(21,452),(22,452),(24,452),(30,452),(31,452),(33,452),(38,452),(39,452),(41,452),(44,452),(47,452),(48,452),(49,452),(51,452),(53,452),(55,452),(56,452),(91,452),(99,452),(102,452),(103,452),(1,453),(2,453),(3,453),(4,453),(5,453),(6,453),(7,453),(8,453),(9,453),(10,453),(11,453),(12,453),(13,453),(14,453),(15,453),(16,453),(17,453),(18,453),(19,453),(20,453),(21,453),(22,453),(23,453),(24,453),(25,453),(26,453),(27,453),(28,453),(29,453),(30,453),(31,453),(32,453),(33,453),(34,453),(35,453),(36,453),(37,453),(38,453),(39,453),(40,453),(41,453),(42,453),(43,453),(44,453),(45,453),(46,453),(47,453),(48,453),(49,453),(50,453),(51,453),(52,453),(53,453),(54,453),(55,453),(56,453),(57,453),(58,453),(59,453),(60,453),(61,453),(85,453),(86,453),(87,453),(88,453),(89,453),(90,453),(91,453),(92,453),(93,453),(94,453),(96,453),(97,453),(98,453),(99,453),(100,453),(101,453),(102,453),(103,453),(104,453),(2,454),(4,454),(8,454),(10,454),(14,454),(16,454),(22,454),(31,454),(39,454),(44,454),(48,454),(51,454),(53,454),(55,454),(56,454),(91,454),(103,454),(2,455),(4,455),(7,455),(8,455),(9,455),(10,455),(13,455),(14,455),(15,455),(16,455),(21,455),(22,455),(24,455),(30,455),(31,455),(33,455),(38,455),(39,455),(41,455),(44,455),(47,455),(48,455),(49,455),(51,455),(53,455),(55,455),(56,455),(91,455),(99,455),(102,455),(103,455),(1,456),(2,456),(3,456),(4,456),(5,456),(6,456),(7,456),(8,456),(9,456),(10,456),(11,456),(12,456),(13,456),(14,456),(15,456),(16,456),(17,456),(18,456),(19,456),(20,456),(21,456),(22,456),(23,456),(24,456),(25,456),(26,456),(27,456),(28,456),(29,456),(30,456),(31,456),(32,456),(33,456),(34,456),(35,456),(36,456),(37,456),(38,456),(39,456),(40,456),(41,456),(42,456),(43,456),(44,456),(45,456),(46,456),(47,456),(48,456),(49,456),(50,456),(51,456),(52,456),(53,456),(54,456),(55,456),(56,456),(57,456),(58,456),(59,456),(60,456),(61,456),(85,456),(86,456),(87,456),(88,456),(89,456),(90,456),(91,456),(92,456),(93,456),(94,456),(96,456),(97,456),(98,456),(99,456),(100,456),(101,456),(102,456),(103,456),(104,456),(2,457),(4,457),(8,457),(10,457),(14,457),(16,457),(22,457),(31,457),(39,457),(44,457),(48,457),(51,457),(53,457),(55,457),(56,457),(91,457),(103,457),(2,458),(4,458),(7,458),(8,458),(9,458),(10,458),(13,458),(14,458),(15,458),(16,458),(21,458),(22,458),(24,458),(30,458),(31,458),(33,458),(38,458),(39,458),(41,458),(44,458),(47,458),(48,458),(49,458),(51,458),(53,458),(55,458),(56,458),(91,458),(99,458),(102,458),(103,458),(1,459),(2,459),(3,459),(4,459),(5,459),(6,459),(7,459),(8,459),(9,459),(10,459),(11,459),(12,459),(13,459),(14,459),(15,459),(16,459),(17,459),(18,459),(19,459),(20,459),(21,459),(22,459),(23,459),(24,459),(25,459),(26,459),(27,459),(28,459),(29,459),(30,459),(31,459),(32,459),(33,459),(34,459),(35,459),(36,459),(37,459),(38,459),(39,459),(40,459),(41,459),(42,459),(43,459),(44,459),(45,459),(46,459),(47,459),(48,459),(49,459),(50,459),(51,459),(52,459),(53,459),(54,459),(55,459),(56,459),(57,459),(58,459),(59,459),(60,459),(61,459),(85,459),(86,459),(87,459),(88,459),(89,459),(90,459),(91,459),(92,459),(93,459),(94,459),(96,459),(97,459),(98,459),(99,459),(100,459),(101,459),(102,459),(103,459),(104,459),(2,460),(4,460),(8,460),(10,460),(14,460),(16,460),(22,460),(31,460),(39,460),(44,460),(48,460),(51,460),(53,460),(55,460),(56,460),(91,460),(103,460),(2,461),(4,461),(7,461),(8,461),(9,461),(10,461),(13,461),(14,461),(15,461),(16,461),(21,461),(22,461),(24,461),(30,461),(31,461),(33,461),(38,461),(39,461),(41,461),(44,461),(47,461),(48,461),(49,461),(51,461),(53,461),(55,461),(56,461),(91,461),(99,461),(102,461),(103,461),(1,462),(2,462),(3,462),(4,462),(5,462),(6,462),(7,462),(8,462),(9,462),(10,462),(11,462),(12,462),(13,462),(14,462),(15,462),(16,462),(17,462),(18,462),(19,462),(20,462),(21,462),(22,462),(23,462),(24,462),(25,462),(26,462),(27,462),(28,462),(29,462),(30,462),(31,462),(32,462),(33,462),(34,462),(35,462),(36,462),(37,462),(38,462),(39,462),(40,462),(41,462),(42,462),(43,462),(44,462),(45,462),(46,462),(47,462),(48,462),(49,462),(50,462),(51,462),(52,462),(53,462),(54,462),(55,462),(56,462),(57,462),(58,462),(59,462),(60,462),(61,462),(85,462),(86,462),(87,462),(88,462),(89,462),(90,462),(91,462),(92,462),(93,462),(94,462),(96,462),(97,462),(98,462),(99,462),(100,462),(101,462),(102,462),(103,462),(104,462),(2,463),(4,463),(8,463),(10,463),(14,463),(16,463),(22,463),(31,463),(39,463),(44,463),(48,463),(51,463),(53,463),(55,463),(56,463),(91,463),(103,463),(2,464),(4,464),(7,464),(8,464),(9,464),(10,464),(13,464),(14,464),(15,464),(16,464),(21,464),(22,464),(24,464),(30,464),(31,464),(33,464),(38,464),(39,464),(41,464),(44,464),(47,464),(48,464),(49,464),(51,464),(53,464),(55,464),(56,464),(91,464),(99,464),(102,464),(103,464),(1,465),(2,465),(3,465),(4,465),(5,465),(6,465),(7,465),(8,465),(9,465),(10,465),(11,465),(12,465),(13,465),(14,465),(15,465),(16,465),(17,465),(18,465),(19,465),(20,465),(21,465),(22,465),(23,465),(24,465),(25,465),(26,465),(27,465),(28,465),(29,465),(30,465),(31,465),(32,465),(33,465),(34,465),(35,465),(36,465),(37,465),(38,465),(39,465),(40,465),(41,465),(42,465),(43,465),(44,465),(45,465),(46,465),(47,465),(48,465),(49,465),(50,465),(51,465),(52,465),(53,465),(54,465),(55,465),(56,465),(57,465),(58,465),(59,465),(60,465),(61,465),(85,465),(86,465),(87,465),(88,465),(89,465),(90,465),(91,465),(92,465),(93,465),(94,465),(96,465),(97,465),(98,465),(99,465),(100,465),(101,465),(102,465),(103,465),(104,465),(2,466),(4,466),(8,466),(10,466),(14,466),(16,466),(22,466),(31,466),(39,466),(44,466),(48,466),(51,466),(53,466),(55,466),(56,466),(91,466),(103,466),(2,467),(4,467),(7,467),(8,467),(9,467),(10,467),(13,467),(14,467),(15,467),(16,467),(21,467),(22,467),(24,467),(30,467),(31,467),(33,467),(38,467),(39,467),(41,467),(44,467),(47,467),(48,467),(49,467),(51,467),(53,467),(55,467),(56,467),(91,467),(99,467),(102,467),(103,467),(1,468),(2,468),(3,468),(4,468),(5,468),(6,468),(7,468),(8,468),(9,468),(10,468),(11,468),(12,468),(13,468),(14,468),(15,468),(16,468),(17,468),(18,468),(19,468),(20,468),(21,468),(22,468),(23,468),(24,468),(25,468),(26,468),(27,468),(28,468),(29,468),(30,468),(31,468),(32,468),(33,468),(34,468),(35,468),(36,468),(37,468),(38,468),(39,468),(40,468),(41,468),(42,468),(43,468),(44,468),(45,468),(46,468),(47,468),(48,468),(49,468),(50,468),(51,468),(52,468),(53,468),(54,468),(55,468),(56,468),(57,468),(58,468),(59,468),(60,468),(61,468),(85,468),(86,468),(87,468),(88,468),(89,468),(90,468),(91,468),(92,468),(93,468),(94,468),(96,468),(97,468),(98,468),(99,468),(100,468),(101,468),(102,468),(103,468),(104,468),(2,469),(4,469),(8,469),(10,469),(14,469),(16,469),(22,469),(31,469),(39,469),(44,469),(48,469),(51,469),(53,469),(55,469),(56,469),(91,469),(103,469),(2,470),(4,470),(7,470),(8,470),(9,470),(10,470),(13,470),(14,470),(15,470),(16,470),(21,470),(22,470),(24,470),(30,470),(31,470),(33,470),(38,470),(39,470),(41,470),(44,470),(47,470),(48,470),(49,470),(51,470),(53,470),(55,470),(56,470),(91,470),(99,470),(102,470),(103,470),(1,471),(2,471),(3,471),(4,471),(5,471),(6,471),(7,471),(8,471),(9,471),(10,471),(11,471),(12,471),(13,471),(14,471),(15,471),(16,471),(17,471),(18,471),(19,471),(20,471),(21,471),(22,471),(23,471),(24,471),(25,471),(26,471),(27,471),(28,471),(29,471),(30,471),(31,471),(32,471),(33,471),(34,471),(35,471),(36,471),(37,471),(38,471),(39,471),(40,471),(41,471),(42,471),(43,471),(44,471),(45,471),(46,471),(47,471),(48,471),(49,471),(50,471),(51,471),(52,471),(53,471),(54,471),(55,471),(56,471),(57,471),(58,471),(59,471),(60,471),(61,471),(85,471),(86,471),(87,471),(88,471),(89,471),(90,471),(91,471),(92,471),(93,471),(94,471),(96,471),(97,471),(98,471),(99,471),(100,471),(101,471),(102,471),(103,471),(104,471),(2,472),(4,472),(8,472),(10,472),(14,472),(16,472),(22,472),(31,472),(39,472),(44,472),(48,472),(51,472),(53,472),(55,472),(56,472),(91,472),(103,472),(2,473),(4,473),(7,473),(8,473),(9,473),(10,473),(13,473),(14,473),(15,473),(16,473),(21,473),(22,473),(24,473),(30,473),(31,473),(33,473),(38,473),(39,473),(41,473),(44,473),(47,473),(48,473),(49,473),(51,473),(53,473),(55,473),(56,473),(91,473),(99,473),(102,473),(103,473),(1,474),(2,474),(3,474),(4,474),(5,474),(6,474),(7,474),(8,474),(9,474),(10,474),(11,474),(12,474),(13,474),(14,474),(15,474),(16,474),(17,474),(18,474),(19,474),(20,474),(21,474),(22,474),(23,474),(24,474),(25,474),(26,474),(27,474),(28,474),(29,474),(30,474),(31,474),(32,474),(33,474),(34,474),(35,474),(36,474),(37,474),(38,474),(39,474),(40,474),(41,474),(42,474),(43,474),(44,474),(45,474),(46,474),(47,474),(48,474),(49,474),(50,474),(51,474),(52,474),(53,474),(54,474),(55,474),(56,474),(57,474),(58,474),(59,474),(60,474),(61,474),(85,474),(86,474),(87,474),(88,474),(89,474),(90,474),(91,474),(92,474),(93,474),(94,474),(96,474),(97,474),(98,474),(99,474),(100,474),(101,474),(102,474),(103,474),(104,474),(2,475),(4,475),(8,475),(10,475),(14,475),(16,475),(22,475),(31,475),(39,475),(44,475),(48,475),(51,475),(53,475),(55,475),(56,475),(91,475),(103,475),(2,476),(4,476),(7,476),(8,476),(9,476),(10,476),(13,476),(14,476),(15,476),(16,476),(21,476),(22,476),(24,476),(30,476),(31,476),(33,476),(38,476),(39,476),(41,476),(44,476),(47,476),(48,476),(49,476),(51,476),(53,476),(55,476),(56,476),(91,476),(99,476),(102,476),(103,476),(1,477),(2,477),(3,477),(4,477),(5,477),(6,477),(7,477),(8,477),(9,477),(10,477),(11,477),(12,477),(13,477),(14,477),(15,477),(16,477),(17,477),(18,477),(19,477),(20,477),(21,477),(22,477),(23,477),(24,477),(25,477),(26,477),(27,477),(28,477),(29,477),(30,477),(31,477),(32,477),(33,477),(34,477),(35,477),(36,477),(37,477),(38,477),(39,477),(40,477),(41,477),(42,477),(43,477),(44,477),(45,477),(46,477),(47,477),(48,477),(49,477),(50,477),(51,477),(52,477),(53,477),(54,477),(55,477),(56,477),(57,477),(58,477),(59,477),(60,477),(61,477),(85,477),(86,477),(87,477),(88,477),(89,477),(90,477),(91,477),(92,477),(93,477),(94,477),(96,477),(97,477),(98,477),(99,477),(100,477),(101,477),(102,477),(103,477),(104,477),(2,478),(4,478),(8,478),(10,478),(14,478),(16,478),(22,478),(31,478),(39,478),(44,478),(48,478),(51,478),(53,478),(55,478),(56,478),(91,478),(103,478),(2,479),(4,479),(7,479),(8,479),(9,479),(10,479),(13,479),(14,479),(15,479),(16,479),(21,479),(22,479),(24,479),(30,479),(31,479),(33,479),(38,479),(39,479),(41,479),(44,479),(47,479),(48,479),(49,479),(51,479),(53,479),(55,479),(56,479),(91,479),(99,479),(102,479),(103,479),(1,480),(2,480),(3,480),(4,480),(5,480),(6,480),(7,480),(8,480),(9,480),(10,480),(11,480),(12,480),(13,480),(14,480),(15,480),(16,480),(17,480),(18,480),(19,480),(20,480),(21,480),(22,480),(23,480),(24,480),(25,480),(26,480),(27,480),(28,480),(29,480),(30,480),(31,480),(32,480),(33,480),(34,480),(35,480),(36,480),(37,480),(38,480),(39,480),(40,480),(41,480),(42,480),(43,480),(44,480),(45,480),(46,480),(47,480),(48,480),(49,480),(50,480),(51,480),(52,480),(53,480),(54,480),(55,480),(56,480),(57,480),(58,480),(59,480),(60,480),(61,480),(85,480),(86,480),(87,480),(88,480),(89,480),(90,480),(91,480),(92,480),(93,480),(94,480),(96,480),(97,480),(98,480),(99,480),(100,480),(101,480),(102,480),(103,480),(104,480),(2,481),(4,481),(8,481),(10,481),(14,481),(16,481),(22,481),(31,481),(39,481),(44,481),(48,481),(51,481),(53,481),(55,481),(56,481),(91,481),(103,481),(2,482),(4,482),(7,482),(8,482),(9,482),(10,482),(13,482),(14,482),(15,482),(16,482),(21,482),(22,482),(24,482),(30,482),(31,482),(33,482),(38,482),(39,482),(41,482),(44,482),(47,482),(48,482),(49,482),(51,482),(53,482),(55,482),(56,482),(91,482),(99,482),(102,482),(103,482),(1,483),(2,483),(3,483),(4,483),(5,483),(6,483),(7,483),(8,483),(9,483),(10,483),(11,483),(12,483),(13,483),(14,483),(15,483),(16,483),(17,483),(18,483),(19,483),(20,483),(21,483),(22,483),(23,483),(24,483),(25,483),(26,483),(27,483),(28,483),(29,483),(30,483),(31,483),(32,483),(33,483),(34,483),(35,483),(36,483),(37,483),(38,483),(39,483),(40,483),(41,483),(42,483),(43,483),(44,483),(45,483),(46,483),(47,483),(48,483),(49,483),(50,483),(51,483),(52,483),(53,483),(54,483),(55,483),(56,483),(57,483),(58,483),(59,483),(60,483),(61,483),(85,483),(86,483),(87,483),(88,483),(89,483),(90,483),(91,483),(92,483),(93,483),(94,483),(96,483),(97,483),(98,483),(99,483),(100,483),(101,483),(102,483),(103,483),(104,483),(95,483),(62,483),(63,483),(64,483),(65,483),(66,483),(67,483),(68,483),(69,483),(70,483),(71,483),(72,483),(73,483),(74,483),(75,483),(76,483),(77,483),(78,483),(79,483),(80,483),(81,483),(82,483),(83,483),(84,483),(62,471),(63,471),(64,471),(65,471),(66,471),(67,471),(68,471),(69,471),(70,471),(71,471),(72,471),(73,471),(74,471),(75,471),(76,471),(77,471),(78,471),(79,471),(80,471),(81,471),(82,471),(83,471),(84,471),(95,471),(2,484),(4,484),(8,484),(10,484),(14,484),(16,484),(22,484),(31,484),(39,484),(44,484),(48,484),(51,484),(53,484),(55,484),(56,484),(91,484),(103,484),(2,485),(4,485),(7,485),(8,485),(9,485),(10,485),(13,485),(14,485),(15,485),(16,485),(21,485),(22,485),(24,485),(30,485),(31,485),(33,485),(38,485),(39,485),(41,485),(44,485),(47,485),(48,485),(49,485),(51,485),(53,485),(55,485),(56,485),(91,485),(99,485),(102,485),(103,485),(1,486),(2,486),(3,486),(4,486),(5,486),(6,486),(7,486),(8,486),(9,486),(10,486),(11,486),(12,486),(13,486),(14,486),(15,486),(16,486),(17,486),(18,486),(19,486),(20,486),(21,486),(22,486),(23,486),(24,486),(25,486),(26,486),(27,486),(28,486),(29,486),(30,486),(31,486),(32,486),(33,486),(34,486),(35,486),(36,486),(37,486),(38,486),(39,486),(40,486),(41,486),(42,486),(43,486),(44,486),(45,486),(46,486),(47,486),(48,486),(49,486),(50,486),(51,486),(52,486),(53,486),(54,486),(55,486),(56,486),(57,486),(58,486),(59,486),(60,486),(61,486),(85,486),(86,486),(87,486),(88,486),(89,486),(90,486),(91,486),(92,486),(93,486),(94,486),(96,486),(97,486),(98,486),(99,486),(100,486),(101,486),(102,486),(103,486),(104,486),(2,487),(4,487),(8,487),(10,487),(14,487),(16,487),(22,487),(31,487),(39,487),(44,487),(48,487),(51,487),(53,487),(55,487),(56,487),(91,487),(103,487),(2,488),(4,488),(7,488),(8,488),(9,488),(10,488),(13,488),(14,488),(15,488),(16,488),(21,488),(22,488),(24,488),(30,488),(31,488),(33,488),(38,488),(39,488),(41,488),(44,488),(47,488),(48,488),(49,488),(51,488),(53,488),(55,488),(56,488),(91,488),(99,488),(102,488),(103,488),(1,489),(2,489),(3,489),(4,489),(5,489),(6,489),(7,489),(8,489),(9,489),(10,489),(11,489),(12,489),(13,489),(14,489),(15,489),(16,489),(17,489),(18,489),(19,489),(20,489),(21,489),(22,489),(23,489),(24,489),(25,489),(26,489),(27,489),(28,489),(29,489),(30,489),(31,489),(32,489),(33,489),(34,489),(35,489),(36,489),(37,489),(38,489),(39,489),(40,489),(41,489),(42,489),(43,489),(44,489),(45,489),(46,489),(47,489),(48,489),(49,489),(50,489),(51,489),(52,489),(53,489),(54,489),(55,489),(56,489),(57,489),(58,489),(59,489),(60,489),(61,489),(85,489),(86,489),(87,489),(88,489),(89,489),(90,489),(91,489),(92,489),(93,489),(94,489),(96,489),(97,489),(98,489),(99,489),(100,489),(101,489),(102,489),(103,489),(104,489),(2,490),(4,490),(8,490),(10,490),(14,490),(16,490),(22,490),(31,490),(39,490),(44,490),(48,490),(51,490),(53,490),(55,490),(56,490),(91,490),(103,490),(2,491),(4,491),(7,491),(8,491),(9,491),(10,491),(13,491),(14,491),(15,491),(16,491),(21,491),(22,491),(24,491),(30,491),(31,491),(33,491),(38,491),(39,491),(41,491),(44,491),(47,491),(48,491),(49,491),(51,491),(53,491),(55,491),(56,491),(91,491),(99,491),(102,491),(103,491),(1,492),(2,492),(3,492),(4,492),(5,492),(6,492),(7,492),(8,492),(9,492),(10,492),(11,492),(12,492),(13,492),(14,492),(15,492),(16,492),(17,492),(18,492),(19,492),(20,492),(21,492),(22,492),(23,492),(24,492),(25,492),(26,492),(27,492),(28,492),(29,492),(30,492),(31,492),(32,492),(33,492),(34,492),(35,492),(36,492),(37,492),(38,492),(39,492),(40,492),(41,492),(42,492),(43,492),(44,492),(45,492),(46,492),(47,492),(48,492),(49,492),(50,492),(51,492),(52,492),(53,492),(54,492),(55,492),(56,492),(57,492),(58,492),(59,492),(60,492),(61,492),(85,492),(86,492),(87,492),(88,492),(89,492),(90,492),(91,492),(92,492),(93,492),(94,492),(96,492),(97,492),(98,492),(99,492),(100,492),(101,492),(102,492),(103,492),(104,492),(2,493),(4,493),(8,493),(10,493),(14,493),(16,493),(22,493),(31,493),(39,493),(44,493),(48,493),(51,493),(53,493),(55,493),(56,493),(91,493),(103,493),(2,494),(4,494),(7,494),(8,494),(9,494),(10,494),(13,494),(14,494),(15,494),(16,494),(21,494),(22,494),(24,494),(30,494),(31,494),(33,494),(38,494),(39,494),(41,494),(44,494),(47,494),(48,494),(49,494),(51,494),(53,494),(55,494),(56,494),(91,494),(99,494),(102,494),(103,494),(1,495),(2,495),(3,495),(4,495),(5,495),(6,495),(7,495),(8,495),(9,495),(10,495),(11,495),(12,495),(13,495),(14,495),(15,495),(16,495),(17,495),(18,495),(19,495),(20,495),(21,495),(22,495),(23,495),(24,495),(25,495),(26,495),(27,495),(28,495),(29,495),(30,495),(31,495),(32,495),(33,495),(34,495),(35,495),(36,495),(37,495),(38,495),(39,495),(40,495),(41,495),(42,495),(43,495),(44,495),(45,495),(46,495),(47,495),(48,495),(49,495),(50,495),(51,495),(52,495),(53,495),(54,495),(55,495),(56,495),(57,495),(58,495),(59,495),(60,495),(61,495),(85,495),(86,495),(87,495),(88,495),(89,495),(90,495),(91,495),(92,495),(93,495),(94,495),(96,495),(97,495),(98,495),(99,495),(100,495),(101,495),(102,495),(103,495),(104,495),(2,496),(4,496),(8,496),(10,496),(14,496),(16,496),(22,496),(31,496),(39,496),(44,496),(48,496),(51,496),(53,496),(55,496),(56,496),(91,496),(103,496),(2,497),(4,497),(7,497),(8,497),(9,497),(10,497),(13,497),(14,497),(15,497),(16,497),(21,497),(22,497),(24,497),(30,497),(31,497),(33,497),(38,497),(39,497),(41,497),(44,497),(47,497),(48,497),(49,497),(51,497),(53,497),(55,497),(56,497),(91,497),(99,497),(102,497),(103,497),(1,498),(2,498),(3,498),(4,498),(5,498),(6,498),(7,498),(8,498),(9,498),(10,498),(11,498),(12,498),(13,498),(14,498),(15,498),(16,498),(17,498),(18,498),(19,498),(20,498),(21,498),(22,498),(23,498),(24,498),(25,498),(26,498),(27,498),(28,498),(29,498),(30,498),(31,498),(32,498),(33,498),(34,498),(35,498),(36,498),(37,498),(38,498),(39,498),(40,498),(41,498),(42,498),(43,498),(44,498),(45,498),(46,498),(47,498),(48,498),(49,498),(50,498),(51,498),(52,498),(53,498),(54,498),(55,498),(56,498),(57,498),(58,498),(59,498),(60,498),(61,498),(85,498),(86,498),(87,498),(88,498),(89,498),(90,498),(91,498),(92,498),(93,498),(94,498),(96,498),(97,498),(98,498),(99,498),(100,498),(101,498),(102,498),(103,498),(104,498),(2,499),(4,499),(8,499),(10,499),(14,499),(16,499),(22,499),(31,499),(39,499),(44,499),(48,499),(51,499),(53,499),(55,499),(56,499),(91,499),(103,499),(2,500),(4,500),(7,500),(8,500),(9,500),(10,500),(13,500),(14,500),(15,500),(16,500),(21,500),(22,500),(24,500),(30,500),(31,500),(33,500),(38,500),(39,500),(41,500),(44,500),(47,500),(48,500),(49,500),(51,500),(53,500),(55,500),(56,500),(91,500),(99,500),(102,500),(103,500),(1,501),(2,501),(3,501),(4,501),(5,501),(6,501),(7,501),(8,501),(9,501),(10,501),(11,501),(12,501),(13,501),(14,501),(15,501),(16,501),(17,501),(18,501),(19,501),(20,501),(21,501),(22,501),(23,501),(24,501),(25,501),(26,501),(27,501),(28,501),(29,501),(30,501),(31,501),(32,501),(33,501),(34,501),(35,501),(36,501),(37,501),(38,501),(39,501),(40,501),(41,501),(42,501),(43,501),(44,501),(45,501),(46,501),(47,501),(48,501),(49,501),(50,501),(51,501),(52,501),(53,501),(54,501),(55,501),(56,501),(57,501),(58,501),(59,501),(60,501),(61,501),(85,501),(86,501),(87,501),(88,501),(89,501),(90,501),(91,501),(92,501),(93,501),(94,501),(96,501),(97,501),(98,501),(99,501),(100,501),(101,501),(102,501),(103,501),(104,501),(2,502),(4,502),(8,502),(10,502),(14,502),(16,502),(22,502),(31,502),(39,502),(44,502),(48,502),(51,502),(53,502),(55,502),(56,502),(91,502),(103,502),(2,503),(4,503),(7,503),(8,503),(9,503),(10,503),(13,503),(14,503),(15,503),(16,503),(21,503),(22,503),(24,503),(30,503),(31,503),(33,503),(38,503),(39,503),(41,503),(44,503),(47,503),(48,503),(49,503),(51,503),(53,503),(55,503),(56,503),(91,503),(99,503),(102,503),(103,503),(1,504),(2,504),(3,504),(4,504),(5,504),(6,504),(7,504),(8,504),(9,504),(10,504),(11,504),(12,504),(13,504),(14,504),(15,504),(16,504),(17,504),(18,504),(19,504),(20,504),(21,504),(22,504),(23,504),(24,504),(25,504),(26,504),(27,504),(28,504),(29,504),(30,504),(31,504),(32,504),(33,504),(34,504),(35,504),(36,504),(37,504),(38,504),(39,504),(40,504),(41,504),(42,504),(43,504),(44,504),(45,504),(46,504),(47,504),(48,504),(49,504),(50,504),(51,504),(52,504),(53,504),(54,504),(55,504),(56,504),(57,504),(58,504),(59,504),(60,504),(61,504),(85,504),(86,504),(87,504),(88,504),(89,504),(90,504),(91,504),(92,504),(93,504),(94,504),(96,504),(97,504),(98,504),(99,504),(100,504),(101,504),(102,504),(103,504),(104,504),(2,505),(4,505),(8,505),(10,505),(14,505),(16,505),(22,505),(31,505),(39,505),(44,505),(48,505),(51,505),(53,505),(55,505),(56,505),(91,505),(103,505),(2,506),(4,506),(7,506),(8,506),(9,506),(10,506),(13,506),(14,506),(15,506),(16,506),(21,506),(22,506),(24,506),(30,506),(31,506),(33,506),(38,506),(39,506),(41,506),(44,506),(47,506),(48,506),(49,506),(51,506),(53,506),(55,506),(56,506),(91,506),(99,506),(102,506),(103,506),(1,507),(2,507),(3,507),(4,507),(5,507),(6,507),(7,507),(8,507),(9,507),(10,507),(11,507),(12,507),(13,507),(14,507),(15,507),(16,507),(17,507),(18,507),(19,507),(20,507),(21,507),(22,507),(23,507),(24,507),(25,507),(26,507),(27,507),(28,507),(29,507),(30,507),(31,507),(32,507),(33,507),(34,507),(35,507),(36,507),(37,507),(38,507),(39,507),(40,507),(41,507),(42,507),(43,507),(44,507),(45,507),(46,507),(47,507),(48,507),(49,507),(50,507),(51,507),(52,507),(53,507),(54,507),(55,507),(56,507),(57,507),(58,507),(59,507),(60,507),(61,507),(85,507),(86,507),(87,507),(88,507),(89,507),(90,507),(91,507),(92,507),(93,507),(94,507),(96,507),(97,507),(98,507),(99,507),(100,507),(101,507),(102,507),(103,507),(104,507),(2,508),(4,508),(8,508),(10,508),(14,508),(16,508),(22,508),(31,508),(39,508),(44,508),(48,508),(51,508),(53,508),(55,508),(56,508),(91,508),(103,508),(2,509),(4,509),(7,509),(8,509),(9,509),(10,509),(13,509),(14,509),(15,509),(16,509),(21,509),(22,509),(24,509),(30,509),(31,509),(33,509),(38,509),(39,509),(41,509),(44,509),(47,509),(48,509),(49,509),(51,509),(53,509),(55,509),(56,509),(91,509),(99,509),(102,509),(103,509),(1,510),(2,510),(3,510),(4,510),(5,510),(6,510),(7,510),(8,510),(9,510),(10,510),(11,510),(12,510),(13,510),(14,510),(15,510),(16,510),(17,510),(18,510),(19,510),(20,510),(21,510),(22,510),(23,510),(24,510),(25,510),(26,510),(27,510),(28,510),(29,510),(30,510),(31,510),(32,510),(33,510),(34,510),(35,510),(36,510),(37,510),(38,510),(39,510),(40,510),(41,510),(42,510),(43,510),(44,510),(45,510),(46,510),(47,510),(48,510),(49,510),(50,510),(51,510),(52,510),(53,510),(54,510),(55,510),(56,510),(57,510),(58,510),(59,510),(60,510),(61,510),(85,510),(86,510),(87,510),(88,510),(89,510),(90,510),(91,510),(92,510),(93,510),(94,510),(96,510),(97,510),(98,510),(99,510),(100,510),(101,510),(102,510),(103,510),(104,510),(105,2),(106,2),(105,4),(106,4),(105,6),(106,6),(105,9),(106,9),(105,11),(106,11),(105,13),(106,13),(105,15),(106,15),(105,17),(106,17),(105,19),(106,19),(105,21),(106,21),(105,23),(106,23),(105,25),(106,25),(105,27),(106,27),(105,29),(106,29),(105,31),(106,31),(105,33),(106,33),(105,35),(106,35),(105,37),(106,37),(105,39),(106,39),(105,41),(106,41),(105,43),(106,43),(105,45),(106,45),(105,47),(106,47),(105,49),(106,49),(105,51),(106,51),(105,53),(106,53),(105,55),(106,55),(105,57),(106,57),(105,59),(106,59),(105,61),(106,61),(105,63),(106,63),(105,65),(106,65),(105,67),(106,67),(105,69),(106,69),(105,71),(106,71),(105,73),(106,73),(105,75),(106,75),(105,77),(106,77),(105,79),(106,79),(105,81),(106,81),(105,83),(106,83),(105,85),(106,85),(105,87),(106,87),(105,89),(106,89),(105,91),(106,91),(105,93),(106,93),(105,95),(106,95),(105,97),(106,97),(105,99),(106,99),(105,101),(106,101),(105,103),(106,103),(105,105),(106,105),(105,132),(106,132),(105,134),(106,134),(105,136),(106,136),(105,151),(106,151),(105,153),(106,153),(105,155),(106,155),(105,157),(106,157),(105,159),(106,159),(105,161),(106,161),(105,163),(106,163),(105,166),(106,166),(105,168),(106,168),(105,170),(106,170),(105,172),(106,172),(105,174),(106,174),(105,179),(106,179),(105,181),(106,181),(105,183),(106,183),(105,185),(106,185),(105,187),(106,187),(105,190),(106,190),(105,192),(106,192),(105,194),(106,194),(105,196),(106,196),(105,198),(106,198),(105,200),(106,200),(105,202),(106,202),(105,204),(106,204),(105,206),(106,206),(105,208),(106,208),(105,210),(106,210),(105,212),(106,212),(105,214),(106,214),(105,216),(106,216),(105,218),(106,218),(105,220),(106,220),(105,222),(106,222),(105,224),(106,224),(105,226),(106,226),(105,228),(106,228),(105,230),(106,230),(105,232),(106,232),(105,234),(106,234),(105,236),(106,236),(105,238),(106,238),(105,240),(106,240),(105,242),(106,242),(105,244),(106,244),(105,246),(106,246),(105,248),(106,248),(105,250),(106,250),(105,252),(106,252),(105,254),(106,254),(105,256),(106,256),(105,258),(106,258),(105,260),(106,260),(105,266),(106,266),(105,269),(106,269),(105,272),(106,272),(105,289),(106,289),(105,291),(106,291),(105,293),(106,293),(105,295),(106,295),(105,297),(106,297),(105,299),(106,299),(105,301),(106,301),(105,303),(106,303),(105,305),(106,305),(105,307),(106,307),(105,309),(106,309),(105,311),(106,311),(105,313),(106,313),(105,315),(106,315),(105,317),(106,317),(105,319),(106,319),(105,321),(106,321),(105,323),(106,323),(105,325),(106,325),(105,327),(106,327),(105,331),(106,331),(105,334),(106,334),(105,337),(106,337),(105,340),(106,340),(105,343),(106,343),(105,346),(106,346),(105,350),(106,350),(105,353),(106,353),(105,359),(106,359),(105,362),(106,362),(105,365),(106,365),(105,368),(106,368),(105,371),(106,371),(105,374),(106,374),(105,377),(106,377),(105,380),(106,380),(105,384),(106,384),(105,387),(106,387),(105,390),(106,390),(105,393),(106,393),(105,396),(106,396),(105,399),(106,399),(105,402),(106,402),(105,405),(106,405),(105,408),(106,408),(105,411),(106,411),(105,414),(106,414),(105,417),(106,417),(105,420),(106,420),(105,423),(106,423),(105,426),(106,426),(105,429),(106,429),(105,432),(106,432),(105,435),(106,435),(105,438),(106,438),(105,441),(106,441),(105,444),(106,444),(105,447),(106,447),(105,450),(106,450),(105,453),(106,453),(105,456),(106,456),(105,459),(106,459),(105,462),(106,462),(105,465),(106,465),(105,468),(106,468),(105,471),(106,471),(105,474),(106,474),(105,477),(106,477),(105,480),(106,480),(105,483),(106,483),(105,486),(106,486),(105,489),(106,489),(105,492),(106,492),(105,495),(106,495),(105,498),(106,498),(105,501),(106,501),(105,504),(106,504),(105,507),(106,507),(105,510),(106,510),(105,508),(106,509),(105,509),(2,511),(4,511),(8,511),(10,511),(14,511),(16,511),(22,511),(31,511),(39,511),(44,511),(48,511),(51,511),(53,511),(55,511),(56,511),(91,511),(103,511),(2,512),(4,512),(7,512),(8,512),(9,512),(10,512),(13,512),(14,512),(15,512),(16,512),(21,512),(22,512),(24,512),(30,512),(31,512),(33,512),(38,512),(39,512),(41,512),(44,512),(47,512),(48,512),(49,512),(51,512),(53,512),(55,512),(56,512),(91,512),(99,512),(102,512),(103,512),(1,513),(2,513),(3,513),(4,513),(5,513),(6,513),(7,513),(8,513),(9,513),(10,513),(11,513),(12,513),(13,513),(14,513),(15,513),(16,513),(17,513),(18,513),(19,513),(20,513),(21,513),(22,513),(23,513),(24,513),(25,513),(26,513),(27,513),(28,513),(29,513),(30,513),(31,513),(32,513),(33,513),(34,513),(35,513),(36,513),(37,513),(38,513),(39,513),(40,513),(41,513),(42,513),(43,513),(44,513),(45,513),(46,513),(47,513),(48,513),(49,513),(50,513),(51,513),(52,513),(53,513),(54,513),(55,513),(56,513),(57,513),(58,513),(59,513),(60,513),(61,513),(85,513),(86,513),(87,513),(88,513),(89,513),(90,513),(91,513),(92,513),(93,513),(94,513),(96,513),(97,513),(98,513),(99,513),(100,513),(101,513),(102,513),(103,513),(104,513),(2,514),(4,514),(8,514),(10,514),(14,514),(16,514),(22,514),(31,514),(39,514),(44,514),(48,514),(51,514),(53,514),(55,514),(56,514),(91,514),(103,514),(2,515),(4,515),(7,515),(8,515),(9,515),(10,515),(13,515),(14,515),(15,515),(16,515),(21,515),(22,515),(24,515),(30,515),(31,515),(33,515),(38,515),(39,515),(41,515),(44,515),(47,515),(48,515),(49,515),(51,515),(53,515),(55,515),(56,515),(91,515),(99,515),(102,515),(103,515),(1,516),(2,516),(3,516),(4,516),(5,516),(6,516),(7,516),(8,516),(9,516),(10,516),(11,516),(12,516),(13,516),(14,516),(15,516),(16,516),(17,516),(18,516),(19,516),(20,516),(21,516),(22,516),(23,516),(24,516),(25,516),(26,516),(27,516),(28,516),(29,516),(30,516),(31,516),(32,516),(33,516),(34,516),(35,516),(36,516),(37,516),(38,516),(39,516),(40,516),(41,516),(42,516),(43,516),(44,516),(45,516),(46,516),(47,516),(48,516),(49,516),(50,516),(51,516),(52,516),(53,516),(54,516),(55,516),(56,516),(57,516),(58,516),(59,516),(60,516),(61,516),(85,516),(86,516),(87,516),(88,516),(89,516),(90,516),(91,516),(92,516),(93,516),(94,516),(96,516),(97,516),(98,516),(99,516),(100,516),(101,516),(102,516),(103,516),(104,516),(2,517),(4,517),(8,517),(10,517),(14,517),(16,517),(22,517),(31,517),(39,517),(44,517),(48,517),(51,517),(53,517),(55,517),(56,517),(91,517),(103,517),(2,518),(4,518),(7,518),(8,518),(9,518),(10,518),(13,518),(14,518),(15,518),(16,518),(21,518),(22,518),(24,518),(30,518),(31,518),(33,518),(38,518),(39,518),(41,518),(44,518),(47,518),(48,518),(49,518),(51,518),(53,518),(55,518),(56,518),(91,518),(99,518),(102,518),(103,518),(1,519),(2,519),(3,519),(4,519),(5,519),(6,519),(7,519),(8,519),(9,519),(10,519),(11,519),(12,519),(13,519),(14,519),(15,519),(16,519),(17,519),(18,519),(19,519),(20,519),(21,519),(22,519),(23,519),(24,519),(25,519),(26,519),(27,519),(28,519),(29,519),(30,519),(31,519),(32,519),(33,519),(34,519),(35,519),(36,519),(37,519),(38,519),(39,519),(40,519),(41,519),(42,519),(43,519),(44,519),(45,519),(46,519),(47,519),(48,519),(49,519),(50,519),(51,519),(52,519),(53,519),(54,519),(55,519),(56,519),(57,519),(58,519),(59,519),(60,519),(61,519),(85,519),(86,519),(87,519),(88,519),(89,519),(90,519),(91,519),(92,519),(93,519),(94,519),(96,519),(97,519),(98,519),(99,519),(100,519),(101,519),(102,519),(103,519),(104,519),(2,520),(4,520),(8,520),(10,520),(14,520),(16,520),(22,520),(31,520),(39,520),(44,520),(48,520),(51,520),(53,520),(55,520),(56,520),(91,520),(103,520),(2,521),(4,521),(7,521),(8,521),(9,521),(10,521),(13,521),(14,521),(15,521),(16,521),(21,521),(22,521),(24,521),(30,521),(31,521),(33,521),(38,521),(39,521),(41,521),(44,521),(47,521),(48,521),(49,521),(51,521),(53,521),(55,521),(56,521),(91,521),(99,521),(102,521),(103,521),(1,522),(2,522),(3,522),(4,522),(5,522),(6,522),(7,522),(8,522),(9,522),(10,522),(11,522),(12,522),(13,522),(14,522),(15,522),(16,522),(17,522),(18,522),(19,522),(20,522),(21,522),(22,522),(23,522),(24,522),(25,522),(26,522),(27,522),(28,522),(29,522),(30,522),(31,522),(32,522),(33,522),(34,522),(35,522),(36,522),(37,522),(38,522),(39,522),(40,522),(41,522),(42,522),(43,522),(44,522),(45,522),(46,522),(47,522),(48,522),(49,522),(50,522),(51,522),(52,522),(53,522),(54,522),(55,522),(56,522),(57,522),(58,522),(59,522),(60,522),(61,522),(85,522),(86,522),(87,522),(88,522),(89,522),(90,522),(91,522),(92,522),(93,522),(94,522),(96,522),(97,522),(98,522),(99,522),(100,522),(101,522),(102,522),(103,522),(104,522),(2,523),(4,523),(8,523),(10,523),(14,523),(16,523),(22,523),(31,523),(39,523),(44,523),(48,523),(51,523),(53,523),(55,523),(56,523),(91,523),(103,523),(2,524),(4,524),(7,524),(8,524),(9,524),(10,524),(13,524),(14,524),(15,524),(16,524),(21,524),(22,524),(24,524),(30,524),(31,524),(33,524),(38,524),(39,524),(41,524),(44,524),(47,524),(48,524),(49,524),(51,524),(53,524),(55,524),(56,524),(91,524),(99,524),(102,524),(103,524),(1,525),(2,525),(3,525),(4,525),(5,525),(6,525),(7,525),(8,525),(9,525),(10,525),(11,525),(12,525),(13,525),(14,525),(15,525),(16,525),(17,525),(18,525),(19,525),(20,525),(21,525),(22,525),(23,525),(24,525),(25,525),(26,525),(27,525),(28,525),(29,525),(30,525),(31,525),(32,525),(33,525),(34,525),(35,525),(36,525),(37,525),(38,525),(39,525),(40,525),(41,525),(42,525),(43,525),(44,525),(45,525),(46,525),(47,525),(48,525),(49,525),(50,525),(51,525),(52,525),(53,525),(54,525),(55,525),(56,525),(57,525),(58,525),(59,525),(60,525),(61,525),(85,525),(86,525),(87,525),(88,525),(89,525),(90,525),(91,525),(92,525),(93,525),(94,525),(96,525),(97,525),(98,525),(99,525),(100,525),(101,525),(102,525),(103,525),(104,525),(2,526),(4,526),(8,526),(10,526),(14,526),(16,526),(22,526),(31,526),(39,526),(44,526),(48,526),(51,526),(53,526),(55,526),(56,526),(91,526),(103,526),(2,527),(4,527),(7,527),(8,527),(9,527),(10,527),(13,527),(14,527),(15,527),(16,527),(21,527),(22,527),(24,527),(30,527),(31,527),(33,527),(38,527),(39,527),(41,527),(44,527),(47,527),(48,527),(49,527),(51,527),(53,527),(55,527),(56,527),(91,527),(99,527),(102,527),(103,527),(1,528),(2,528),(3,528),(4,528),(5,528),(6,528),(7,528),(8,528),(9,528),(10,528),(11,528),(12,528),(13,528),(14,528),(15,528),(16,528),(17,528),(18,528),(19,528),(20,528),(21,528),(22,528),(23,528),(24,528),(25,528),(26,528),(27,528),(28,528),(29,528),(30,528),(31,528),(32,528),(33,528),(34,528),(35,528),(36,528),(37,528),(38,528),(39,528),(40,528),(41,528),(42,528),(43,528),(44,528),(45,528),(46,528),(47,528),(48,528),(49,528),(50,528),(51,528),(52,528),(53,528),(54,528),(55,528),(56,528),(57,528),(58,528),(59,528),(60,528),(61,528),(85,528),(86,528),(87,528),(88,528),(89,528),(90,528),(91,528),(92,528),(93,528),(94,528),(96,528),(97,528),(98,528),(99,528),(100,528),(101,528),(102,528),(103,528),(104,528),(2,529),(4,529),(8,529),(10,529),(14,529),(16,529),(22,529),(31,529),(39,529),(44,529),(48,529),(51,529),(53,529),(55,529),(56,529),(91,529),(103,529),(2,530),(4,530),(7,530),(8,530),(9,530),(10,530),(13,530),(14,530),(15,530),(16,530),(21,530),(22,530),(24,530),(30,530),(31,530),(33,530),(38,530),(39,530),(41,530),(44,530),(47,530),(48,530),(49,530),(51,530),(53,530),(55,530),(56,530),(91,530),(99,530),(102,530),(103,530),(1,531),(2,531),(3,531),(4,531),(5,531),(6,531),(7,531),(8,531),(9,531),(10,531),(11,531),(12,531),(13,531),(14,531),(15,531),(16,531),(17,531),(18,531),(19,531),(20,531),(21,531),(22,531),(23,531),(24,531),(25,531),(26,531),(27,531),(28,531),(29,531),(30,531),(31,531),(32,531),(33,531),(34,531),(35,531),(36,531),(37,531),(38,531),(39,531),(40,531),(41,531),(42,531),(43,531),(44,531),(45,531),(46,531),(47,531),(48,531),(49,531),(50,531),(51,531),(52,531),(53,531),(54,531),(55,531),(56,531),(57,531),(58,531),(59,531),(60,531),(61,531),(85,531),(86,531),(87,531),(88,531),(89,531),(90,531),(91,531),(92,531),(93,531),(94,531),(96,531),(97,531),(98,531),(99,531),(100,531),(101,531),(102,531),(103,531),(104,531),(2,532),(4,532),(8,532),(10,532),(14,532),(16,532),(22,532),(31,532),(39,532),(44,532),(48,532),(51,532),(53,532),(55,532),(56,532),(91,532),(103,532),(2,533),(4,533),(7,533),(8,533),(9,533),(10,533),(13,533),(14,533),(15,533),(16,533),(21,533),(22,533),(24,533),(30,533),(31,533),(33,533),(38,533),(39,533),(41,533),(44,533),(47,533),(48,533),(49,533),(51,533),(53,533),(55,533),(56,533),(91,533),(99,533),(102,533),(103,533),(1,534),(2,534),(3,534),(4,534),(5,534),(6,534),(7,534),(8,534),(9,534),(10,534),(11,534),(12,534),(13,534),(14,534),(15,534),(16,534),(17,534),(18,534),(19,534),(20,534),(21,534),(22,534),(23,534),(24,534),(25,534),(26,534),(27,534),(28,534),(29,534),(30,534),(31,534),(32,534),(33,534),(34,534),(35,534),(36,534),(37,534),(38,534),(39,534),(40,534),(41,534),(42,534),(43,534),(44,534),(45,534),(46,534),(47,534),(48,534),(49,534),(50,534),(51,534),(52,534),(53,534),(54,534),(55,534),(56,534),(57,534),(58,534),(59,534),(60,534),(61,534),(85,534),(86,534),(87,534),(88,534),(89,534),(90,534),(91,534),(92,534),(93,534),(94,534),(96,534),(97,534),(98,534),(99,534),(100,534),(101,534),(102,534),(103,534),(104,534),(6,532),(2,535),(4,535),(8,535),(10,535),(14,535),(16,535),(22,535),(31,535),(39,535),(44,535),(48,535),(51,535),(53,535),(55,535),(56,535),(91,535),(103,535),(2,536),(4,536),(7,536),(8,536),(9,536),(10,536),(13,536),(14,536),(15,536),(16,536),(21,536),(22,536),(24,536),(30,536),(31,536),(33,536),(38,536),(39,536),(41,536),(44,536),(47,536),(48,536),(49,536),(51,536),(53,536),(55,536),(56,536),(91,536),(99,536),(102,536),(103,536),(1,537),(2,537),(3,537),(4,537),(5,537),(6,537),(7,537),(8,537),(9,537),(10,537),(11,537),(12,537),(13,537),(14,537),(15,537),(16,537),(17,537),(18,537),(19,537),(20,537),(21,537),(22,537),(23,537),(24,537),(25,537),(26,537),(27,537),(28,537),(29,537),(30,537),(31,537),(32,537),(33,537),(34,537),(35,537),(36,537),(37,537),(38,537),(39,537),(40,537),(41,537),(42,537),(43,537),(44,537),(45,537),(46,537),(47,537),(48,537),(49,537),(50,537),(51,537),(52,537),(53,537),(54,537),(55,537),(56,537),(57,537),(58,537),(59,537),(60,537),(61,537),(85,537),(86,537),(87,537),(88,537),(89,537),(90,537),(91,537),(92,537),(93,537),(94,537),(96,537),(97,537),(98,537),(99,537),(100,537),(101,537),(102,537),(103,537),(104,537),(2,538),(4,538),(8,538),(10,538),(14,538),(16,538),(22,538),(31,538),(39,538),(44,538),(48,538),(51,538),(53,538),(55,538),(56,538),(91,538),(103,538),(2,539),(4,539),(7,539),(8,539),(9,539),(10,539),(13,539),(14,539),(15,539),(16,539),(21,539),(22,539),(24,539),(30,539),(31,539),(33,539),(38,539),(39,539),(41,539),(44,539),(47,539),(48,539),(49,539),(51,539),(53,539),(55,539),(56,539),(91,539),(99,539),(102,539),(103,539),(1,540),(2,540),(3,540),(4,540),(5,540),(6,540),(7,540),(8,540),(9,540),(10,540),(11,540),(12,540),(13,540),(14,540),(15,540),(16,540),(17,540),(18,540),(19,540),(20,540),(21,540),(22,540),(23,540),(24,540),(25,540),(26,540),(27,540),(28,540),(29,540),(30,540),(31,540),(32,540),(33,540),(34,540),(35,540),(36,540),(37,540),(38,540),(39,540),(40,540),(41,540),(42,540),(43,540),(44,540),(45,540),(46,540),(47,540),(48,540),(49,540),(50,540),(51,540),(52,540),(53,540),(54,540),(55,540),(56,540),(57,540),(58,540),(59,540),(60,540),(61,540),(85,540),(86,540),(87,540),(88,540),(89,540),(90,540),(91,540),(92,540),(93,540),(94,540),(96,540),(97,540),(98,540),(99,540),(100,540),(101,540),(102,540),(103,540),(104,540),(2,541),(4,541),(8,541),(10,541),(14,541),(16,541),(22,541),(31,541),(39,541),(44,541),(48,541),(51,541),(53,541),(55,541),(56,541),(91,541),(103,541),(2,542),(4,542),(7,542),(8,542),(9,542),(10,542),(13,542),(14,542),(15,542),(16,542),(21,542),(22,542),(24,542),(30,542),(31,542),(33,542),(38,542),(39,542),(41,542),(44,542),(47,542),(48,542),(49,542),(51,542),(53,542),(55,542),(56,542),(91,542),(99,542),(102,542),(103,542),(1,543),(2,543),(3,543),(4,543),(5,543),(6,543),(7,543),(8,543),(9,543),(10,543),(11,543),(12,543),(13,543),(14,543),(15,543),(16,543),(17,543),(18,543),(19,543),(20,543),(21,543),(22,543),(23,543),(24,543),(25,543),(26,543),(27,543),(28,543),(29,543),(30,543),(31,543),(32,543),(33,543),(34,543),(35,543),(36,543),(37,543),(38,543),(39,543),(40,543),(41,543),(42,543),(43,543),(44,543),(45,543),(46,543),(47,543),(48,543),(49,543),(50,543),(51,543),(52,543),(53,543),(54,543),(55,543),(56,543),(57,543),(58,543),(59,543),(60,543),(61,543),(85,543),(86,543),(87,543),(88,543),(89,543),(90,543),(91,543),(92,543),(93,543),(94,543),(96,543),(97,543),(98,543),(99,543),(100,543),(101,543),(102,543),(103,543),(104,543),(2,545),(4,545),(7,545),(8,545),(9,545),(10,545),(13,545),(14,545),(15,545),(16,545),(21,545),(22,545),(24,545),(30,545),(31,545),(33,545),(38,545),(39,545),(41,545),(44,545),(47,545),(48,545),(49,545),(51,545),(53,545),(55,545),(56,545),(91,545),(99,545),(102,545),(103,545),(1,546),(2,546),(3,546),(4,546),(5,546),(6,546),(7,546),(8,546),(9,546),(10,546),(11,546),(12,546),(13,546),(14,546),(15,546),(16,546),(17,546),(18,546),(19,546),(20,546),(21,546),(22,546),(23,546),(24,546),(25,546),(26,546),(27,546),(28,546),(29,546),(30,546),(31,546),(32,546),(33,546),(34,546),(35,546),(36,546),(37,546),(38,546),(39,546),(40,546),(41,546),(42,546),(43,546),(44,546),(45,546),(46,546),(47,546),(48,546),(49,546),(50,546),(51,546),(52,546),(53,546),(54,546),(55,546),(56,546),(57,546),(58,546),(59,546),(60,546),(61,546),(85,546),(86,546),(87,546),(88,546),(89,546),(90,546),(91,546),(92,546),(93,546),(94,546),(96,546),(97,546),(98,546),(99,546),(100,546),(101,546),(102,546),(103,546),(104,546),(106,545),(105,545),(2,547),(4,547),(8,547),(10,547),(14,547),(16,547),(22,547),(31,547),(39,547),(44,547),(48,547),(51,547),(53,547),(55,547),(56,547),(91,547),(103,547),(2,548),(4,548),(7,548),(8,548),(9,548),(10,548),(13,548),(14,548),(15,548),(16,548),(21,548),(22,548),(24,548),(30,548),(31,548),(33,548),(38,548),(39,548),(41,548),(44,548),(47,548),(48,548),(49,548),(51,548),(53,548),(55,548),(56,548),(91,548),(99,548),(102,548),(103,548),(1,549),(2,549),(3,549),(4,549),(5,549),(6,549),(7,549),(8,549),(9,549),(10,549),(11,549),(12,549),(13,549),(14,549),(15,549),(16,549),(17,549),(18,549),(19,549),(20,549),(21,549),(22,549),(23,549),(24,549),(25,549),(26,549),(27,549),(28,549),(29,549),(30,549),(31,549),(32,549),(33,549),(34,549),(35,549),(36,549),(37,549),(38,549),(39,549),(40,549),(41,549),(42,549),(43,549),(44,549),(45,549),(46,549),(47,549),(48,549),(49,549),(50,549),(51,549),(52,549),(53,549),(54,549),(55,549),(56,549),(57,549),(58,549),(59,549),(60,549),(61,549),(85,549),(86,549),(87,549),(88,549),(89,549),(90,549),(91,549),(92,549),(93,549),(94,549),(96,549),(97,549),(98,549),(99,549),(100,549),(101,549),(102,549),(103,549),(104,549),(2,550),(4,550),(8,550),(10,550),(14,550),(16,550),(22,550),(31,550),(39,550),(44,550),(48,550),(51,550),(53,550),(55,550),(56,550),(91,550),(103,550),(2,551),(4,551),(7,551),(8,551),(9,551),(10,551),(13,551),(14,551),(15,551),(16,551),(21,551),(22,551),(24,551),(30,551),(31,551),(33,551),(38,551),(39,551),(41,551),(44,551),(47,551),(48,551),(49,551),(51,551),(53,551),(55,551),(56,551),(91,551),(99,551),(102,551),(103,551),(1,552),(2,552),(3,552),(4,552),(5,552),(6,552),(7,552),(8,552),(9,552),(10,552),(11,552),(12,552),(13,552),(14,552),(15,552),(16,552),(17,552),(18,552),(19,552),(20,552),(21,552),(22,552),(23,552),(24,552),(25,552),(26,552),(27,552),(28,552),(29,552),(30,552),(31,552),(32,552),(33,552),(34,552),(35,552),(36,552),(37,552),(38,552),(39,552),(40,552),(41,552),(42,552),(43,552),(44,552),(45,552),(46,552),(47,552),(48,552),(49,552),(50,552),(51,552),(52,552),(53,552),(54,552),(55,552),(56,552),(57,552),(58,552),(59,552),(60,552),(61,552),(85,552),(86,552),(87,552),(88,552),(89,552),(90,552),(91,552),(92,552),(93,552),(94,552),(96,552),(97,552),(98,552),(99,552),(100,552),(101,552),(102,552),(103,552),(104,552),(2,553),(4,553),(8,553),(10,553),(14,553),(16,553),(22,553),(31,553),(39,553),(44,553),(48,553),(51,553),(53,553),(55,553),(56,553),(91,553),(103,553),(2,554),(4,554),(7,554),(8,554),(9,554),(10,554),(13,554),(14,554),(15,554),(16,554),(21,554),(22,554),(24,554),(30,554),(31,554),(33,554),(38,554),(39,554),(41,554),(44,554),(47,554),(48,554),(49,554),(51,554),(53,554),(55,554),(56,554),(91,554),(99,554),(102,554),(103,554),(1,555),(2,555),(3,555),(4,555),(5,555),(6,555),(7,555),(8,555),(9,555),(10,555),(11,555),(12,555),(13,555),(14,555),(15,555),(16,555),(17,555),(18,555),(19,555),(20,555),(21,555),(22,555),(23,555),(24,555),(25,555),(26,555),(27,555),(28,555),(29,555),(30,555),(31,555),(32,555),(33,555),(34,555),(35,555),(36,555),(37,555),(38,555),(39,555),(40,555),(41,555),(42,555),(43,555),(44,555),(45,555),(46,555),(47,555),(48,555),(49,555),(50,555),(51,555),(52,555),(53,555),(54,555),(55,555),(56,555),(57,555),(58,555),(59,555),(60,555),(61,555),(85,555),(86,555),(87,555),(88,555),(89,555),(90,555),(91,555),(92,555),(93,555),(94,555),(96,555),(97,555),(98,555),(99,555),(100,555),(101,555),(102,555),(103,555),(104,555),(2,556),(4,556),(8,556),(10,556),(14,556),(16,556),(22,556),(31,556),(39,556),(44,556),(48,556),(51,556),(53,556),(55,556),(56,556),(91,556),(103,556),(2,557),(4,557),(7,557),(8,557),(9,557),(10,557),(13,557),(14,557),(15,557),(16,557),(21,557),(22,557),(24,557),(30,557),(31,557),(33,557),(38,557),(39,557),(41,557),(44,557),(47,557),(48,557),(49,557),(51,557),(53,557),(55,557),(56,557),(91,557),(99,557),(102,557),(103,557),(1,558),(2,558),(3,558),(4,558),(5,558),(6,558),(7,558),(8,558),(9,558),(10,558),(11,558),(12,558),(13,558),(14,558),(15,558),(16,558),(17,558),(18,558),(19,558),(20,558),(21,558),(22,558),(23,558),(24,558),(25,558),(26,558),(27,558),(28,558),(29,558),(30,558),(31,558),(32,558),(33,558),(34,558),(35,558),(36,558),(37,558),(38,558),(39,558),(40,558),(41,558),(42,558),(43,558),(44,558),(45,558),(46,558),(47,558),(48,558),(49,558),(50,558),(51,558),(52,558),(53,558),(54,558),(55,558),(56,558),(57,558),(58,558),(59,558),(60,558),(61,558),(85,558),(86,558),(87,558),(88,558),(89,558),(90,558),(91,558),(92,558),(93,558),(94,558),(96,558),(97,558),(98,558),(99,558),(100,558),(101,558),(102,558),(103,558),(104,558),(2,559),(4,559),(8,559),(10,559),(14,559),(16,559),(22,559),(31,559),(39,559),(44,559),(48,559),(51,559),(53,559),(55,559),(56,559),(91,559),(103,559),(2,560),(4,560),(7,560),(8,560),(9,560),(10,560),(13,560),(14,560),(15,560),(16,560),(21,560),(22,560),(24,560),(30,560),(31,560),(33,560),(38,560),(39,560),(41,560),(44,560),(47,560),(48,560),(49,560),(51,560),(53,560),(55,560),(56,560),(91,560),(99,560),(102,560),(103,560),(1,561),(2,561),(3,561),(4,561),(5,561),(6,561),(7,561),(8,561),(9,561),(10,561),(11,561),(12,561),(13,561),(14,561),(15,561),(16,561),(17,561),(18,561),(19,561),(20,561),(21,561),(22,561),(23,561),(24,561),(25,561),(26,561),(27,561),(28,561),(29,561),(30,561),(31,561),(32,561),(33,561),(34,561),(35,561),(36,561),(37,561),(38,561),(39,561),(40,561),(41,561),(42,561),(43,561),(44,561),(45,561),(46,561),(47,561),(48,561),(49,561),(50,561),(51,561),(52,561),(53,561),(54,561),(55,561),(56,561),(57,561),(58,561),(59,561),(60,561),(61,561),(85,561),(86,561),(87,561),(88,561),(89,561),(90,561),(91,561),(92,561),(93,561),(94,561),(96,561),(97,561),(98,561),(99,561),(100,561),(101,561),(102,561),(103,561),(104,561),(2,562),(4,562),(8,562),(10,562),(14,562),(16,562),(22,562),(31,562),(39,562),(44,562),(48,562),(51,562),(53,562),(55,562),(56,562),(91,562),(103,562),(2,563),(4,563),(7,563),(8,563),(9,563),(10,563),(13,563),(14,563),(15,563),(16,563),(21,563),(22,563),(24,563),(30,563),(31,563),(33,563),(38,563),(39,563),(41,563),(44,563),(47,563),(48,563),(49,563),(51,563),(53,563),(55,563),(56,563),(91,563),(99,563),(102,563),(103,563),(1,564),(2,564),(3,564),(4,564),(5,564),(6,564),(7,564),(8,564),(9,564),(10,564),(11,564),(12,564),(13,564),(14,564),(15,564),(16,564),(17,564),(18,564),(19,564),(20,564),(21,564),(22,564),(23,564),(24,564),(25,564),(26,564),(27,564),(28,564),(29,564),(30,564),(31,564),(32,564),(33,564),(34,564),(35,564),(36,564),(37,564),(38,564),(39,564),(40,564),(41,564),(42,564),(43,564),(44,564),(45,564),(46,564),(47,564),(48,564),(49,564),(50,564),(51,564),(52,564),(53,564),(54,564),(55,564),(56,564),(57,564),(58,564),(59,564),(60,564),(61,564),(85,564),(86,564),(87,564),(88,564),(89,564),(90,564),(91,564),(92,564),(93,564),(94,564),(96,564),(97,564),(98,564),(99,564),(100,564),(101,564),(102,564),(103,564),(104,564),(2,565),(4,565),(8,565),(10,565),(14,565),(16,565),(22,565),(31,565),(39,565),(44,565),(48,565),(51,565),(53,565),(55,565),(56,565),(91,565),(103,565),(2,566),(4,566),(7,566),(8,566),(9,566),(10,566),(13,566),(14,566),(15,566),(16,566),(21,566),(22,566),(24,566),(30,566),(31,566),(33,566),(38,566),(39,566),(41,566),(44,566),(47,566),(48,566),(49,566),(51,566),(53,566),(55,566),(56,566),(91,566),(99,566),(102,566),(103,566),(1,567),(2,567),(3,567),(4,567),(5,567),(6,567),(7,567),(8,567),(9,567),(10,567),(11,567),(12,567),(13,567),(14,567),(15,567),(16,567),(17,567),(18,567),(19,567),(20,567),(21,567),(22,567),(23,567),(24,567),(25,567),(26,567),(27,567),(28,567),(29,567),(30,567),(31,567),(32,567),(33,567),(34,567),(35,567),(36,567),(37,567),(38,567),(39,567),(40,567),(41,567),(42,567),(43,567),(44,567),(45,567),(46,567),(47,567),(48,567),(49,567),(50,567),(51,567),(52,567),(53,567),(54,567),(55,567),(56,567),(57,567),(58,567),(59,567),(60,567),(61,567),(85,567),(86,567),(87,567),(88,567),(89,567),(90,567),(91,567),(92,567),(93,567),(94,567),(96,567),(97,567),(98,567),(99,567),(100,567),(101,567),(102,567),(103,567),(104,567),(2,569),(4,569),(7,569),(8,569),(9,569),(10,569),(13,569),(14,569),(15,569),(16,569),(21,569),(22,569),(24,569),(30,569),(31,569),(33,569),(38,569),(39,569),(41,569),(44,569),(47,569),(48,569),(49,569),(51,569),(53,569),(55,569),(56,569),(91,569),(99,569),(102,569),(103,569),(1,570),(2,570),(3,570),(4,570),(5,570),(6,570),(7,570),(8,570),(9,570),(10,570),(11,570),(12,570),(13,570),(14,570),(15,570),(16,570),(17,570),(18,570),(19,570),(20,570),(21,570),(22,570),(23,570),(24,570),(25,570),(26,570),(27,570),(28,570),(29,570),(30,570),(31,570),(32,570),(33,570),(34,570),(35,570),(36,570),(37,570),(38,570),(39,570),(40,570),(41,570),(42,570),(43,570),(44,570),(45,570),(46,570),(47,570),(48,570),(49,570),(50,570),(51,570),(52,570),(53,570),(54,570),(55,570),(56,570),(57,570),(58,570),(59,570),(60,570),(61,570),(85,570),(86,570),(87,570),(88,570),(89,570),(90,570),(91,570),(92,570),(93,570),(94,570),(96,570),(97,570),(98,570),(99,570),(100,570),(101,570),(102,570),(103,570),(104,570),(56,568),(31,568),(39,568),(48,568),(44,568),(51,568),(55,568),(53,568),(105,568),(22,568),(14,568),(8,568),(2,568),(4,568),(16,568),(10,568),(103,568),(91,568),(2,571),(4,571),(8,571),(10,571),(14,571),(16,571),(22,571),(31,571),(39,571),(44,571),(48,571),(51,571),(53,571),(55,571),(56,571),(91,571),(103,571),(105,571),(2,572),(4,572),(7,572),(8,572),(9,572),(10,572),(13,572),(14,572),(15,572),(16,572),(21,572),(22,572),(24,572),(30,572),(31,572),(33,572),(38,572),(39,572),(41,572),(44,572),(47,572),(48,572),(49,572),(51,572),(53,572),(55,572),(56,572),(91,572),(99,572),(102,572),(103,572),(106,572),(1,573),(2,573),(3,573),(4,573),(5,573),(6,573),(7,573),(8,573),(9,573),(10,573),(11,573),(12,573),(13,573),(14,573),(15,573),(16,573),(17,573),(18,573),(19,573),(20,573),(21,573),(22,573),(23,573),(24,573),(25,573),(26,573),(27,573),(28,573),(29,573),(30,573),(31,573),(32,573),(33,573),(34,573),(35,573),(36,573),(37,573),(38,573),(39,573),(40,573),(41,573),(42,573),(43,573),(44,573),(45,573),(46,573),(47,573),(48,573),(49,573),(50,573),(51,573),(52,573),(53,573),(54,573),(55,573),(56,573),(57,573),(58,573),(59,573),(60,573),(61,573),(85,573),(86,573),(87,573),(88,573),(89,573),(90,573),(91,573),(92,573),(93,573),(94,573),(96,573),(97,573),(98,573),(99,573),(100,573),(101,573),(102,573),(103,573),(104,573),(105,573),(106,573),(2,575),(4,575),(7,575),(8,575),(9,575),(10,575),(13,575),(14,575),(15,575),(16,575),(21,575),(22,575),(24,575),(30,575),(31,575),(33,575),(38,575),(39,575),(41,575),(44,575),(47,575),(48,575),(49,575),(51,575),(53,575),(55,575),(56,575),(91,575),(99,575),(102,575),(103,575),(106,575),(1,576),(2,576),(3,576),(4,576),(5,576),(6,576),(7,576),(8,576),(9,576),(10,576),(11,576),(12,576),(13,576),(14,576),(15,576),(16,576),(17,576),(18,576),(19,576),(20,576),(21,576),(22,576),(23,576),(24,576),(25,576),(26,576),(27,576),(28,576),(29,576),(30,576),(31,576),(32,576),(33,576),(34,576),(35,576),(36,576),(37,576),(38,576),(39,576),(40,576),(41,576),(42,576),(43,576),(44,576),(45,576),(46,576),(47,576),(48,576),(49,576),(50,576),(51,576),(52,576),(53,576),(54,576),(55,576),(56,576),(57,576),(58,576),(59,576),(60,576),(61,576),(85,576),(86,576),(87,576),(88,576),(89,576),(90,576),(91,576),(92,576),(93,576),(94,576),(96,576),(97,576),(98,576),(99,576),(100,576),(101,576),(102,576),(103,576),(104,576),(105,576),(106,576),(2,577),(4,577),(8,577),(10,577),(14,577),(16,577),(22,577),(31,577),(39,577),(44,577),(48,577),(51,577),(53,577),(55,577),(56,577),(91,577),(103,577),(105,577),(2,578),(4,578),(7,578),(8,578),(9,578),(10,578),(13,578),(14,578),(15,578),(16,578),(21,578),(22,578),(24,578),(30,578),(31,578),(33,578),(38,578),(39,578),(41,578),(44,578),(47,578),(48,578),(49,578),(51,578),(53,578),(55,578),(56,578),(91,578),(99,578),(102,578),(103,578),(106,578),(1,579),(2,579),(3,579),(4,579),(5,579),(6,579),(7,579),(8,579),(9,579),(10,579),(11,579),(12,579),(13,579),(14,579),(15,579),(16,579),(17,579),(18,579),(19,579),(20,579),(21,579),(22,579),(23,579),(24,579),(25,579),(26,579),(27,579),(28,579),(29,579),(30,579),(31,579),(32,579),(33,579),(34,579),(35,579),(36,579),(37,579),(38,579),(39,579),(40,579),(41,579),(42,579),(43,579),(44,579),(45,579),(46,579),(47,579),(48,579),(49,579),(50,579),(51,579),(52,579),(53,579),(54,579),(55,579),(56,579),(57,579),(58,579),(59,579),(60,579),(61,579),(85,579),(86,579),(87,579),(88,579),(89,579),(90,579),(91,579),(92,579),(93,579),(94,579),(96,579),(97,579),(98,579),(99,579),(100,579),(101,579),(102,579),(103,579),(104,579),(105,579),(106,579),(2,580),(4,580),(8,580),(10,580),(14,580),(16,580),(22,580),(31,580),(39,580),(44,580),(48,580),(51,580),(53,580),(55,580),(56,580),(91,580),(103,580),(105,580),(2,581),(4,581),(7,581),(8,581),(9,581),(10,581),(13,581),(14,581),(15,581),(16,581),(21,581),(22,581),(24,581),(30,581),(31,581),(33,581),(38,581),(39,581),(41,581),(44,581),(47,581),(48,581),(49,581),(51,581),(53,581),(55,581),(56,581),(91,581),(99,581),(102,581),(103,581),(106,581),(1,582),(2,582),(3,582),(4,582),(5,582),(6,582),(7,582),(8,582),(9,582),(10,582),(11,582),(12,582),(13,582),(14,582),(15,582),(16,582),(17,582),(18,582),(19,582),(20,582),(21,582),(22,582),(23,582),(24,582),(25,582),(26,582),(27,582),(28,582),(29,582),(30,582),(31,582),(32,582),(33,582),(34,582),(35,582),(36,582),(37,582),(38,582),(39,582),(40,582),(41,582),(42,582),(43,582),(44,582),(45,582),(46,582),(47,582),(48,582),(49,582),(50,582),(51,582),(52,582),(53,582),(54,582),(55,582),(56,582),(57,582),(58,582),(59,582),(60,582),(61,582),(85,582),(86,582),(87,582),(88,582),(89,582),(90,582),(91,582),(92,582),(93,582),(94,582),(96,582),(97,582),(98,582),(99,582),(100,582),(101,582),(102,582),(103,582),(104,582),(105,582),(106,582),(56,544),(31,544),(39,544),(48,544),(44,544),(51,544),(55,544),(53,544),(105,544),(22,544),(14,544),(8,544),(2,544),(4,544),(16,544),(10,544),(103,544),(91,544),(56,574),(31,574),(39,574),(48,574),(44,574),(51,574),(55,574),(53,574),(105,574),(22,574),(14,574),(8,574),(2,574),(4,574),(16,574),(10,574),(103,574),(91,574),(2,584),(4,584),(7,584),(8,584),(9,584),(10,584),(13,584),(14,584),(15,584),(16,584),(21,584),(22,584),(24,584),(30,584),(31,584),(33,584),(38,584),(39,584),(41,584),(44,584),(47,584),(48,584),(49,584),(51,584),(53,584),(55,584),(56,584),(91,584),(99,584),(102,584),(103,584),(106,584),(1,585),(2,585),(3,585),(4,585),(5,585),(6,585),(7,585),(8,585),(9,585),(10,585),(11,585),(12,585),(13,585),(14,585),(15,585),(16,585),(17,585),(18,585),(19,585),(20,585),(21,585),(22,585),(23,585),(24,585),(25,585),(26,585),(27,585),(28,585),(29,585),(30,585),(31,585),(32,585),(33,585),(34,585),(35,585),(36,585),(37,585),(38,585),(39,585),(40,585),(41,585),(42,585),(43,585),(44,585),(45,585),(46,585),(47,585),(48,585),(49,585),(50,585),(51,585),(52,585),(53,585),(54,585),(55,585),(56,585),(57,585),(58,585),(59,585),(60,585),(61,585),(85,585),(86,585),(87,585),(88,585),(89,585),(90,585),(91,585),(92,585),(93,585),(94,585),(96,585),(97,585),(98,585),(99,585),(100,585),(101,585),(102,585),(103,585),(104,585),(105,585),(106,585),(56,583),(31,583),(39,583),(48,583),(44,583),(51,583),(55,583),(53,583),(105,583),(22,583),(14,583),(8,583),(2,583),(4,583),(16,583),(10,583),(103,583),(91,583),(2,586),(4,586),(8,586),(10,586),(14,586),(16,586),(22,586),(31,586),(39,586),(44,586),(48,586),(51,586),(53,586),(55,586),(56,586),(91,586),(103,586),(105,586),(2,587),(4,587),(7,587),(8,587),(9,587),(10,587),(13,587),(14,587),(15,587),(16,587),(21,587),(22,587),(24,587),(30,587),(31,587),(33,587),(38,587),(39,587),(41,587),(44,587),(47,587),(48,587),(49,587),(51,587),(53,587),(55,587),(56,587),(91,587),(99,587),(102,587),(103,587),(106,587),(1,588),(2,588),(3,588),(4,588),(5,588),(6,588),(7,588),(8,588),(9,588),(10,588),(11,588),(12,588),(13,588),(14,588),(15,588),(16,588),(17,588),(18,588),(19,588),(20,588),(21,588),(22,588),(23,588),(24,588),(25,588),(26,588),(27,588),(28,588),(29,588),(30,588),(31,588),(32,588),(33,588),(34,588),(35,588),(36,588),(37,588),(38,588),(39,588),(40,588),(41,588),(42,588),(43,588),(44,588),(45,588),(46,588),(47,588),(48,588),(49,588),(50,588),(51,588),(52,588),(53,588),(54,588),(55,588),(56,588),(57,588),(58,588),(59,588),(60,588),(61,588),(85,588),(86,588),(87,588),(88,588),(89,588),(90,588),(91,588),(92,588),(93,588),(94,588),(96,588),(97,588),(98,588),(99,588),(100,588),(101,588),(102,588),(103,588),(104,588),(105,588),(106,588),(2,590),(4,590),(7,590),(8,590),(9,590),(10,590),(13,590),(14,590),(15,590),(16,590),(21,590),(22,590),(24,590),(30,590),(31,590),(33,590),(38,590),(39,590),(41,590),(44,590),(47,590),(48,590),(49,590),(51,590),(53,590),(55,590),(56,590),(91,590),(99,590),(102,590),(103,590),(105,590),(106,590),(1,591),(2,591),(3,591),(4,591),(5,591),(6,591),(7,591),(8,591),(9,591),(10,591),(11,591),(12,591),(13,591),(14,591),(15,591),(16,591),(17,591),(18,591),(19,591),(20,591),(21,591),(22,591),(23,591),(24,591),(25,591),(26,591),(27,591),(28,591),(29,591),(30,591),(31,591),(32,591),(33,591),(34,591),(35,591),(36,591),(37,591),(38,591),(39,591),(40,591),(41,591),(42,591),(43,591),(44,591),(45,591),(46,591),(47,591),(48,591),(49,591),(50,591),(51,591),(52,591),(53,591),(54,591),(55,591),(56,591),(57,591),(58,591),(59,591),(60,591),(61,591),(85,591),(86,591),(87,591),(88,591),(89,591),(90,591),(91,591),(92,591),(93,591),(94,591),(96,591),(97,591),(98,591),(99,591),(100,591),(101,591),(102,591),(103,591),(104,591),(105,591),(106,591),(56,589),(31,589),(39,589),(48,589),(44,589),(51,589),(55,589),(53,589),(105,589),(22,589),(14,589),(8,589),(2,589),(4,589),(16,589),(10,589),(103,589),(91,589),(2,592),(4,592),(8,592),(10,592),(14,592),(16,592),(22,592),(31,592),(39,592),(44,592),(48,592),(51,592),(53,592),(55,592),(56,592),(91,592),(103,592),(105,592),(2,593),(4,593),(7,593),(8,593),(9,593),(10,593),(13,593),(14,593),(15,593),(16,593),(21,593),(22,593),(24,593),(30,593),(31,593),(33,593),(38,593),(39,593),(41,593),(44,593),(47,593),(48,593),(49,593),(51,593),(53,593),(55,593),(56,593),(91,593),(99,593),(102,593),(103,593),(105,593),(106,593),(1,594),(2,594),(3,594),(4,594),(5,594),(6,594),(7,594),(8,594),(9,594),(10,594),(11,594),(12,594),(13,594),(14,594),(15,594),(16,594),(17,594),(18,594),(19,594),(20,594),(21,594),(22,594),(23,594),(24,594),(25,594),(26,594),(27,594),(28,594),(29,594),(30,594),(31,594),(32,594),(33,594),(34,594),(35,594),(36,594),(37,594),(38,594),(39,594),(40,594),(41,594),(42,594),(43,594),(44,594),(45,594),(46,594),(47,594),(48,594),(49,594),(50,594),(51,594),(52,594),(53,594),(54,594),(55,594),(56,594),(57,594),(58,594),(59,594),(60,594),(61,594),(85,594),(86,594),(87,594),(88,594),(89,594),(90,594),(91,594),(92,594),(93,594),(94,594),(96,594),(97,594),(98,594),(99,594),(100,594),(101,594),(102,594),(103,594),(104,594),(105,594),(106,594),(2,595),(4,595),(8,595),(10,595),(14,595),(16,595),(22,595),(31,595),(39,595),(44,595),(48,595),(51,595),(53,595),(55,595),(56,595),(91,595),(103,595),(105,595),(2,596),(4,596),(7,596),(8,596),(9,596),(10,596),(13,596),(14,596),(15,596),(16,596),(21,596),(22,596),(24,596),(30,596),(31,596),(33,596),(38,596),(39,596),(41,596),(44,596),(47,596),(48,596),(49,596),(51,596),(53,596),(55,596),(56,596),(91,596),(99,596),(102,596),(103,596),(105,596),(106,596),(1,597),(2,597),(3,597),(4,597),(5,597),(6,597),(7,597),(8,597),(9,597),(10,597),(11,597),(12,597),(13,597),(14,597),(15,597),(16,597),(17,597),(18,597),(19,597),(20,597),(21,597),(22,597),(23,597),(24,597),(25,597),(26,597),(27,597),(28,597),(29,597),(30,597),(31,597),(32,597),(33,597),(34,597),(35,597),(36,597),(37,597),(38,597),(39,597),(40,597),(41,597),(42,597),(43,597),(44,597),(45,597),(46,597),(47,597),(48,597),(49,597),(50,597),(51,597),(52,597),(53,597),(54,597),(55,597),(56,597),(57,597),(58,597),(59,597),(60,597),(61,597),(85,597),(86,597),(87,597),(88,597),(89,597),(90,597),(91,597),(92,597),(93,597),(94,597),(96,597),(97,597),(98,597),(99,597),(100,597),(101,597),(102,597),(103,597),(104,597),(105,597),(106,597),(2,598),(4,598),(8,598),(10,598),(14,598),(16,598),(22,598),(31,598),(39,598),(44,598),(48,598),(51,598),(53,598),(55,598),(56,598),(91,598),(103,598),(105,598),(2,599),(4,599),(7,599),(8,599),(9,599),(10,599),(13,599),(14,599),(15,599),(16,599),(21,599),(22,599),(24,599),(30,599),(31,599),(33,599),(38,599),(39,599),(41,599),(44,599),(47,599),(48,599),(49,599),(51,599),(53,599),(55,599),(56,599),(91,599),(99,599),(102,599),(103,599),(105,599),(106,599),(1,600),(2,600),(3,600),(4,600),(5,600),(6,600),(7,600),(8,600),(9,600),(10,600),(11,600),(12,600),(13,600),(14,600),(15,600),(16,600),(17,600),(18,600),(19,600),(20,600),(21,600),(22,600),(23,600),(24,600),(25,600),(26,600),(27,600),(28,600),(29,600),(30,600),(31,600),(32,600),(33,600),(34,600),(35,600),(36,600),(37,600),(38,600),(39,600),(40,600),(41,600),(42,600),(43,600),(44,600),(45,600),(46,600),(47,600),(48,600),(49,600),(50,600),(51,600),(52,600),(53,600),(54,600),(55,600),(56,600),(57,600),(58,600),(59,600),(60,600),(61,600),(85,600),(86,600),(87,600),(88,600),(89,600),(90,600),(91,600),(92,600),(93,600),(94,600),(96,600),(97,600),(98,600),(99,600),(100,600),(101,600),(102,600),(103,600),(104,600),(105,600),(106,600),(2,601),(4,601),(8,601),(10,601),(14,601),(16,601),(22,601),(31,601),(39,601),(44,601),(48,601),(51,601),(53,601),(55,601),(56,601),(91,601),(103,601),(105,601),(2,602),(4,602),(7,602),(8,602),(9,602),(10,602),(13,602),(14,602),(15,602),(16,602),(21,602),(22,602),(24,602),(30,602),(31,602),(33,602),(38,602),(39,602),(41,602),(44,602),(47,602),(48,602),(49,602),(51,602),(53,602),(55,602),(56,602),(91,602),(99,602),(102,602),(103,602),(105,602),(106,602),(1,603),(2,603),(3,603),(4,603),(5,603),(6,603),(7,603),(8,603),(9,603),(10,603),(11,603),(12,603),(13,603),(14,603),(15,603),(16,603),(17,603),(18,603),(19,603),(20,603),(21,603),(22,603),(23,603),(24,603),(25,603),(26,603),(27,603),(28,603),(29,603),(30,603),(31,603),(32,603),(33,603),(34,603),(35,603),(36,603),(37,603),(38,603),(39,603),(40,603),(41,603),(42,603),(43,603),(44,603),(45,603),(46,603),(47,603),(48,603),(49,603),(50,603),(51,603),(52,603),(53,603),(54,603),(55,603),(56,603),(57,603),(58,603),(59,603),(60,603),(61,603),(85,603),(86,603),(87,603),(88,603),(89,603),(90,603),(91,603),(92,603),(93,603),(94,603),(96,603),(97,603),(98,603),(99,603),(100,603),(101,603),(102,603),(103,603),(104,603),(105,603),(106,603),(2,604),(4,604),(8,604),(10,604),(14,604),(16,604),(22,604),(31,604),(39,604),(44,604),(48,604),(51,604),(53,604),(55,604),(56,604),(91,604),(103,604),(105,604),(2,605),(4,605),(7,605),(8,605),(9,605),(10,605),(13,605),(14,605),(15,605),(16,605),(21,605),(22,605),(24,605),(30,605),(31,605),(33,605),(38,605),(39,605),(41,605),(44,605),(47,605),(48,605),(49,605),(51,605),(53,605),(55,605),(56,605),(91,605),(99,605),(102,605),(103,605),(105,605),(106,605),(1,606),(2,606),(3,606),(4,606),(5,606),(6,606),(7,606),(8,606),(9,606),(10,606),(11,606),(12,606),(13,606),(14,606),(15,606),(16,606),(17,606),(18,606),(19,606),(20,606),(21,606),(22,606),(23,606),(24,606),(25,606),(26,606),(27,606),(28,606),(29,606),(30,606),(31,606),(32,606),(33,606),(34,606),(35,606),(36,606),(37,606),(38,606),(39,606),(40,606),(41,606),(42,606),(43,606),(44,606),(45,606),(46,606),(47,606),(48,606),(49,606),(50,606),(51,606),(52,606),(53,606),(54,606),(55,606),(56,606),(57,606),(58,606),(59,606),(60,606),(61,606),(85,606),(86,606),(87,606),(88,606),(89,606),(90,606),(91,606),(92,606),(93,606),(94,606),(96,606),(97,606),(98,606),(99,606),(100,606),(101,606),(102,606),(103,606),(104,606),(105,606),(106,606),(2,607),(4,607),(8,607),(10,607),(14,607),(16,607),(22,607),(31,607),(39,607),(44,607),(48,607),(51,607),(53,607),(55,607),(56,607),(91,607),(103,607),(105,607),(2,608),(4,608),(7,608),(8,608),(9,608),(10,608),(13,608),(14,608),(15,608),(16,608),(21,608),(22,608),(24,608),(30,608),(31,608),(33,608),(38,608),(39,608),(41,608),(44,608),(47,608),(48,608),(49,608),(51,608),(53,608),(55,608),(56,608),(91,608),(99,608),(102,608),(103,608),(105,608),(106,608),(1,609),(2,609),(3,609),(4,609),(5,609),(6,609),(7,609),(8,609),(9,609),(10,609),(11,609),(12,609),(13,609),(14,609),(15,609),(16,609),(17,609),(18,609),(19,609),(20,609),(21,609),(22,609),(23,609),(24,609),(25,609),(26,609),(27,609),(28,609),(29,609),(30,609),(31,609),(32,609),(33,609),(34,609),(35,609),(36,609),(37,609),(38,609),(39,609),(40,609),(41,609),(42,609),(43,609),(44,609),(45,609),(46,609),(47,609),(48,609),(49,609),(50,609),(51,609),(52,609),(53,609),(54,609),(55,609),(56,609),(57,609),(58,609),(59,609),(60,609),(61,609),(85,609),(86,609),(87,609),(88,609),(89,609),(90,609),(91,609),(92,609),(93,609),(94,609),(96,609),(97,609),(98,609),(99,609),(100,609),(101,609),(102,609),(103,609),(104,609),(105,609),(106,609),(2,610),(4,610),(8,610),(10,610),(14,610),(16,610),(22,610),(31,610),(39,610),(44,610),(48,610),(51,610),(53,610),(55,610),(56,610),(91,610),(103,610),(105,610),(2,611),(4,611),(7,611),(8,611),(9,611),(10,611),(13,611),(14,611),(15,611),(16,611),(21,611),(22,611),(24,611),(30,611),(31,611),(33,611),(38,611),(39,611),(41,611),(44,611),(47,611),(48,611),(49,611),(51,611),(53,611),(55,611),(56,611),(91,611),(99,611),(102,611),(103,611),(105,611),(106,611),(1,612),(2,612),(3,612),(4,612),(5,612),(6,612),(7,612),(8,612),(9,612),(10,612),(11,612),(12,612),(13,612),(14,612),(15,612),(16,612),(17,612),(18,612),(19,612),(20,612),(21,612),(22,612),(23,612),(24,612),(25,612),(26,612),(27,612),(28,612),(29,612),(30,612),(31,612),(32,612),(33,612),(34,612),(35,612),(36,612),(37,612),(38,612),(39,612),(40,612),(41,612),(42,612),(43,612),(44,612),(45,612),(46,612),(47,612),(48,612),(49,612),(50,612),(51,612),(52,612),(53,612),(54,612),(55,612),(56,612),(57,612),(58,612),(59,612),(60,612),(61,612),(85,612),(86,612),(87,612),(88,612),(89,612),(90,612),(91,612),(92,612),(93,612),(94,612),(96,612),(97,612),(98,612),(99,612),(100,612),(101,612),(102,612),(103,612),(104,612),(105,612),(106,612),(2,613),(4,613),(8,613),(10,613),(14,613),(16,613),(22,613),(31,613),(39,613),(44,613),(48,613),(51,613),(53,613),(55,613),(56,613),(91,613),(103,613),(105,613),(2,614),(4,614),(7,614),(8,614),(9,614),(10,614),(13,614),(14,614),(15,614),(16,614),(21,614),(22,614),(24,614),(30,614),(31,614),(33,614),(38,614),(39,614),(41,614),(44,614),(47,614),(48,614),(49,614),(51,614),(53,614),(55,614),(56,614),(91,614),(99,614),(102,614),(103,614),(105,614),(106,614),(1,615),(2,615),(3,615),(4,615),(5,615),(6,615),(7,615),(8,615),(9,615),(10,615),(11,615),(12,615),(13,615),(14,615),(15,615),(16,615),(17,615),(18,615),(19,615),(20,615),(21,615),(22,615),(23,615),(24,615),(25,615),(26,615),(27,615),(28,615),(29,615),(30,615),(31,615),(32,615),(33,615),(34,615),(35,615),(36,615),(37,615),(38,615),(39,615),(40,615),(41,615),(42,615),(43,615),(44,615),(45,615),(46,615),(47,615),(48,615),(49,615),(50,615),(51,615),(52,615),(53,615),(54,615),(55,615),(56,615),(57,615),(58,615),(59,615),(60,615),(61,615),(85,615),(86,615),(87,615),(88,615),(89,615),(90,615),(91,615),(92,615),(93,615),(94,615),(96,615),(97,615),(98,615),(99,615),(100,615),(101,615),(102,615),(103,615),(104,615),(105,615),(106,615),(2,616),(4,616),(8,616),(10,616),(14,616),(16,616),(22,616),(31,616),(39,616),(44,616),(48,616),(51,616),(53,616),(55,616),(56,616),(91,616),(103,616),(105,616),(2,617),(4,617),(7,617),(8,617),(9,617),(10,617),(13,617),(14,617),(15,617),(16,617),(21,617),(22,617),(24,617),(30,617),(31,617),(33,617),(38,617),(39,617),(41,617),(44,617),(47,617),(48,617),(49,617),(51,617),(53,617),(55,617),(56,617),(91,617),(99,617),(102,617),(103,617),(105,617),(106,617),(1,618),(2,618),(3,618),(4,618),(5,618),(6,618),(7,618),(8,618),(9,618),(10,618),(11,618),(12,618),(13,618),(14,618),(15,618),(16,618),(17,618),(18,618),(19,618),(20,618),(21,618),(22,618),(23,618),(24,618),(25,618),(26,618),(27,618),(28,618),(29,618),(30,618),(31,618),(32,618),(33,618),(34,618),(35,618),(36,618),(37,618),(38,618),(39,618),(40,618),(41,618),(42,618),(43,618),(44,618),(45,618),(46,618),(47,618),(48,618),(49,618),(50,618),(51,618),(52,618),(53,618),(54,618),(55,618),(56,618),(57,618),(58,618),(59,618),(60,618),(61,618),(85,618),(86,618),(87,618),(88,618),(89,618),(90,618),(91,618),(92,618),(93,618),(94,618),(96,618),(97,618),(98,618),(99,618),(100,618),(101,618),(102,618),(103,618),(104,618),(105,618),(106,618),(2,619),(4,619),(8,619),(10,619),(14,619),(16,619),(22,619),(31,619),(39,619),(44,619),(48,619),(51,619),(53,619),(55,619),(56,619),(91,619),(103,619),(105,619),(2,620),(4,620),(7,620),(8,620),(9,620),(10,620),(13,620),(14,620),(15,620),(16,620),(21,620),(22,620),(24,620),(30,620),(31,620),(33,620),(38,620),(39,620),(41,620),(44,620),(47,620),(48,620),(49,620),(51,620),(53,620),(55,620),(56,620),(91,620),(99,620),(102,620),(103,620),(105,620),(106,620),(1,621),(2,621),(3,621),(4,621),(5,621),(6,621),(7,621),(8,621),(9,621),(10,621),(11,621),(12,621),(13,621),(14,621),(15,621),(16,621),(17,621),(18,621),(19,621),(20,621),(21,621),(22,621),(23,621),(24,621),(25,621),(26,621),(27,621),(28,621),(29,621),(30,621),(31,621),(32,621),(33,621),(34,621),(35,621),(36,621),(37,621),(38,621),(39,621),(40,621),(41,621),(42,621),(43,621),(44,621),(45,621),(46,621),(47,621),(48,621),(49,621),(50,621),(51,621),(52,621),(53,621),(54,621),(55,621),(56,621),(57,621),(58,621),(59,621),(60,621),(61,621),(85,621),(86,621),(87,621),(88,621),(89,621),(90,621),(91,621),(92,621),(93,621),(94,621),(96,621),(97,621),(98,621),(99,621),(100,621),(101,621),(102,621),(103,621),(104,621),(105,621),(106,621),(2,622),(4,622),(8,622),(10,622),(14,622),(16,622),(22,622),(31,622),(39,622),(44,622),(48,622),(51,622),(53,622),(55,622),(56,622),(91,622),(103,622),(105,622),(2,623),(4,623),(7,623),(8,623),(9,623),(10,623),(13,623),(14,623),(15,623),(16,623),(21,623),(22,623),(24,623),(30,623),(31,623),(33,623),(38,623),(39,623),(41,623),(44,623),(47,623),(48,623),(49,623),(51,623),(53,623),(55,623),(56,623),(91,623),(99,623),(102,623),(103,623),(105,623),(106,623),(1,624),(2,624),(3,624),(4,624),(5,624),(6,624),(7,624),(8,624),(9,624),(10,624),(11,624),(12,624),(13,624),(14,624),(15,624),(16,624),(17,624),(18,624),(19,624),(20,624),(21,624),(22,624),(23,624),(24,624),(25,624),(26,624),(27,624),(28,624),(29,624),(30,624),(31,624),(32,624),(33,624),(34,624),(35,624),(36,624),(37,624),(38,624),(39,624),(40,624),(41,624),(42,624),(43,624),(44,624),(45,624),(46,624),(47,624),(48,624),(49,624),(50,624),(51,624),(52,624),(53,624),(54,624),(55,624),(56,624),(57,624),(58,624),(59,624),(60,624),(61,624),(85,624),(86,624),(87,624),(88,624),(89,624),(90,624),(91,624),(92,624),(93,624),(94,624),(96,624),(97,624),(98,624),(99,624),(100,624),(101,624),(102,624),(103,624),(104,624),(105,624),(106,624),(2,625),(4,625),(8,625),(10,625),(14,625),(16,625),(22,625),(31,625),(39,625),(44,625),(48,625),(51,625),(53,625),(55,625),(56,625),(91,625),(103,625),(105,625),(2,626),(4,626),(7,626),(8,626),(9,626),(10,626),(13,626),(14,626),(15,626),(16,626),(21,626),(22,626),(24,626),(30,626),(31,626),(33,626),(38,626),(39,626),(41,626),(44,626),(47,626),(48,626),(49,626),(51,626),(53,626),(55,626),(56,626),(91,626),(99,626),(102,626),(103,626),(105,626),(106,626),(1,627),(2,627),(3,627),(4,627),(5,627),(6,627),(7,627),(8,627),(9,627),(10,627),(11,627),(12,627),(13,627),(14,627),(15,627),(16,627),(17,627),(18,627),(19,627),(20,627),(21,627),(22,627),(23,627),(24,627),(25,627),(26,627),(27,627),(28,627),(29,627),(30,627),(31,627),(32,627),(33,627),(34,627),(35,627),(36,627),(37,627),(38,627),(39,627),(40,627),(41,627),(42,627),(43,627),(44,627),(45,627),(46,627),(47,627),(48,627),(49,627),(50,627),(51,627),(52,627),(53,627),(54,627),(55,627),(56,627),(57,627),(58,627),(59,627),(60,627),(61,627),(85,627),(86,627),(87,627),(88,627),(89,627),(90,627),(91,627),(92,627),(93,627),(94,627),(96,627),(97,627),(98,627),(99,627),(100,627),(101,627),(102,627),(103,627),(104,627),(105,627),(106,627),(2,628),(4,628),(8,628),(10,628),(14,628),(16,628),(22,628),(31,628),(39,628),(44,628),(48,628),(51,628),(53,628),(55,628),(56,628),(91,628),(103,628),(105,628),(2,629),(4,629),(7,629),(8,629),(9,629),(10,629),(13,629),(14,629),(15,629),(16,629),(21,629),(22,629),(24,629),(30,629),(31,629),(33,629),(38,629),(39,629),(41,629),(44,629),(47,629),(48,629),(49,629),(51,629),(53,629),(55,629),(56,629),(91,629),(99,629),(102,629),(103,629),(105,629),(106,629),(1,630),(2,630),(3,630),(4,630),(5,630),(6,630),(7,630),(8,630),(9,630),(10,630),(11,630),(12,630),(13,630),(14,630),(15,630),(16,630),(17,630),(18,630),(19,630),(20,630),(21,630),(22,630),(23,630),(24,630),(25,630),(26,630),(27,630),(28,630),(29,630),(30,630),(31,630),(32,630),(33,630),(34,630),(35,630),(36,630),(37,630),(38,630),(39,630),(40,630),(41,630),(42,630),(43,630),(44,630),(45,630),(46,630),(47,630),(48,630),(49,630),(50,630),(51,630),(52,630),(53,630),(54,630),(55,630),(56,630),(57,630),(58,630),(59,630),(60,630),(61,630),(85,630),(86,630),(87,630),(88,630),(89,630),(90,630),(91,630),(92,630),(93,630),(94,630),(96,630),(97,630),(98,630),(99,630),(100,630),(101,630),(102,630),(103,630),(104,630),(105,630),(106,630),(2,631),(4,631),(8,631),(10,631),(14,631),(16,631),(22,631),(31,631),(39,631),(44,631),(48,631),(51,631),(53,631),(55,631),(56,631),(91,631),(103,631),(105,631),(2,632),(4,632),(7,632),(8,632),(9,632),(10,632),(13,632),(14,632),(15,632),(16,632),(21,632),(22,632),(24,632),(30,632),(31,632),(33,632),(38,632),(39,632),(41,632),(44,632),(47,632),(48,632),(49,632),(51,632),(53,632),(55,632),(56,632),(91,632),(99,632),(102,632),(103,632),(105,632),(106,632),(1,633),(2,633),(3,633),(4,633),(5,633),(6,633),(7,633),(8,633),(9,633),(10,633),(11,633),(12,633),(13,633),(14,633),(15,633),(16,633),(17,633),(18,633),(19,633),(20,633),(21,633),(22,633),(23,633),(24,633),(25,633),(26,633),(27,633),(28,633),(29,633),(30,633),(31,633),(32,633),(33,633),(34,633),(35,633),(36,633),(37,633),(38,633),(39,633),(40,633),(41,633),(42,633),(43,633),(44,633),(45,633),(46,633),(47,633),(48,633),(49,633),(50,633),(51,633),(52,633),(53,633),(54,633),(55,633),(56,633),(57,633),(58,633),(59,633),(60,633),(61,633),(85,633),(86,633),(87,633),(88,633),(89,633),(90,633),(91,633),(92,633),(93,633),(94,633),(96,633),(97,633),(98,633),(99,633),(100,633),(101,633),(102,633),(103,633),(104,633),(105,633),(106,633),(2,634),(4,634),(8,634),(10,634),(14,634),(16,634),(22,634),(31,634),(39,634),(44,634),(48,634),(51,634),(53,634),(55,634),(56,634),(91,634),(103,634),(105,634),(2,635),(4,635),(7,635),(8,635),(9,635),(10,635),(13,635),(14,635),(15,635),(16,635),(21,635),(22,635),(24,635),(30,635),(31,635),(33,635),(38,635),(39,635),(41,635),(44,635),(47,635),(48,635),(49,635),(51,635),(53,635),(55,635),(56,635),(91,635),(99,635),(102,635),(103,635),(105,635),(106,635),(1,636),(2,636),(3,636),(4,636),(5,636),(6,636),(7,636),(8,636),(9,636),(10,636),(11,636),(12,636),(13,636),(14,636),(15,636),(16,636),(17,636),(18,636),(19,636),(20,636),(21,636),(22,636),(23,636),(24,636),(25,636),(26,636),(27,636),(28,636),(29,636),(30,636),(31,636),(32,636),(33,636),(34,636),(35,636),(36,636),(37,636),(38,636),(39,636),(40,636),(41,636),(42,636),(43,636),(44,636),(45,636),(46,636),(47,636),(48,636),(49,636),(50,636),(51,636),(52,636),(53,636),(54,636),(55,636),(56,636),(57,636),(58,636),(59,636),(60,636),(61,636),(85,636),(86,636),(87,636),(88,636),(89,636),(90,636),(91,636),(92,636),(93,636),(94,636),(96,636),(97,636),(98,636),(99,636),(100,636),(101,636),(102,636),(103,636),(104,636),(105,636),(106,636),(2,637),(4,637),(8,637),(10,637),(14,637),(16,637),(22,637),(31,637),(39,637),(44,637),(48,637),(51,637),(53,637),(55,637),(56,637),(91,637),(103,637),(105,637),(2,638),(4,638),(7,638),(8,638),(9,638),(10,638),(13,638),(14,638),(15,638),(16,638),(21,638),(22,638),(24,638),(30,638),(31,638),(33,638),(38,638),(39,638),(41,638),(44,638),(47,638),(48,638),(49,638),(51,638),(53,638),(55,638),(56,638),(91,638),(99,638),(102,638),(103,638),(105,638),(106,638),(1,639),(2,639),(3,639),(4,639),(5,639),(6,639),(7,639),(8,639),(9,639),(10,639),(11,639),(12,639),(13,639),(14,639),(15,639),(16,639),(17,639),(18,639),(19,639),(20,639),(21,639),(22,639),(23,639),(24,639),(25,639),(26,639),(27,639),(28,639),(29,639),(30,639),(31,639),(32,639),(33,639),(34,639),(35,639),(36,639),(37,639),(38,639),(39,639),(40,639),(41,639),(42,639),(43,639),(44,639),(45,639),(46,639),(47,639),(48,639),(49,639),(50,639),(51,639),(52,639),(53,639),(54,639),(55,639),(56,639),(57,639),(58,639),(59,639),(60,639),(61,639),(85,639),(86,639),(87,639),(88,639),(89,639),(90,639),(91,639),(92,639),(93,639),(94,639),(96,639),(97,639),(98,639),(99,639),(100,639),(101,639),(102,639),(103,639),(104,639),(105,639),(106,639),(2,640),(4,640),(8,640),(10,640),(14,640),(16,640),(22,640),(31,640),(39,640),(44,640),(48,640),(51,640),(53,640),(55,640),(56,640),(91,640),(103,640),(105,640),(2,641),(4,641),(7,641),(8,641),(9,641),(10,641),(13,641),(14,641),(15,641),(16,641),(21,641),(22,641),(24,641),(30,641),(31,641),(33,641),(38,641),(39,641),(41,641),(44,641),(47,641),(48,641),(49,641),(51,641),(53,641),(55,641),(56,641),(91,641),(99,641),(102,641),(103,641),(105,641),(106,641),(1,642),(2,642),(3,642),(4,642),(5,642),(6,642),(7,642),(8,642),(9,642),(10,642),(11,642),(12,642),(13,642),(14,642),(15,642),(16,642),(17,642),(18,642),(19,642),(20,642),(21,642),(22,642),(23,642),(24,642),(25,642),(26,642),(27,642),(28,642),(29,642),(30,642),(31,642),(32,642),(33,642),(34,642),(35,642),(36,642),(37,642),(38,642),(39,642),(40,642),(41,642),(42,642),(43,642),(44,642),(45,642),(46,642),(47,642),(48,642),(49,642),(50,642),(51,642),(52,642),(53,642),(54,642),(55,642),(56,642),(57,642),(58,642),(59,642),(60,642),(61,642),(85,642),(86,642),(87,642),(88,642),(89,642),(90,642),(91,642),(92,642),(93,642),(94,642),(96,642),(97,642),(98,642),(99,642),(100,642),(101,642),(102,642),(103,642),(104,642),(105,642),(106,642),(2,643),(4,643),(8,643),(10,643),(14,643),(16,643),(22,643),(31,643),(39,643),(44,643),(48,643),(51,643),(53,643),(55,643),(56,643),(91,643),(103,643),(105,643),(2,644),(4,644),(7,644),(8,644),(9,644),(10,644),(13,644),(14,644),(15,644),(16,644),(21,644),(22,644),(24,644),(30,644),(31,644),(33,644),(38,644),(39,644),(41,644),(44,644),(47,644),(48,644),(49,644),(51,644),(53,644),(55,644),(56,644),(91,644),(99,644),(102,644),(103,644),(105,644),(106,644),(1,645),(2,645),(3,645),(4,645),(5,645),(6,645),(7,645),(8,645),(9,645),(10,645),(11,645),(12,645),(13,645),(14,645),(15,645),(16,645),(17,645),(18,645),(19,645),(20,645),(21,645),(22,645),(23,645),(24,645),(25,645),(26,645),(27,645),(28,645),(29,645),(30,645),(31,645),(32,645),(33,645),(34,645),(35,645),(36,645),(37,645),(38,645),(39,645),(40,645),(41,645),(42,645),(43,645),(44,645),(45,645),(46,645),(47,645),(48,645),(49,645),(50,645),(51,645),(52,645),(53,645),(54,645),(55,645),(56,645),(57,645),(58,645),(59,645),(60,645),(61,645),(85,645),(86,645),(87,645),(88,645),(89,645),(90,645),(91,645),(92,645),(93,645),(94,645),(96,645),(97,645),(98,645),(99,645),(100,645),(101,645),(102,645),(103,645),(104,645),(105,645),(106,645),(2,646),(4,646),(8,646),(10,646),(14,646),(16,646),(22,646),(31,646),(39,646),(44,646),(48,646),(51,646),(53,646),(55,646),(56,646),(91,646),(103,646),(105,646),(2,647),(4,647),(7,647),(8,647),(9,647),(10,647),(13,647),(14,647),(15,647),(16,647),(21,647),(22,647),(24,647),(30,647),(31,647),(33,647),(38,647),(39,647),(41,647),(44,647),(47,647),(48,647),(49,647),(51,647),(53,647),(55,647),(56,647),(91,647),(99,647),(102,647),(103,647),(105,647),(106,647),(1,648),(2,648),(3,648),(4,648),(5,648),(6,648),(7,648),(8,648),(9,648),(10,648),(11,648),(12,648),(13,648),(14,648),(15,648),(16,648),(17,648),(18,648),(19,648),(20,648),(21,648),(22,648),(23,648),(24,648),(25,648),(26,648),(27,648),(28,648),(29,648),(30,648),(31,648),(32,648),(33,648),(34,648),(35,648),(36,648),(37,648),(38,648),(39,648),(40,648),(41,648),(42,648),(43,648),(44,648),(45,648),(46,648),(47,648),(48,648),(49,648),(50,648),(51,648),(52,648),(53,648),(54,648),(55,648),(56,648),(57,648),(58,648),(59,648),(60,648),(61,648),(85,648),(86,648),(87,648),(88,648),(89,648),(90,648),(91,648),(92,648),(93,648),(94,648),(96,648),(97,648),(98,648),(99,648),(100,648),(101,648),(102,648),(103,648),(104,648),(105,648),(106,648),(2,649),(4,649),(8,649),(10,649),(14,649),(16,649),(22,649),(31,649),(39,649),(44,649),(48,649),(51,649),(53,649),(55,649),(56,649),(91,649),(103,649),(105,649),(2,650),(4,650),(7,650),(8,650),(9,650),(10,650),(13,650),(14,650),(15,650),(16,650),(21,650),(22,650),(24,650),(30,650),(31,650),(33,650),(38,650),(39,650),(41,650),(44,650),(47,650),(48,650),(49,650),(51,650),(53,650),(55,650),(56,650),(91,650),(99,650),(102,650),(103,650),(105,650),(106,650),(1,651),(2,651),(3,651),(4,651),(5,651),(6,651),(7,651),(8,651),(9,651),(10,651),(11,651),(12,651),(13,651),(14,651),(15,651),(16,651),(17,651),(18,651),(19,651),(20,651),(21,651),(22,651),(23,651),(24,651),(25,651),(26,651),(27,651),(28,651),(29,651),(30,651),(31,651),(32,651),(33,651),(34,651),(35,651),(36,651),(37,651),(38,651),(39,651),(40,651),(41,651),(42,651),(43,651),(44,651),(45,651),(46,651),(47,651),(48,651),(49,651),(50,651),(51,651),(52,651),(53,651),(54,651),(55,651),(56,651),(57,651),(58,651),(59,651),(60,651),(61,651),(85,651),(86,651),(87,651),(88,651),(89,651),(90,651),(91,651),(92,651),(93,651),(94,651),(96,651),(97,651),(98,651),(99,651),(100,651),(101,651),(102,651),(103,651),(104,651),(105,651),(106,651),(2,652),(4,652),(8,652),(10,652),(14,652),(16,652),(22,652),(31,652),(39,652),(44,652),(48,652),(51,652),(53,652),(55,652),(56,652),(91,652),(103,652),(105,652),(2,653),(4,653),(7,653),(8,653),(9,653),(10,653),(13,653),(14,653),(15,653),(16,653),(21,653),(22,653),(24,653),(30,653),(31,653),(33,653),(38,653),(39,653),(41,653),(44,653),(47,653),(48,653),(49,653),(51,653),(53,653),(55,653),(56,653),(91,653),(99,653),(102,653),(103,653),(105,653),(106,653),(1,654),(2,654),(3,654),(4,654),(5,654),(6,654),(7,654),(8,654),(9,654),(10,654),(11,654),(12,654),(13,654),(14,654),(15,654),(16,654),(17,654),(18,654),(19,654),(20,654),(21,654),(22,654),(23,654),(24,654),(25,654),(26,654),(27,654),(28,654),(29,654),(30,654),(31,654),(32,654),(33,654),(34,654),(35,654),(36,654),(37,654),(38,654),(39,654),(40,654),(41,654),(42,654),(43,654),(44,654),(45,654),(46,654),(47,654),(48,654),(49,654),(50,654),(51,654),(52,654),(53,654),(54,654),(55,654),(56,654),(57,654),(58,654),(59,654),(60,654),(61,654),(85,654),(86,654),(87,654),(88,654),(89,654),(90,654),(91,654),(92,654),(93,654),(94,654),(96,654),(97,654),(98,654),(99,654),(100,654),(101,654),(102,654),(103,654),(104,654),(105,654),(106,654),(2,655),(4,655),(8,655),(10,655),(14,655),(16,655),(22,655),(31,655),(39,655),(44,655),(48,655),(51,655),(53,655),(55,655),(56,655),(91,655),(103,655),(105,655),(2,656),(4,656),(7,656),(8,656),(9,656),(10,656),(13,656),(14,656),(15,656),(16,656),(21,656),(22,656),(24,656),(30,656),(31,656),(33,656),(38,656),(39,656),(41,656),(44,656),(47,656),(48,656),(49,656),(51,656),(53,656),(55,656),(56,656),(91,656),(99,656),(102,656),(103,656),(105,656),(106,656),(1,657),(2,657),(3,657),(4,657),(5,657),(6,657),(7,657),(8,657),(9,657),(10,657),(11,657),(12,657),(13,657),(14,657),(15,657),(16,657),(17,657),(18,657),(19,657),(20,657),(21,657),(22,657),(23,657),(24,657),(25,657),(26,657),(27,657),(28,657),(29,657),(30,657),(31,657),(32,657),(33,657),(34,657),(35,657),(36,657),(37,657),(38,657),(39,657),(40,657),(41,657),(42,657),(43,657),(44,657),(45,657),(46,657),(47,657),(48,657),(49,657),(50,657),(51,657),(52,657),(53,657),(54,657),(55,657),(56,657),(57,657),(58,657),(59,657),(60,657),(61,657),(85,657),(86,657),(87,657),(88,657),(89,657),(90,657),(91,657),(92,657),(93,657),(94,657),(96,657),(97,657),(98,657),(99,657),(100,657),(101,657),(102,657),(103,657),(104,657),(105,657),(106,657),(2,658),(4,658),(8,658),(10,658),(14,658),(16,658),(22,658),(31,658),(39,658),(44,658),(48,658),(51,658),(53,658),(55,658),(56,658),(91,658),(103,658),(105,658),(2,659),(4,659),(7,659),(8,659),(9,659),(10,659),(13,659),(14,659),(15,659),(16,659),(21,659),(22,659),(24,659),(30,659),(31,659),(33,659),(38,659),(39,659),(41,659),(44,659),(47,659),(48,659),(49,659),(51,659),(53,659),(55,659),(56,659),(91,659),(99,659),(102,659),(103,659),(105,659),(106,659),(1,660),(2,660),(3,660),(4,660),(5,660),(6,660),(7,660),(8,660),(9,660),(10,660),(11,660),(12,660),(13,660),(14,660),(15,660),(16,660),(17,660),(18,660),(19,660),(20,660),(21,660),(22,660),(23,660),(24,660),(25,660),(26,660),(27,660),(28,660),(29,660),(30,660),(31,660),(32,660),(33,660),(34,660),(35,660),(36,660),(37,660),(38,660),(39,660),(40,660),(41,660),(42,660),(43,660),(44,660),(45,660),(46,660),(47,660),(48,660),(49,660),(50,660),(51,660),(52,660),(53,660),(54,660),(55,660),(56,660),(57,660),(58,660),(59,660),(60,660),(61,660),(85,660),(86,660),(87,660),(88,660),(89,660),(90,660),(91,660),(92,660),(93,660),(94,660),(96,660),(97,660),(98,660),(99,660),(100,660),(101,660),(102,660),(103,660),(104,660),(105,660),(106,660),(2,661),(4,661),(8,661),(10,661),(14,661),(16,661),(22,661),(31,661),(39,661),(44,661),(48,661),(51,661),(53,661),(55,661),(56,661),(91,661),(103,661),(105,661),(2,662),(4,662),(7,662),(8,662),(9,662),(10,662),(13,662),(14,662),(15,662),(16,662),(21,662),(22,662),(24,662),(30,662),(31,662),(33,662),(38,662),(39,662),(41,662),(44,662),(47,662),(48,662),(49,662),(51,662),(53,662),(55,662),(56,662),(91,662),(99,662),(102,662),(103,662),(105,662),(106,662),(1,663),(2,663),(3,663),(4,663),(5,663),(6,663),(7,663),(8,663),(9,663),(10,663),(11,663),(12,663),(13,663),(14,663),(15,663),(16,663),(17,663),(18,663),(19,663),(20,663),(21,663),(22,663),(23,663),(24,663),(25,663),(26,663),(27,663),(28,663),(29,663),(30,663),(31,663),(32,663),(33,663),(34,663),(35,663),(36,663),(37,663),(38,663),(39,663),(40,663),(41,663),(42,663),(43,663),(44,663),(45,663),(46,663),(47,663),(48,663),(49,663),(50,663),(51,663),(52,663),(53,663),(54,663),(55,663),(56,663),(57,663),(58,663),(59,663),(60,663),(61,663),(85,663),(86,663),(87,663),(88,663),(89,663),(90,663),(91,663),(92,663),(93,663),(94,663),(96,663),(97,663),(98,663),(99,663),(100,663),(101,663),(102,663),(103,663),(104,663),(105,663),(106,663),(2,664),(4,664),(8,664),(10,664),(14,664),(16,664),(22,664),(31,664),(39,664),(44,664),(48,664),(51,664),(53,664),(55,664),(56,664),(91,664),(103,664),(105,664),(2,665),(4,665),(7,665),(8,665),(9,665),(10,665),(13,665),(14,665),(15,665),(16,665),(21,665),(22,665),(24,665),(30,665),(31,665),(33,665),(38,665),(39,665),(41,665),(44,665),(47,665),(48,665),(49,665),(51,665),(53,665),(55,665),(56,665),(91,665),(99,665),(102,665),(103,665),(105,665),(106,665),(1,666),(2,666),(3,666),(4,666),(5,666),(6,666),(7,666),(8,666),(9,666),(10,666),(11,666),(12,666),(13,666),(14,666),(15,666),(16,666),(17,666),(18,666),(19,666),(20,666),(21,666),(22,666),(23,666),(24,666),(25,666),(26,666),(27,666),(28,666),(29,666),(30,666),(31,666),(32,666),(33,666),(34,666),(35,666),(36,666),(37,666),(38,666),(39,666),(40,666),(41,666),(42,666),(43,666),(44,666),(45,666),(46,666),(47,666),(48,666),(49,666),(50,666),(51,666),(52,666),(53,666),(54,666),(55,666),(56,666),(57,666),(58,666),(59,666),(60,666),(61,666),(85,666),(86,666),(87,666),(88,666),(89,666),(90,666),(91,666),(92,666),(93,666),(94,666),(96,666),(97,666),(98,666),(99,666),(100,666),(101,666),(102,666),(103,666),(104,666),(105,666),(106,666),(2,667),(4,667),(8,667),(10,667),(14,667),(16,667),(22,667),(31,667),(39,667),(44,667),(48,667),(51,667),(53,667),(55,667),(56,667),(91,667),(103,667),(105,667),(2,668),(4,668),(7,668),(8,668),(9,668),(10,668),(13,668),(14,668),(15,668),(16,668),(21,668),(22,668),(24,668),(30,668),(31,668),(33,668),(38,668),(39,668),(41,668),(44,668),(47,668),(48,668),(49,668),(51,668),(53,668),(55,668),(56,668),(91,668),(99,668),(102,668),(103,668),(105,668),(106,668),(1,669),(2,669),(3,669),(4,669),(5,669),(6,669),(7,669),(8,669),(9,669),(10,669),(11,669),(12,669),(13,669),(14,669),(15,669),(16,669),(17,669),(18,669),(19,669),(20,669),(21,669),(22,669),(23,669),(24,669),(25,669),(26,669),(27,669),(28,669),(29,669),(30,669),(31,669),(32,669),(33,669),(34,669),(35,669),(36,669),(37,669),(38,669),(39,669),(40,669),(41,669),(42,669),(43,669),(44,669),(45,669),(46,669),(47,669),(48,669),(49,669),(50,669),(51,669),(52,669),(53,669),(54,669),(55,669),(56,669),(57,669),(58,669),(59,669),(60,669),(61,669),(85,669),(86,669),(87,669),(88,669),(89,669),(90,669),(91,669),(92,669),(93,669),(94,669),(96,669),(97,669),(98,669),(99,669),(100,669),(101,669),(102,669),(103,669),(104,669),(105,669),(106,669),(2,670),(4,670),(8,670),(10,670),(14,670),(16,670),(22,670),(31,670),(39,670),(44,670),(48,670),(51,670),(53,670),(55,670),(56,670),(91,670),(103,670),(105,670),(2,671),(4,671),(7,671),(8,671),(9,671),(10,671),(13,671),(14,671),(15,671),(16,671),(21,671),(22,671),(24,671),(30,671),(31,671),(33,671),(38,671),(39,671),(41,671),(44,671),(47,671),(48,671),(49,671),(51,671),(53,671),(55,671),(56,671),(91,671),(99,671),(102,671),(103,671),(105,671),(106,671),(1,672),(2,672),(3,672),(4,672),(5,672),(6,672),(7,672),(8,672),(9,672),(10,672),(11,672),(12,672),(13,672),(14,672),(15,672),(16,672),(17,672),(18,672),(19,672),(20,672),(21,672),(22,672),(23,672),(24,672),(25,672),(26,672),(27,672),(28,672),(29,672),(30,672),(31,672),(32,672),(33,672),(34,672),(35,672),(36,672),(37,672),(38,672),(39,672),(40,672),(41,672),(42,672),(43,672),(44,672),(45,672),(46,672),(47,672),(48,672),(49,672),(50,672),(51,672),(52,672),(53,672),(54,672),(55,672),(56,672),(57,672),(58,672),(59,672),(60,672),(61,672),(85,672),(86,672),(87,672),(88,672),(89,672),(90,672),(91,672),(92,672),(93,672),(94,672),(96,672),(97,672),(98,672),(99,672),(100,672),(101,672),(102,672),(103,672),(104,672),(105,672),(106,672),(2,673),(4,673),(8,673),(10,673),(14,673),(16,673),(22,673),(31,673),(39,673),(44,673),(48,673),(51,673),(53,673),(55,673),(56,673),(91,673),(103,673),(105,673),(2,674),(4,674),(7,674),(8,674),(9,674),(10,674),(13,674),(14,674),(15,674),(16,674),(21,674),(22,674),(24,674),(30,674),(31,674),(33,674),(38,674),(39,674),(41,674),(44,674),(47,674),(48,674),(49,674),(51,674),(53,674),(55,674),(56,674),(91,674),(99,674),(102,674),(103,674),(105,674),(106,674),(1,675),(2,675),(3,675),(4,675),(5,675),(6,675),(7,675),(8,675),(9,675),(10,675),(11,675),(12,675),(13,675),(14,675),(15,675),(16,675),(17,675),(18,675),(19,675),(20,675),(21,675),(22,675),(23,675),(24,675),(25,675),(26,675),(27,675),(28,675),(29,675),(30,675),(31,675),(32,675),(33,675),(34,675),(35,675),(36,675),(37,675),(38,675),(39,675),(40,675),(41,675),(42,675),(43,675),(44,675),(45,675),(46,675),(47,675),(48,675),(49,675),(50,675),(51,675),(52,675),(53,675),(54,675),(55,675),(56,675),(57,675),(58,675),(59,675),(60,675),(61,675),(85,675),(86,675),(87,675),(88,675),(89,675),(90,675),(91,675),(92,675),(93,675),(94,675),(96,675),(97,675),(98,675),(99,675),(100,675),(101,675),(102,675),(103,675),(104,675),(105,675),(106,675),(2,676),(4,676),(8,676),(10,676),(14,676),(16,676),(22,676),(31,676),(39,676),(44,676),(48,676),(51,676),(53,676),(55,676),(56,676),(91,676),(103,676),(105,676),(2,677),(4,677),(7,677),(8,677),(9,677),(10,677),(13,677),(14,677),(15,677),(16,677),(21,677),(22,677),(24,677),(30,677),(31,677),(33,677),(38,677),(39,677),(41,677),(44,677),(47,677),(48,677),(49,677),(51,677),(53,677),(55,677),(56,677),(91,677),(99,677),(102,677),(103,677),(105,677),(106,677),(1,678),(2,678),(3,678),(4,678),(5,678),(6,678),(7,678),(8,678),(9,678),(10,678),(11,678),(12,678),(13,678),(14,678),(15,678),(16,678),(17,678),(18,678),(19,678),(20,678),(21,678),(22,678),(23,678),(24,678),(25,678),(26,678),(27,678),(28,678),(29,678),(30,678),(31,678),(32,678),(33,678),(34,678),(35,678),(36,678),(37,678),(38,678),(39,678),(40,678),(41,678),(42,678),(43,678),(44,678),(45,678),(46,678),(47,678),(48,678),(49,678),(50,678),(51,678),(52,678),(53,678),(54,678),(55,678),(56,678),(57,678),(58,678),(59,678),(60,678),(61,678),(85,678),(86,678),(87,678),(88,678),(89,678),(90,678),(91,678),(92,678),(93,678),(94,678),(96,678),(97,678),(98,678),(99,678),(100,678),(101,678),(102,678),(103,678),(104,678),(105,678),(106,678),(2,679),(4,679),(8,679),(10,679),(14,679),(16,679),(22,679),(31,679),(39,679),(44,679),(48,679),(51,679),(53,679),(55,679),(56,679),(91,679),(103,679),(105,679),(2,680),(4,680),(7,680),(8,680),(9,680),(10,680),(13,680),(14,680),(15,680),(16,680),(21,680),(22,680),(24,680),(30,680),(31,680),(33,680),(38,680),(39,680),(41,680),(44,680),(47,680),(48,680),(49,680),(51,680),(53,680),(55,680),(56,680),(91,680),(99,680),(102,680),(103,680),(105,680),(106,680),(1,681),(2,681),(3,681),(4,681),(5,681),(6,681),(7,681),(8,681),(9,681),(10,681),(11,681),(12,681),(13,681),(14,681),(15,681),(16,681),(17,681),(18,681),(19,681),(20,681),(21,681),(22,681),(23,681),(24,681),(25,681),(26,681),(27,681),(28,681),(29,681),(30,681),(31,681),(32,681),(33,681),(34,681),(35,681),(36,681),(37,681),(38,681),(39,681),(40,681),(41,681),(42,681),(43,681),(44,681),(45,681),(46,681),(47,681),(48,681),(49,681),(50,681),(51,681),(52,681),(53,681),(54,681),(55,681),(56,681),(57,681),(58,681),(59,681),(60,681),(61,681),(85,681),(86,681),(87,681),(88,681),(89,681),(90,681),(91,681),(92,681),(93,681),(94,681),(96,681),(97,681),(98,681),(99,681),(100,681),(101,681),(102,681),(103,681),(104,681),(105,681),(106,681),(2,682),(4,682),(8,682),(10,682),(14,682),(16,682),(22,682),(31,682),(39,682),(44,682),(48,682),(51,682),(53,682),(55,682),(56,682),(91,682),(103,682),(105,682),(2,683),(4,683),(7,683),(8,683),(9,683),(10,683),(13,683),(14,683),(15,683),(16,683),(21,683),(22,683),(24,683),(30,683),(31,683),(33,683),(38,683),(39,683),(41,683),(44,683),(47,683),(48,683),(49,683),(51,683),(53,683),(55,683),(56,683),(91,683),(99,683),(102,683),(103,683),(105,683),(106,683),(1,684),(2,684),(3,684),(4,684),(5,684),(6,684),(7,684),(8,684),(9,684),(10,684),(11,684),(12,684),(13,684),(14,684),(15,684),(16,684),(17,684),(18,684),(19,684),(20,684),(21,684),(22,684),(23,684),(24,684),(25,684),(26,684),(27,684),(28,684),(29,684),(30,684),(31,684),(32,684),(33,684),(34,684),(35,684),(36,684),(37,684),(38,684),(39,684),(40,684),(41,684),(42,684),(43,684),(44,684),(45,684),(46,684),(47,684),(48,684),(49,684),(50,684),(51,684),(52,684),(53,684),(54,684),(55,684),(56,684),(57,684),(58,684),(59,684),(60,684),(61,684),(85,684),(86,684),(87,684),(88,684),(89,684),(90,684),(91,684),(92,684),(93,684),(94,684),(96,684),(97,684),(98,684),(99,684),(100,684),(101,684),(102,684),(103,684),(104,684),(105,684),(106,684),(2,691),(4,691),(8,691),(10,691),(14,691),(16,691),(22,691),(31,691),(39,691),(44,691),(48,691),(51,691),(53,691),(55,691),(56,691),(91,691),(103,691),(105,691),(2,692),(4,692),(7,692),(8,692),(9,692),(10,692),(13,692),(14,692),(15,692),(16,692),(21,692),(22,692),(24,692),(30,692),(31,692),(33,692),(38,692),(39,692),(41,692),(44,692),(47,692),(48,692),(49,692),(51,692),(53,692),(55,692),(56,692),(91,692),(99,692),(102,692),(103,692),(105,692),(106,692),(1,693),(2,693),(3,693),(4,693),(5,693),(6,693),(7,693),(8,693),(9,693),(10,693),(11,693),(12,693),(13,693),(14,693),(15,693),(16,693),(17,693),(18,693),(19,693),(20,693),(21,693),(22,693),(23,693),(24,693),(25,693),(26,693),(27,693),(28,693),(29,693),(30,693),(31,693),(32,693),(33,693),(34,693),(35,693),(36,693),(37,693),(38,693),(39,693),(40,693),(41,693),(42,693),(43,693),(44,693),(45,693),(46,693),(47,693),(48,693),(49,693),(50,693),(51,693),(52,693),(53,693),(54,693),(55,693),(56,693),(57,693),(58,693),(59,693),(60,693),(61,693),(85,693),(86,693),(87,693),(88,693),(89,693),(90,693),(91,693),(92,693),(93,693),(94,693),(96,693),(97,693),(98,693),(99,693),(100,693),(101,693),(102,693),(103,693),(104,693),(105,693),(106,693),(2,694),(4,694),(8,694),(10,694),(14,694),(16,694),(22,694),(31,694),(39,694),(44,694),(48,694),(51,694),(53,694),(55,694),(56,694),(91,694),(103,694),(105,694),(2,695),(4,695),(7,695),(8,695),(9,695),(10,695),(13,695),(14,695),(15,695),(16,695),(21,695),(22,695),(24,695),(30,695),(31,695),(33,695),(38,695),(39,695),(41,695),(44,695),(47,695),(48,695),(49,695),(51,695),(53,695),(55,695),(56,695),(91,695),(99,695),(102,695),(103,695),(105,695),(106,695),(1,696),(2,696),(3,696),(4,696),(5,696),(6,696),(7,696),(8,696),(9,696),(10,696),(11,696),(12,696),(13,696),(14,696),(15,696),(16,696),(17,696),(18,696),(19,696),(20,696),(21,696),(22,696),(23,696),(24,696),(25,696),(26,696),(27,696),(28,696),(29,696),(30,696),(31,696),(32,696),(33,696),(34,696),(35,696),(36,696),(37,696),(38,696),(39,696),(40,696),(41,696),(42,696),(43,696),(44,696),(45,696),(46,696),(47,696),(48,696),(49,696),(50,696),(51,696),(52,696),(53,696),(54,696),(55,696),(56,696),(57,696),(58,696),(59,696),(60,696),(61,696),(85,696),(86,696),(87,696),(88,696),(89,696),(90,696),(91,696),(92,696),(93,696),(94,696),(96,696),(97,696),(98,696),(99,696),(100,696),(101,696),(102,696),(103,696),(104,696),(105,696),(106,696),(2,697),(4,697),(8,697),(10,697),(14,697),(16,697),(22,697),(31,697),(39,697),(44,697),(48,697),(51,697),(53,697),(55,697),(56,697),(91,697),(103,697),(105,697),(2,698),(4,698),(7,698),(8,698),(9,698),(10,698),(13,698),(14,698),(15,698),(16,698),(21,698),(22,698),(24,698),(30,698),(31,698),(33,698),(38,698),(39,698),(41,698),(44,698),(47,698),(48,698),(49,698),(51,698),(53,698),(55,698),(56,698),(91,698),(99,698),(102,698),(103,698),(105,698),(106,698),(1,699),(2,699),(3,699),(4,699),(5,699),(6,699),(7,699),(8,699),(9,699),(10,699),(11,699),(12,699),(13,699),(14,699),(15,699),(16,699),(17,699),(18,699),(19,699),(20,699),(21,699),(22,699),(23,699),(24,699),(25,699),(26,699),(27,699),(28,699),(29,699),(30,699),(31,699),(32,699),(33,699),(34,699),(35,699),(36,699),(37,699),(38,699),(39,699),(40,699),(41,699),(42,699),(43,699),(44,699),(45,699),(46,699),(47,699),(48,699),(49,699),(50,699),(51,699),(52,699),(53,699),(54,699),(55,699),(56,699),(57,699),(58,699),(59,699),(60,699),(61,699),(85,699),(86,699),(87,699),(88,699),(89,699),(90,699),(91,699),(92,699),(93,699),(94,699),(96,699),(97,699),(98,699),(99,699),(100,699),(101,699),(102,699),(103,699),(104,699),(105,699),(106,699),(2,700),(4,700),(8,700),(10,700),(14,700),(16,700),(22,700),(31,700),(39,700),(44,700),(48,700),(51,700),(53,700),(55,700),(56,700),(91,700),(103,700),(105,700),(2,701),(4,701),(7,701),(8,701),(9,701),(10,701),(13,701),(14,701),(15,701),(16,701),(21,701),(22,701),(24,701),(30,701),(31,701),(33,701),(38,701),(39,701),(41,701),(44,701),(47,701),(48,701),(49,701),(51,701),(53,701),(55,701),(56,701),(91,701),(99,701),(102,701),(103,701),(105,701),(106,701),(1,702),(2,702),(3,702),(4,702),(5,702),(6,702),(7,702),(8,702),(9,702),(10,702),(11,702),(12,702),(13,702),(14,702),(15,702),(16,702),(17,702),(18,702),(19,702),(20,702),(21,702),(22,702),(23,702),(24,702),(25,702),(26,702),(27,702),(28,702),(29,702),(30,702),(31,702),(32,702),(33,702),(34,702),(35,702),(36,702),(37,702),(38,702),(39,702),(40,702),(41,702),(42,702),(43,702),(44,702),(45,702),(46,702),(47,702),(48,702),(49,702),(50,702),(51,702),(52,702),(53,702),(54,702),(55,702),(56,702),(57,702),(58,702),(59,702),(60,702),(61,702),(85,702),(86,702),(87,702),(88,702),(89,702),(90,702),(91,702),(92,702),(93,702),(94,702),(96,702),(97,702),(98,702),(99,702),(100,702),(101,702),(102,702),(103,702),(104,702),(105,702),(106,702),(2,703),(4,703),(8,703),(10,703),(14,703),(16,703),(22,703),(31,703),(39,703),(44,703),(48,703),(51,703),(53,703),(55,703),(56,703),(91,703),(103,703),(105,703),(2,704),(4,704),(7,704),(8,704),(9,704),(10,704),(13,704),(14,704),(15,704),(16,704),(21,704),(22,704),(24,704),(30,704),(31,704),(33,704),(38,704),(39,704),(41,704),(44,704),(47,704),(48,704),(49,704),(51,704),(53,704),(55,704),(56,704),(91,704),(99,704),(102,704),(103,704),(105,704),(106,704),(1,705),(2,705),(3,705),(4,705),(5,705),(6,705),(7,705),(8,705),(9,705),(10,705),(11,705),(12,705),(13,705),(14,705),(15,705),(16,705),(17,705),(18,705),(19,705),(20,705),(21,705),(22,705),(23,705),(24,705),(25,705),(26,705),(27,705),(28,705),(29,705),(30,705),(31,705),(32,705),(33,705),(34,705),(35,705),(36,705),(37,705),(38,705),(39,705),(40,705),(41,705),(42,705),(43,705),(44,705),(45,705),(46,705),(47,705),(48,705),(49,705),(50,705),(51,705),(52,705),(53,705),(54,705),(55,705),(56,705),(57,705),(58,705),(59,705),(60,705),(61,705),(85,705),(86,705),(87,705),(88,705),(89,705),(90,705),(91,705),(92,705),(93,705),(94,705),(96,705),(97,705),(98,705),(99,705),(100,705),(101,705),(102,705),(103,705),(104,705),(105,705),(106,705),(2,706),(4,706),(8,706),(10,706),(14,706),(16,706),(22,706),(31,706),(39,706),(44,706),(48,706),(51,706),(53,706),(55,706),(56,706),(91,706),(103,706),(105,706),(2,707),(4,707),(7,707),(8,707),(9,707),(10,707),(13,707),(14,707),(15,707),(16,707),(21,707),(22,707),(24,707),(30,707),(31,707),(33,707),(38,707),(39,707),(41,707),(44,707),(47,707),(48,707),(49,707),(51,707),(53,707),(55,707),(56,707),(91,707),(99,707),(102,707),(103,707),(105,707),(106,707),(1,708),(2,708),(3,708),(4,708),(5,708),(6,708),(7,708),(8,708),(9,708),(10,708),(11,708),(12,708),(13,708),(14,708),(15,708),(16,708),(17,708),(18,708),(19,708),(20,708),(21,708),(22,708),(23,708),(24,708),(25,708),(26,708),(27,708),(28,708),(29,708),(30,708),(31,708),(32,708),(33,708),(34,708),(35,708),(36,708),(37,708),(38,708),(39,708),(40,708),(41,708),(42,708),(43,708),(44,708),(45,708),(46,708),(47,708),(48,708),(49,708),(50,708),(51,708),(52,708),(53,708),(54,708),(55,708),(56,708),(57,708),(58,708),(59,708),(60,708),(61,708),(85,708),(86,708),(87,708),(88,708),(89,708),(90,708),(91,708),(92,708),(93,708),(94,708),(96,708),(97,708),(98,708),(99,708),(100,708),(101,708),(102,708),(103,708),(104,708),(105,708),(106,708),(2,709),(4,709),(8,709),(10,709),(14,709),(16,709),(22,709),(31,709),(39,709),(44,709),(48,709),(51,709),(53,709),(55,709),(56,709),(91,709),(103,709),(105,709),(2,710),(4,710),(7,710),(8,710),(9,710),(10,710),(13,710),(14,710),(15,710),(16,710),(21,710),(22,710),(24,710),(30,710),(31,710),(33,710),(38,710),(39,710),(41,710),(44,710),(47,710),(48,710),(49,710),(51,710),(53,710),(55,710),(56,710),(91,710),(99,710),(102,710),(103,710),(105,710),(106,710),(1,711),(2,711),(3,711),(4,711),(5,711),(6,711),(7,711),(8,711),(9,711),(10,711),(11,711),(12,711),(13,711),(14,711),(15,711),(16,711),(17,711),(18,711),(19,711),(20,711),(21,711),(22,711),(23,711),(24,711),(25,711),(26,711),(27,711),(28,711),(29,711),(30,711),(31,711),(32,711),(33,711),(34,711),(35,711),(36,711),(37,711),(38,711),(39,711),(40,711),(41,711),(42,711),(43,711),(44,711),(45,711),(46,711),(47,711),(48,711),(49,711),(50,711),(51,711),(52,711),(53,711),(54,711),(55,711),(56,711),(57,711),(58,711),(59,711),(60,711),(61,711),(85,711),(86,711),(87,711),(88,711),(89,711),(90,711),(91,711),(92,711),(93,711),(94,711),(96,711),(97,711),(98,711),(99,711),(100,711),(101,711),(102,711),(103,711),(104,711),(105,711),(106,711),(2,712),(4,712),(8,712),(10,712),(14,712),(16,712),(22,712),(31,712),(39,712),(44,712),(48,712),(51,712),(53,712),(55,712),(56,712),(91,712),(103,712),(105,712),(2,713),(4,713),(7,713),(8,713),(9,713),(10,713),(13,713),(14,713),(15,713),(16,713),(21,713),(22,713),(24,713),(30,713),(31,713),(33,713),(38,713),(39,713),(41,713),(44,713),(47,713),(48,713),(49,713),(51,713),(53,713),(55,713),(56,713),(91,713),(99,713),(102,713),(103,713),(105,713),(106,713),(1,714),(2,714),(3,714),(4,714),(5,714),(6,714),(7,714),(8,714),(9,714),(10,714),(11,714),(12,714),(13,714),(14,714),(15,714),(16,714),(17,714),(18,714),(19,714),(20,714),(21,714),(22,714),(23,714),(24,714),(25,714),(26,714),(27,714),(28,714),(29,714),(30,714),(31,714),(32,714),(33,714),(34,714),(35,714),(36,714),(37,714),(38,714),(39,714),(40,714),(41,714),(42,714),(43,714),(44,714),(45,714),(46,714),(47,714),(48,714),(49,714),(50,714),(51,714),(52,714),(53,714),(54,714),(55,714),(56,714),(57,714),(58,714),(59,714),(60,714),(61,714),(85,714),(86,714),(87,714),(88,714),(89,714),(90,714),(91,714),(92,714),(93,714),(94,714),(96,714),(97,714),(98,714),(99,714),(100,714),(101,714),(102,714),(103,714),(104,714),(105,714),(106,714),(2,715),(4,715),(8,715),(10,715),(14,715),(16,715),(22,715),(31,715),(39,715),(44,715),(48,715),(51,715),(53,715),(55,715),(56,715),(91,715),(103,715),(105,715),(2,716),(4,716),(7,716),(8,716),(9,716),(10,716),(13,716),(14,716),(15,716),(16,716),(21,716),(22,716),(24,716),(30,716),(31,716),(33,716),(38,716),(39,716),(41,716),(44,716),(47,716),(48,716),(49,716),(51,716),(53,716),(55,716),(56,716),(91,716),(99,716),(102,716),(103,716),(105,716),(106,716),(1,717),(2,717),(3,717),(4,717),(5,717),(6,717),(7,717),(8,717),(9,717),(10,717),(11,717),(12,717),(13,717),(14,717),(15,717),(16,717),(17,717),(18,717),(19,717),(20,717),(21,717),(22,717),(23,717),(24,717),(25,717),(26,717),(27,717),(28,717),(29,717),(30,717),(31,717),(32,717),(33,717),(34,717),(35,717),(36,717),(37,717),(38,717),(39,717),(40,717),(41,717),(42,717),(43,717),(44,717),(45,717),(46,717),(47,717),(48,717),(49,717),(50,717),(51,717),(52,717),(53,717),(54,717),(55,717),(56,717),(57,717),(58,717),(59,717),(60,717),(61,717),(85,717),(86,717),(87,717),(88,717),(89,717),(90,717),(91,717),(92,717),(93,717),(94,717),(96,717),(97,717),(98,717),(99,717),(100,717),(101,717),(102,717),(103,717),(104,717),(105,717),(106,717),(2,718),(4,718),(8,718),(10,718),(14,718),(16,718),(22,718),(31,718),(39,718),(44,718),(48,718),(51,718),(53,718),(55,718),(56,718),(91,718),(103,718),(105,718),(2,719),(4,719),(7,719),(8,719),(9,719),(10,719),(13,719),(14,719),(15,719),(16,719),(21,719),(22,719),(24,719),(30,719),(31,719),(33,719),(38,719),(39,719),(41,719),(44,719),(47,719),(48,719),(49,719),(51,719),(53,719),(55,719),(56,719),(91,719),(99,719),(102,719),(103,719),(105,719),(106,719),(1,720),(2,720),(3,720),(4,720),(5,720),(6,720),(7,720),(8,720),(9,720),(10,720),(11,720),(12,720),(13,720),(14,720),(15,720),(16,720),(17,720),(18,720),(19,720),(20,720),(21,720),(22,720),(23,720),(24,720),(25,720),(26,720),(27,720),(28,720),(29,720),(30,720),(31,720),(32,720),(33,720),(34,720),(35,720),(36,720),(37,720),(38,720),(39,720),(40,720),(41,720),(42,720),(43,720),(44,720),(45,720),(46,720),(47,720),(48,720),(49,720),(50,720),(51,720),(52,720),(53,720),(54,720),(55,720),(56,720),(57,720),(58,720),(59,720),(60,720),(61,720),(85,720),(86,720),(87,720),(88,720),(89,720),(90,720),(91,720),(92,720),(93,720),(94,720),(96,720),(97,720),(98,720),(99,720),(100,720),(101,720),(102,720),(103,720),(104,720),(105,720),(106,720),(2,721),(4,721),(8,721),(10,721),(14,721),(16,721),(22,721),(31,721),(39,721),(44,721),(48,721),(51,721),(53,721),(55,721),(56,721),(91,721),(103,721),(105,721),(2,722),(4,722),(7,722),(8,722),(9,722),(10,722),(13,722),(14,722),(15,722),(16,722),(21,722),(22,722),(24,722),(30,722),(31,722),(33,722),(38,722),(39,722),(41,722),(44,722),(47,722),(48,722),(49,722),(51,722),(53,722),(55,722),(56,722),(91,722),(99,722),(102,722),(103,722),(105,722),(106,722),(1,723),(2,723),(3,723),(4,723),(5,723),(6,723),(7,723),(8,723),(9,723),(10,723),(11,723),(12,723),(13,723),(14,723),(15,723),(16,723),(17,723),(18,723),(19,723),(20,723),(21,723),(22,723),(23,723),(24,723),(25,723),(26,723),(27,723),(28,723),(29,723),(30,723),(31,723),(32,723),(33,723),(34,723),(35,723),(36,723),(37,723),(38,723),(39,723),(40,723),(41,723),(42,723),(43,723),(44,723),(45,723),(46,723),(47,723),(48,723),(49,723),(50,723),(51,723),(52,723),(53,723),(54,723),(55,723),(56,723),(57,723),(58,723),(59,723),(60,723),(61,723),(85,723),(86,723),(87,723),(88,723),(89,723),(90,723),(91,723),(92,723),(93,723),(94,723),(96,723),(97,723),(98,723),(99,723),(100,723),(101,723),(102,723),(103,723),(104,723),(105,723),(106,723),(2,724),(4,724),(8,724),(10,724),(14,724),(16,724),(22,724),(31,724),(39,724),(44,724),(48,724),(51,724),(53,724),(55,724),(56,724),(91,724),(103,724),(105,724),(2,725),(4,725),(7,725),(8,725),(9,725),(10,725),(13,725),(14,725),(15,725),(16,725),(21,725),(22,725),(24,725),(30,725),(31,725),(33,725),(38,725),(39,725),(41,725),(44,725),(47,725),(48,725),(49,725),(51,725),(53,725),(55,725),(56,725),(91,725),(99,725),(102,725),(103,725),(105,725),(106,725),(1,726),(2,726),(3,726),(4,726),(5,726),(6,726),(7,726),(8,726),(9,726),(10,726),(11,726),(12,726),(13,726),(14,726),(15,726),(16,726),(17,726),(18,726),(19,726),(20,726),(21,726),(22,726),(23,726),(24,726),(25,726),(26,726),(27,726),(28,726),(29,726),(30,726),(31,726),(32,726),(33,726),(34,726),(35,726),(36,726),(37,726),(38,726),(39,726),(40,726),(41,726),(42,726),(43,726),(44,726),(45,726),(46,726),(47,726),(48,726),(49,726),(50,726),(51,726),(52,726),(53,726),(54,726),(55,726),(56,726),(57,726),(58,726),(59,726),(60,726),(61,726),(85,726),(86,726),(87,726),(88,726),(89,726),(90,726),(91,726),(92,726),(93,726),(94,726),(96,726),(97,726),(98,726),(99,726),(100,726),(101,726),(102,726),(103,726),(104,726),(105,726),(106,726),(2,727),(4,727),(8,727),(10,727),(14,727),(16,727),(22,727),(31,727),(39,727),(44,727),(48,727),(51,727),(53,727),(55,727),(56,727),(91,727),(103,727),(105,727),(2,728),(4,728),(7,728),(8,728),(9,728),(10,728),(13,728),(14,728),(15,728),(16,728),(21,728),(22,728),(24,728),(30,728),(31,728),(33,728),(38,728),(39,728),(41,728),(44,728),(47,728),(48,728),(49,728),(51,728),(53,728),(55,728),(56,728),(91,728),(99,728),(102,728),(103,728),(105,728),(106,728),(1,729),(2,729),(3,729),(4,729),(5,729),(6,729),(7,729),(8,729),(9,729),(10,729),(11,729),(12,729),(13,729),(14,729),(15,729),(16,729),(17,729),(18,729),(19,729),(20,729),(21,729),(22,729),(23,729),(24,729),(25,729),(26,729),(27,729),(28,729),(29,729),(30,729),(31,729),(32,729),(33,729),(34,729),(35,729),(36,729),(37,729),(38,729),(39,729),(40,729),(41,729),(42,729),(43,729),(44,729),(45,729),(46,729),(47,729),(48,729),(49,729),(50,729),(51,729),(52,729),(53,729),(54,729),(55,729),(56,729),(57,729),(58,729),(59,729),(60,729),(61,729),(85,729),(86,729),(87,729),(88,729),(89,729),(90,729),(91,729),(92,729),(93,729),(94,729),(96,729),(97,729),(98,729),(99,729),(100,729),(101,729),(102,729),(103,729),(104,729),(105,729),(106,729),(2,730),(4,730),(8,730),(10,730),(14,730),(16,730),(22,730),(31,730),(39,730),(44,730),(48,730),(51,730),(53,730),(55,730),(56,730),(91,730),(103,730),(105,730),(2,731),(4,731),(7,731),(8,731),(9,731),(10,731),(13,731),(14,731),(15,731),(16,731),(21,731),(22,731),(24,731),(30,731),(31,731),(33,731),(38,731),(39,731),(41,731),(44,731),(47,731),(48,731),(49,731),(51,731),(53,731),(55,731),(56,731),(91,731),(99,731),(102,731),(103,731),(105,731),(106,731),(1,732),(2,732),(3,732),(4,732),(5,732),(6,732),(7,732),(8,732),(9,732),(10,732),(11,732),(12,732),(13,732),(14,732),(15,732),(16,732),(17,732),(18,732),(19,732),(20,732),(21,732),(22,732),(23,732),(24,732),(25,732),(26,732),(27,732),(28,732),(29,732),(30,732),(31,732),(32,732),(33,732),(34,732),(35,732),(36,732),(37,732),(38,732),(39,732),(40,732),(41,732),(42,732),(43,732),(44,732),(45,732),(46,732),(47,732),(48,732),(49,732),(50,732),(51,732),(52,732),(53,732),(54,732),(55,732),(56,732),(57,732),(58,732),(59,732),(60,732),(61,732),(85,732),(86,732),(87,732),(88,732),(89,732),(90,732),(91,732),(92,732),(93,732),(94,732),(96,732),(97,732),(98,732),(99,732),(100,732),(101,732),(102,732),(103,732),(104,732),(105,732),(106,732),(2,733),(4,733),(8,733),(10,733),(14,733),(16,733),(22,733),(31,733),(39,733),(44,733),(48,733),(51,733),(53,733),(55,733),(56,733),(91,733),(103,733),(105,733),(2,734),(4,734),(7,734),(8,734),(9,734),(10,734),(13,734),(14,734),(15,734),(16,734),(21,734),(22,734),(24,734),(30,734),(31,734),(33,734),(38,734),(39,734),(41,734),(44,734),(47,734),(48,734),(49,734),(51,734),(53,734),(55,734),(56,734),(91,734),(99,734),(102,734),(103,734),(105,734),(106,734),(1,735),(2,735),(3,735),(4,735),(5,735),(6,735),(7,735),(8,735),(9,735),(10,735),(11,735),(12,735),(13,735),(14,735),(15,735),(16,735),(17,735),(18,735),(19,735),(20,735),(21,735),(22,735),(23,735),(24,735),(25,735),(26,735),(27,735),(28,735),(29,735),(30,735),(31,735),(32,735),(33,735),(34,735),(35,735),(36,735),(37,735),(38,735),(39,735),(40,735),(41,735),(42,735),(43,735),(44,735),(45,735),(46,735),(47,735),(48,735),(49,735),(50,735),(51,735),(52,735),(53,735),(54,735),(55,735),(56,735),(57,735),(58,735),(59,735),(60,735),(61,735),(85,735),(86,735),(87,735),(88,735),(89,735),(90,735),(91,735),(92,735),(93,735),(94,735),(96,735),(97,735),(98,735),(99,735),(100,735),(101,735),(102,735),(103,735),(104,735),(105,735),(106,735),(2,736),(4,736),(8,736),(10,736),(14,736),(16,736),(22,736),(31,736),(39,736),(44,736),(48,736),(51,736),(53,736),(55,736),(56,736),(91,736),(103,736),(105,736),(2,737),(4,737),(7,737),(8,737),(9,737),(10,737),(13,737),(14,737),(15,737),(16,737),(21,737),(22,737),(24,737),(30,737),(31,737),(33,737),(38,737),(39,737),(41,737),(44,737),(47,737),(48,737),(49,737),(51,737),(53,737),(55,737),(56,737),(91,737),(99,737),(102,737),(103,737),(105,737),(106,737),(1,738),(2,738),(3,738),(4,738),(5,738),(6,738),(7,738),(8,738),(9,738),(10,738),(11,738),(12,738),(13,738),(14,738),(15,738),(16,738),(17,738),(18,738),(19,738),(20,738),(21,738),(22,738),(23,738),(24,738),(25,738),(26,738),(27,738),(28,738),(29,738),(30,738),(31,738),(32,738),(33,738),(34,738),(35,738),(36,738),(37,738),(38,738),(39,738),(40,738),(41,738),(42,738),(43,738),(44,738),(45,738),(46,738),(47,738),(48,738),(49,738),(50,738),(51,738),(52,738),(53,738),(54,738),(55,738),(56,738),(57,738),(58,738),(59,738),(60,738),(61,738),(85,738),(86,738),(87,738),(88,738),(89,738),(90,738),(91,738),(92,738),(93,738),(94,738),(96,738),(97,738),(98,738),(99,738),(100,738),(101,738),(102,738),(103,738),(104,738),(105,738),(106,738),(2,739),(4,739),(8,739),(10,739),(14,739),(16,739),(22,739),(31,739),(39,739),(44,739),(48,739),(51,739),(53,739),(55,739),(56,739),(91,739),(103,739),(105,739),(2,740),(4,740),(7,740),(8,740),(9,740),(10,740),(13,740),(14,740),(15,740),(16,740),(21,740),(22,740),(24,740),(30,740),(31,740),(33,740),(38,740),(39,740),(41,740),(44,740),(47,740),(48,740),(49,740),(51,740),(53,740),(55,740),(56,740),(91,740),(99,740),(102,740),(103,740),(105,740),(106,740),(1,741),(2,741),(3,741),(4,741),(5,741),(6,741),(7,741),(8,741),(9,741),(10,741),(11,741),(12,741),(13,741),(14,741),(15,741),(16,741),(17,741),(18,741),(19,741),(20,741),(21,741),(22,741),(23,741),(24,741),(25,741),(26,741),(27,741),(28,741),(29,741),(30,741),(31,741),(32,741),(33,741),(34,741),(35,741),(36,741),(37,741),(38,741),(39,741),(40,741),(41,741),(42,741),(43,741),(44,741),(45,741),(46,741),(47,741),(48,741),(49,741),(50,741),(51,741),(52,741),(53,741),(54,741),(55,741),(56,741),(57,741),(58,741),(59,741),(60,741),(61,741),(85,741),(86,741),(87,741),(88,741),(89,741),(90,741),(91,741),(92,741),(93,741),(94,741),(96,741),(97,741),(98,741),(99,741),(100,741),(101,741),(102,741),(103,741),(104,741),(105,741),(106,741),(2,742),(4,742),(8,742),(10,742),(14,742),(16,742),(22,742),(31,742),(39,742),(44,742),(48,742),(51,742),(53,742),(55,742),(56,742),(91,742),(103,742),(105,742),(2,743),(4,743),(7,743),(8,743),(9,743),(10,743),(13,743),(14,743),(15,743),(16,743),(21,743),(22,743),(24,743),(30,743),(31,743),(33,743),(38,743),(39,743),(41,743),(44,743),(47,743),(48,743),(49,743),(51,743),(53,743),(55,743),(56,743),(91,743),(99,743),(102,743),(103,743),(105,743),(106,743),(1,744),(2,744),(3,744),(4,744),(5,744),(6,744),(7,744),(8,744),(9,744),(10,744),(11,744),(12,744),(13,744),(14,744),(15,744),(16,744),(17,744),(18,744),(19,744),(20,744),(21,744),(22,744),(23,744),(24,744),(25,744),(26,744),(27,744),(28,744),(29,744),(30,744),(31,744),(32,744),(33,744),(34,744),(35,744),(36,744),(37,744),(38,744),(39,744),(40,744),(41,744),(42,744),(43,744),(44,744),(45,744),(46,744),(47,744),(48,744),(49,744),(50,744),(51,744),(52,744),(53,744),(54,744),(55,744),(56,744),(57,744),(58,744),(59,744),(60,744),(61,744),(85,744),(86,744),(87,744),(88,744),(89,744),(90,744),(91,744),(92,744),(93,744),(94,744),(96,744),(97,744),(98,744),(99,744),(100,744),(101,744),(102,744),(103,744),(104,744),(105,744),(106,744),(2,745),(4,745),(8,745),(10,745),(14,745),(16,745),(22,745),(31,745),(39,745),(44,745),(48,745),(51,745),(53,745),(55,745),(56,745),(91,745),(103,745),(105,745),(2,746),(4,746),(7,746),(8,746),(9,746),(10,746),(13,746),(14,746),(15,746),(16,746),(21,746),(22,746),(24,746),(30,746),(31,746),(33,746),(38,746),(39,746),(41,746),(44,746),(47,746),(48,746),(49,746),(51,746),(53,746),(55,746),(56,746),(91,746),(99,746),(102,746),(103,746),(105,746),(106,746),(1,747),(2,747),(3,747),(4,747),(5,747),(6,747),(7,747),(8,747),(9,747),(10,747),(11,747),(12,747),(13,747),(14,747),(15,747),(16,747),(17,747),(18,747),(19,747),(20,747),(21,747),(22,747),(23,747),(24,747),(25,747),(26,747),(27,747),(28,747),(29,747),(30,747),(31,747),(32,747),(33,747),(34,747),(35,747),(36,747),(37,747),(38,747),(39,747),(40,747),(41,747),(42,747),(43,747),(44,747),(45,747),(46,747),(47,747),(48,747),(49,747),(50,747),(51,747),(52,747),(53,747),(54,747),(55,747),(56,747),(57,747),(58,747),(59,747),(60,747),(61,747),(85,747),(86,747),(87,747),(88,747),(89,747),(90,747),(91,747),(92,747),(93,747),(94,747),(96,747),(97,747),(98,747),(99,747),(100,747),(101,747),(102,747),(103,747),(104,747),(105,747),(106,747),(2,748),(4,748),(8,748),(10,748),(14,748),(16,748),(22,748),(31,748),(39,748),(44,748),(48,748),(51,748),(53,748),(55,748),(56,748),(91,748),(103,748),(105,748),(2,749),(4,749),(7,749),(8,749),(9,749),(10,749),(13,749),(14,749),(15,749),(16,749),(21,749),(22,749),(24,749),(30,749),(31,749),(33,749),(38,749),(39,749),(41,749),(44,749),(47,749),(48,749),(49,749),(51,749),(53,749),(55,749),(56,749),(91,749),(99,749),(102,749),(103,749),(105,749),(106,749),(1,750),(2,750),(3,750),(4,750),(5,750),(6,750),(7,750),(8,750),(9,750),(10,750),(11,750),(12,750),(13,750),(14,750),(15,750),(16,750),(17,750),(18,750),(19,750),(20,750),(21,750),(22,750),(23,750),(24,750),(25,750),(26,750),(27,750),(28,750),(29,750),(30,750),(31,750),(32,750),(33,750),(34,750),(35,750),(36,750),(37,750),(38,750),(39,750),(40,750),(41,750),(42,750),(43,750),(44,750),(45,750),(46,750),(47,750),(48,750),(49,750),(50,750),(51,750),(52,750),(53,750),(54,750),(55,750),(56,750),(57,750),(58,750),(59,750),(60,750),(61,750),(85,750),(86,750),(87,750),(88,750),(89,750),(90,750),(91,750),(92,750),(93,750),(94,750),(96,750),(97,750),(98,750),(99,750),(100,750),(101,750),(102,750),(103,750),(104,750),(105,750),(106,750),(2,751),(4,751),(8,751),(10,751),(14,751),(16,751),(22,751),(31,751),(39,751),(44,751),(48,751),(51,751),(53,751),(55,751),(56,751),(91,751),(103,751),(105,751),(2,752),(4,752),(7,752),(8,752),(9,752),(10,752),(13,752),(14,752),(15,752),(16,752),(21,752),(22,752),(24,752),(30,752),(31,752),(33,752),(38,752),(39,752),(41,752),(44,752),(47,752),(48,752),(49,752),(51,752),(53,752),(55,752),(56,752),(91,752),(99,752),(102,752),(103,752),(105,752),(106,752),(1,753),(2,753),(3,753),(4,753),(5,753),(6,753),(7,753),(8,753),(9,753),(10,753),(11,753),(12,753),(13,753),(14,753),(15,753),(16,753),(17,753),(18,753),(19,753),(20,753),(21,753),(22,753),(23,753),(24,753),(25,753),(26,753),(27,753),(28,753),(29,753),(30,753),(31,753),(32,753),(33,753),(34,753),(35,753),(36,753),(37,753),(38,753),(39,753),(40,753),(41,753),(42,753),(43,753),(44,753),(45,753),(46,753),(47,753),(48,753),(49,753),(50,753),(51,753),(52,753),(53,753),(54,753),(55,753),(56,753),(57,753),(58,753),(59,753),(60,753),(61,753),(85,753),(86,753),(87,753),(88,753),(89,753),(90,753),(91,753),(92,753),(93,753),(94,753),(96,753),(97,753),(98,753),(99,753),(100,753),(101,753),(102,753),(103,753),(104,753),(105,753),(106,753),(2,754),(4,754),(8,754),(10,754),(14,754),(16,754),(22,754),(31,754),(39,754),(44,754),(48,754),(51,754),(53,754),(55,754),(56,754),(91,754),(103,754),(105,754),(2,755),(4,755),(7,755),(8,755),(9,755),(10,755),(13,755),(14,755),(15,755),(16,755),(21,755),(22,755),(24,755),(30,755),(31,755),(33,755),(38,755),(39,755),(41,755),(44,755),(47,755),(48,755),(49,755),(51,755),(53,755),(55,755),(56,755),(91,755),(99,755),(102,755),(103,755),(105,755),(106,755),(1,756),(2,756),(3,756),(4,756),(5,756),(6,756),(7,756),(8,756),(9,756),(10,756),(11,756),(12,756),(13,756),(14,756),(15,756),(16,756),(17,756),(18,756),(19,756),(20,756),(21,756),(22,756),(23,756),(24,756),(25,756),(26,756),(27,756),(28,756),(29,756),(30,756),(31,756),(32,756),(33,756),(34,756),(35,756),(36,756),(37,756),(38,756),(39,756),(40,756),(41,756),(42,756),(43,756),(44,756),(45,756),(46,756),(47,756),(48,756),(49,756),(50,756),(51,756),(52,756),(53,756),(54,756),(55,756),(56,756),(57,756),(58,756),(59,756),(60,756),(61,756),(85,756),(86,756),(87,756),(88,756),(89,756),(90,756),(91,756),(92,756),(93,756),(94,756),(96,756),(97,756),(98,756),(99,756),(100,756),(101,756),(102,756),(103,756),(104,756),(105,756),(106,756),(2,757),(4,757),(8,757),(10,757),(14,757),(16,757),(22,757),(31,757),(39,757),(44,757),(48,757),(51,757),(53,757),(55,757),(56,757),(91,757),(103,757),(105,757),(2,758),(4,758),(7,758),(8,758),(9,758),(10,758),(13,758),(14,758),(15,758),(16,758),(21,758),(22,758),(24,758),(30,758),(31,758),(33,758),(38,758),(39,758),(41,758),(44,758),(47,758),(48,758),(49,758),(51,758),(53,758),(55,758),(56,758),(91,758),(99,758),(102,758),(103,758),(105,758),(106,758),(1,759),(2,759),(3,759),(4,759),(5,759),(6,759),(7,759),(8,759),(9,759),(10,759),(11,759),(12,759),(13,759),(14,759),(15,759),(16,759),(17,759),(18,759),(19,759),(20,759),(21,759),(22,759),(23,759),(24,759),(25,759),(26,759),(27,759),(28,759),(29,759),(30,759),(31,759),(32,759),(33,759),(34,759),(35,759),(36,759),(37,759),(38,759),(39,759),(40,759),(41,759),(42,759),(43,759),(44,759),(45,759),(46,759),(47,759),(48,759),(49,759),(50,759),(51,759),(52,759),(53,759),(54,759),(55,759),(56,759),(57,759),(58,759),(59,759),(60,759),(61,759),(85,759),(86,759),(87,759),(88,759),(89,759),(90,759),(91,759),(92,759),(93,759),(94,759),(96,759),(97,759),(98,759),(99,759),(100,759),(101,759),(102,759),(103,759),(104,759),(105,759),(106,759),(2,760),(4,760),(8,760),(10,760),(14,760),(16,760),(22,760),(31,760),(39,760),(44,760),(48,760),(51,760),(53,760),(55,760),(56,760),(91,760),(103,760),(105,760),(2,761),(4,761),(7,761),(8,761),(9,761),(10,761),(13,761),(14,761),(15,761),(16,761),(21,761),(22,761),(24,761),(30,761),(31,761),(33,761),(38,761),(39,761),(41,761),(44,761),(47,761),(48,761),(49,761),(51,761),(53,761),(55,761),(56,761),(91,761),(99,761),(102,761),(103,761),(105,761),(106,761),(1,762),(2,762),(3,762),(4,762),(5,762),(6,762),(7,762),(8,762),(9,762),(10,762),(11,762),(12,762),(13,762),(14,762),(15,762),(16,762),(17,762),(18,762),(19,762),(20,762),(21,762),(22,762),(23,762),(24,762),(25,762),(26,762),(27,762),(28,762),(29,762),(30,762),(31,762),(32,762),(33,762),(34,762),(35,762),(36,762),(37,762),(38,762),(39,762),(40,762),(41,762),(42,762),(43,762),(44,762),(45,762),(46,762),(47,762),(48,762),(49,762),(50,762),(51,762),(52,762),(53,762),(54,762),(55,762),(56,762),(57,762),(58,762),(59,762),(60,762),(61,762),(85,762),(86,762),(87,762),(88,762),(89,762),(90,762),(91,762),(92,762),(93,762),(94,762),(96,762),(97,762),(98,762),(99,762),(100,762),(101,762),(102,762),(103,762),(104,762),(105,762),(106,762),(2,763),(4,763),(8,763),(10,763),(14,763),(16,763),(22,763),(31,763),(39,763),(44,763),(48,763),(51,763),(53,763),(55,763),(56,763),(91,763),(103,763),(105,763),(2,764),(4,764),(7,764),(8,764),(9,764),(10,764),(13,764),(14,764),(15,764),(16,764),(21,764),(22,764),(24,764),(30,764),(31,764),(33,764),(38,764),(39,764),(41,764),(44,764),(47,764),(48,764),(49,764),(51,764),(53,764),(55,764),(56,764),(91,764),(99,764),(102,764),(103,764),(105,764),(106,764),(1,765),(2,765),(3,765),(4,765),(5,765),(6,765),(7,765),(8,765),(9,765),(10,765),(11,765),(12,765),(13,765),(14,765),(15,765),(16,765),(17,765),(18,765),(19,765),(20,765),(21,765),(22,765),(23,765),(24,765),(25,765),(26,765),(27,765),(28,765),(29,765),(30,765),(31,765),(32,765),(33,765),(34,765),(35,765),(36,765),(37,765),(38,765),(39,765),(40,765),(41,765),(42,765),(43,765),(44,765),(45,765),(46,765),(47,765),(48,765),(49,765),(50,765),(51,765),(52,765),(53,765),(54,765),(55,765),(56,765),(57,765),(58,765),(59,765),(60,765),(61,765),(85,765),(86,765),(87,765),(88,765),(89,765),(90,765),(91,765),(92,765),(93,765),(94,765),(96,765),(97,765),(98,765),(99,765),(100,765),(101,765),(102,765),(103,765),(104,765),(105,765),(106,765),(2,787),(4,787),(8,787),(10,787),(14,787),(16,787),(22,787),(31,787),(39,787),(44,787),(48,787),(51,787),(53,787),(55,787),(56,787),(91,787),(103,787),(105,787),(2,788),(4,788),(7,788),(8,788),(9,788),(10,788),(13,788),(14,788),(15,788),(16,788),(21,788),(22,788),(24,788),(30,788),(31,788),(33,788),(38,788),(39,788),(41,788),(44,788),(47,788),(48,788),(49,788),(51,788),(53,788),(55,788),(56,788),(91,788),(99,788),(102,788),(103,788),(105,788),(106,788),(1,789),(2,789),(3,789),(4,789),(5,789),(6,789),(7,789),(8,789),(9,789),(10,789),(11,789),(12,789),(13,789),(14,789),(15,789),(16,789),(17,789),(18,789),(19,789),(20,789),(21,789),(22,789),(23,789),(24,789),(25,789),(26,789),(27,789),(28,789),(29,789),(30,789),(31,789),(32,789),(33,789),(34,789),(35,789),(36,789),(37,789),(38,789),(39,789),(40,789),(41,789),(42,789),(43,789),(44,789),(45,789),(46,789),(47,789),(48,789),(49,789),(50,789),(51,789),(52,789),(53,789),(54,789),(55,789),(56,789),(57,789),(58,789),(59,789),(60,789),(61,789),(85,789),(86,789),(87,789),(88,789),(89,789),(90,789),(91,789),(92,789),(93,789),(94,789),(96,789),(97,789),(98,789),(99,789),(100,789),(101,789),(102,789),(103,789),(104,789),(105,789),(106,789),(2,790),(4,790),(8,790),(10,790),(14,790),(16,790),(22,790),(31,790),(39,790),(44,790),(48,790),(51,790),(53,790),(55,790),(56,790),(91,790),(103,790),(105,790),(2,791),(4,791),(7,791),(8,791),(9,791),(10,791),(13,791),(14,791),(15,791),(16,791),(21,791),(22,791),(24,791),(30,791),(31,791),(33,791),(38,791),(39,791),(41,791),(44,791),(47,791),(48,791),(49,791),(51,791),(53,791),(55,791),(56,791),(91,791),(99,791),(102,791),(103,791),(105,791),(106,791),(1,792),(2,792),(3,792),(4,792),(5,792),(6,792),(7,792),(8,792),(9,792),(10,792),(11,792),(12,792),(13,792),(14,792),(15,792),(16,792),(17,792),(18,792),(19,792),(20,792),(21,792),(22,792),(23,792),(24,792),(25,792),(26,792),(27,792),(28,792),(29,792),(30,792),(31,792),(32,792),(33,792),(34,792),(35,792),(36,792),(37,792),(38,792),(39,792),(40,792),(41,792),(42,792),(43,792),(44,792),(45,792),(46,792),(47,792),(48,792),(49,792),(50,792),(51,792),(52,792),(53,792),(54,792),(55,792),(56,792),(57,792),(58,792),(59,792),(60,792),(61,792),(85,792),(86,792),(87,792),(88,792),(89,792),(90,792),(91,792),(92,792),(93,792),(94,792),(96,792),(97,792),(98,792),(99,792),(100,792),(101,792),(102,792),(103,792),(104,792),(105,792),(106,792),(2,793),(4,793),(8,793),(10,793),(14,793),(16,793),(22,793),(31,793),(39,793),(44,793),(48,793),(51,793),(53,793),(55,793),(56,793),(91,793),(103,793),(105,793),(2,794),(4,794),(7,794),(8,794),(9,794),(10,794),(13,794),(14,794),(15,794),(16,794),(21,794),(22,794),(24,794),(30,794),(31,794),(33,794),(38,794),(39,794),(41,794),(44,794),(47,794),(48,794),(49,794),(51,794),(53,794),(55,794),(56,794),(91,794),(99,794),(102,794),(103,794),(105,794),(106,794),(1,795),(2,795),(3,795),(4,795),(5,795),(6,795),(7,795),(8,795),(9,795),(10,795),(11,795),(12,795),(13,795),(14,795),(15,795),(16,795),(17,795),(18,795),(19,795),(20,795),(21,795),(22,795),(23,795),(24,795),(25,795),(26,795),(27,795),(28,795),(29,795),(30,795),(31,795),(32,795),(33,795),(34,795),(35,795),(36,795),(37,795),(38,795),(39,795),(40,795),(41,795),(42,795),(43,795),(44,795),(45,795),(46,795),(47,795),(48,795),(49,795),(50,795),(51,795),(52,795),(53,795),(54,795),(55,795),(56,795),(57,795),(58,795),(59,795),(60,795),(61,795),(85,795),(86,795),(87,795),(88,795),(89,795),(90,795),(91,795),(92,795),(93,795),(94,795),(96,795),(97,795),(98,795),(99,795),(100,795),(101,795),(102,795),(103,795),(104,795),(105,795),(106,795),(2,796),(4,796),(8,796),(10,796),(14,796),(16,796),(22,796),(31,796),(39,796),(44,796),(48,796),(51,796),(53,796),(55,796),(56,796),(91,796),(103,796),(105,796),(2,797),(4,797),(7,797),(8,797),(9,797),(10,797),(13,797),(14,797),(15,797),(16,797),(21,797),(22,797),(24,797),(30,797),(31,797),(33,797),(38,797),(39,797),(41,797),(44,797),(47,797),(48,797),(49,797),(51,797),(53,797),(55,797),(56,797),(91,797),(99,797),(102,797),(103,797),(105,797),(106,797),(1,798),(2,798),(3,798),(4,798),(5,798),(6,798),(7,798),(8,798),(9,798),(10,798),(11,798),(12,798),(13,798),(14,798),(15,798),(16,798),(17,798),(18,798),(19,798),(20,798),(21,798),(22,798),(23,798),(24,798),(25,798),(26,798),(27,798),(28,798),(29,798),(30,798),(31,798),(32,798),(33,798),(34,798),(35,798),(36,798),(37,798),(38,798),(39,798),(40,798),(41,798),(42,798),(43,798),(44,798),(45,798),(46,798),(47,798),(48,798),(49,798),(50,798),(51,798),(52,798),(53,798),(54,798),(55,798),(56,798),(57,798),(58,798),(59,798),(60,798),(61,798),(85,798),(86,798),(87,798),(88,798),(89,798),(90,798),(91,798),(92,798),(93,798),(94,798),(96,798),(97,798),(98,798),(99,798),(100,798),(101,798),(102,798),(103,798),(104,798),(105,798),(106,798),(2,799),(4,799),(8,799),(10,799),(14,799),(16,799),(22,799),(31,799),(39,799),(44,799),(48,799),(51,799),(53,799),(55,799),(56,799),(91,799),(103,799),(105,799),(2,800),(4,800),(7,800),(8,800),(9,800),(10,800),(13,800),(14,800),(15,800),(16,800),(21,800),(22,800),(24,800),(30,800),(31,800),(33,800),(38,800),(39,800),(41,800),(44,800),(47,800),(48,800),(49,800),(51,800),(53,800),(55,800),(56,800),(91,800),(99,800),(102,800),(103,800),(105,800),(106,800),(1,801),(2,801),(3,801),(4,801),(5,801),(6,801),(7,801),(8,801),(9,801),(10,801),(11,801),(12,801),(13,801),(14,801),(15,801),(16,801),(17,801),(18,801),(19,801),(20,801),(21,801),(22,801),(23,801),(24,801),(25,801),(26,801),(27,801),(28,801),(29,801),(30,801),(31,801),(32,801),(33,801),(34,801),(35,801),(36,801),(37,801),(38,801),(39,801),(40,801),(41,801),(42,801),(43,801),(44,801),(45,801),(46,801),(47,801),(48,801),(49,801),(50,801),(51,801),(52,801),(53,801),(54,801),(55,801),(56,801),(57,801),(58,801),(59,801),(60,801),(61,801),(85,801),(86,801),(87,801),(88,801),(89,801),(90,801),(91,801),(92,801),(93,801),(94,801),(96,801),(97,801),(98,801),(99,801),(100,801),(101,801),(102,801),(103,801),(104,801),(105,801),(106,801),(2,802),(4,802),(8,802),(10,802),(14,802),(16,802),(22,802),(31,802),(39,802),(44,802),(48,802),(51,802),(53,802),(55,802),(56,802),(91,802),(103,802),(105,802),(2,803),(4,803),(7,803),(8,803),(9,803),(10,803),(13,803),(14,803),(15,803),(16,803),(21,803),(22,803),(24,803),(30,803),(31,803),(33,803),(38,803),(39,803),(41,803),(44,803),(47,803),(48,803),(49,803),(51,803),(53,803),(55,803),(56,803),(91,803),(99,803),(102,803),(103,803),(105,803),(106,803),(1,804),(2,804),(3,804),(4,804),(5,804),(6,804),(7,804),(8,804),(9,804),(10,804),(11,804),(12,804),(13,804),(14,804),(15,804),(16,804),(17,804),(18,804),(19,804),(20,804),(21,804),(22,804),(23,804),(24,804),(25,804),(26,804),(27,804),(28,804),(29,804),(30,804),(31,804),(32,804),(33,804),(34,804),(35,804),(36,804),(37,804),(38,804),(39,804),(40,804),(41,804),(42,804),(43,804),(44,804),(45,804),(46,804),(47,804),(48,804),(49,804),(50,804),(51,804),(52,804),(53,804),(54,804),(55,804),(56,804),(57,804),(58,804),(59,804),(60,804),(61,804),(85,804),(86,804),(87,804),(88,804),(89,804),(90,804),(91,804),(92,804),(93,804),(94,804),(96,804),(97,804),(98,804),(99,804),(100,804),(101,804),(102,804),(103,804),(104,804),(105,804),(106,804),(2,805),(4,805),(8,805),(10,805),(14,805),(16,805),(22,805),(31,805),(39,805),(44,805),(48,805),(51,805),(53,805),(55,805),(56,805),(91,805),(103,805),(105,805),(2,806),(4,806),(7,806),(8,806),(9,806),(10,806),(13,806),(14,806),(15,806),(16,806),(21,806),(22,806),(24,806),(30,806),(31,806),(33,806),(38,806),(39,806),(41,806),(44,806),(47,806),(48,806),(49,806),(51,806),(53,806),(55,806),(56,806),(91,806),(99,806),(102,806),(103,806),(105,806),(106,806),(1,807),(2,807),(3,807),(4,807),(5,807),(6,807),(7,807),(8,807),(9,807),(10,807),(11,807),(12,807),(13,807),(14,807),(15,807),(16,807),(17,807),(18,807),(19,807),(20,807),(21,807),(22,807),(23,807),(24,807),(25,807),(26,807),(27,807),(28,807),(29,807),(30,807),(31,807),(32,807),(33,807),(34,807),(35,807),(36,807),(37,807),(38,807),(39,807),(40,807),(41,807),(42,807),(43,807),(44,807),(45,807),(46,807),(47,807),(48,807),(49,807),(50,807),(51,807),(52,807),(53,807),(54,807),(55,807),(56,807),(57,807),(58,807),(59,807),(60,807),(61,807),(85,807),(86,807),(87,807),(88,807),(89,807),(90,807),(91,807),(92,807),(93,807),(94,807),(96,807),(97,807),(98,807),(99,807),(100,807),(101,807),(102,807),(103,807),(104,807),(105,807),(106,807),(2,808),(4,808),(8,808),(10,808),(14,808),(16,808),(22,808),(31,808),(39,808),(44,808),(48,808),(51,808),(53,808),(55,808),(56,808),(91,808),(103,808),(105,808),(2,809),(4,809),(7,809),(8,809),(9,809),(10,809),(13,809),(14,809),(15,809),(16,809),(21,809),(22,809),(24,809),(30,809),(31,809),(33,809),(38,809),(39,809),(41,809),(44,809),(47,809),(48,809),(49,809),(51,809),(53,809),(55,809),(56,809),(91,809),(99,809),(102,809),(103,809),(105,809),(106,809),(1,810),(2,810),(3,810),(4,810),(5,810),(6,810),(7,810),(8,810),(9,810),(10,810),(11,810),(12,810),(13,810),(14,810),(15,810),(16,810),(17,810),(18,810),(19,810),(20,810),(21,810),(22,810),(23,810),(24,810),(25,810),(26,810),(27,810),(28,810),(29,810),(30,810),(31,810),(32,810),(33,810),(34,810),(35,810),(36,810),(37,810),(38,810),(39,810),(40,810),(41,810),(42,810),(43,810),(44,810),(45,810),(46,810),(47,810),(48,810),(49,810),(50,810),(51,810),(52,810),(53,810),(54,810),(55,810),(56,810),(57,810),(58,810),(59,810),(60,810),(61,810),(85,810),(86,810),(87,810),(88,810),(89,810),(90,810),(91,810),(92,810),(93,810),(94,810),(96,810),(97,810),(98,810),(99,810),(100,810),(101,810),(102,810),(103,810),(104,810),(105,810),(106,810),(2,811),(4,811),(8,811),(10,811),(14,811),(16,811),(22,811),(31,811),(39,811),(44,811),(48,811),(51,811),(53,811),(55,811),(56,811),(91,811),(103,811),(105,811),(2,812),(4,812),(7,812),(8,812),(9,812),(10,812),(13,812),(14,812),(15,812),(16,812),(21,812),(22,812),(24,812),(30,812),(31,812),(33,812),(38,812),(39,812),(41,812),(44,812),(47,812),(48,812),(49,812),(51,812),(53,812),(55,812),(56,812),(91,812),(99,812),(102,812),(103,812),(105,812),(106,812),(1,813),(2,813),(3,813),(4,813),(5,813),(6,813),(7,813),(8,813),(9,813),(10,813),(11,813),(12,813),(13,813),(14,813),(15,813),(16,813),(17,813),(18,813),(19,813),(20,813),(21,813),(22,813),(23,813),(24,813),(25,813),(26,813),(27,813),(28,813),(29,813),(30,813),(31,813),(32,813),(33,813),(34,813),(35,813),(36,813),(37,813),(38,813),(39,813),(40,813),(41,813),(42,813),(43,813),(44,813),(45,813),(46,813),(47,813),(48,813),(49,813),(50,813),(51,813),(52,813),(53,813),(54,813),(55,813),(56,813),(57,813),(58,813),(59,813),(60,813),(61,813),(85,813),(86,813),(87,813),(88,813),(89,813),(90,813),(91,813),(92,813),(93,813),(94,813),(96,813),(97,813),(98,813),(99,813),(100,813),(101,813),(102,813),(103,813),(104,813),(105,813),(106,813),(2,814),(4,814),(8,814),(10,814),(14,814),(16,814),(22,814),(31,814),(39,814),(44,814),(48,814),(51,814),(53,814),(55,814),(56,814),(91,814),(103,814),(105,814),(2,815),(4,815),(7,815),(8,815),(9,815),(10,815),(13,815),(14,815),(15,815),(16,815),(21,815),(22,815),(24,815),(30,815),(31,815),(33,815),(38,815),(39,815),(41,815),(44,815),(47,815),(48,815),(49,815),(51,815),(53,815),(55,815),(56,815),(91,815),(99,815),(102,815),(103,815),(105,815),(106,815),(1,816),(2,816),(3,816),(4,816),(5,816),(6,816),(7,816),(8,816),(9,816),(10,816),(11,816),(12,816),(13,816),(14,816),(15,816),(16,816),(17,816),(18,816),(19,816),(20,816),(21,816),(22,816),(23,816),(24,816),(25,816),(26,816),(27,816),(28,816),(29,816),(30,816),(31,816),(32,816),(33,816),(34,816),(35,816),(36,816),(37,816),(38,816),(39,816),(40,816),(41,816),(42,816),(43,816),(44,816),(45,816),(46,816),(47,816),(48,816),(49,816),(50,816),(51,816),(52,816),(53,816),(54,816),(55,816),(56,816),(57,816),(58,816),(59,816),(60,816),(61,816),(85,816),(86,816),(87,816),(88,816),(89,816),(90,816),(91,816),(92,816),(93,816),(94,816),(96,816),(97,816),(98,816),(99,816),(100,816),(101,816),(102,816),(103,816),(104,816),(105,816),(106,816),(2,817),(4,817),(8,817),(10,817),(14,817),(16,817),(22,817),(31,817),(39,817),(44,817),(48,817),(51,817),(53,817),(55,817),(56,817),(91,817),(103,817),(105,817),(2,818),(4,818),(7,818),(8,818),(9,818),(10,818),(13,818),(14,818),(15,818),(16,818),(21,818),(22,818),(24,818),(30,818),(31,818),(33,818),(38,818),(39,818),(41,818),(44,818),(47,818),(48,818),(49,818),(51,818),(53,818),(55,818),(56,818),(91,818),(99,818),(102,818),(103,818),(105,818),(106,818),(1,819),(2,819),(3,819),(4,819),(5,819),(6,819),(7,819),(8,819),(9,819),(10,819),(11,819),(12,819),(13,819),(14,819),(15,819),(16,819),(17,819),(18,819),(19,819),(20,819),(21,819),(22,819),(23,819),(24,819),(25,819),(26,819),(27,819),(28,819),(29,819),(30,819),(31,819),(32,819),(33,819),(34,819),(35,819),(36,819),(37,819),(38,819),(39,819),(40,819),(41,819),(42,819),(43,819),(44,819),(45,819),(46,819),(47,819),(48,819),(49,819),(50,819),(51,819),(52,819),(53,819),(54,819),(55,819),(56,819),(57,819),(58,819),(59,819),(60,819),(61,819),(85,819),(86,819),(87,819),(88,819),(89,819),(90,819),(91,819),(92,819),(93,819),(94,819),(96,819),(97,819),(98,819),(99,819),(100,819),(101,819),(102,819),(103,819),(104,819),(105,819),(106,819),(2,820),(4,820),(8,820),(10,820),(14,820),(16,820),(22,820),(31,820),(39,820),(44,820),(48,820),(51,820),(53,820),(55,820),(56,820),(91,820),(103,820),(105,820),(2,821),(4,821),(7,821),(8,821),(9,821),(10,821),(13,821),(14,821),(15,821),(16,821),(21,821),(22,821),(24,821),(30,821),(31,821),(33,821),(38,821),(39,821),(41,821),(44,821),(47,821),(48,821),(49,821),(51,821),(53,821),(55,821),(56,821),(91,821),(99,821),(102,821),(103,821),(105,821),(106,821),(1,822),(2,822),(3,822),(4,822),(5,822),(6,822),(7,822),(8,822),(9,822),(10,822),(11,822),(12,822),(13,822),(14,822),(15,822),(16,822),(17,822),(18,822),(19,822),(20,822),(21,822),(22,822),(23,822),(24,822),(25,822),(26,822),(27,822),(28,822),(29,822),(30,822),(31,822),(32,822),(33,822),(34,822),(35,822),(36,822),(37,822),(38,822),(39,822),(40,822),(41,822),(42,822),(43,822),(44,822),(45,822),(46,822),(47,822),(48,822),(49,822),(50,822),(51,822),(52,822),(53,822),(54,822),(55,822),(56,822),(57,822),(58,822),(59,822),(60,822),(61,822),(85,822),(86,822),(87,822),(88,822),(89,822),(90,822),(91,822),(92,822),(93,822),(94,822),(96,822),(97,822),(98,822),(99,822),(100,822),(101,822),(102,822),(103,822),(104,822),(105,822),(106,822),(2,823),(4,823),(8,823),(10,823),(14,823),(16,823),(22,823),(31,823),(39,823),(44,823),(48,823),(51,823),(53,823),(55,823),(56,823),(91,823),(103,823),(105,823),(2,824),(4,824),(7,824),(8,824),(9,824),(10,824),(13,824),(14,824),(15,824),(16,824),(21,824),(22,824),(24,824),(30,824),(31,824),(33,824),(38,824),(39,824),(41,824),(44,824),(47,824),(48,824),(49,824),(51,824),(53,824),(55,824),(56,824),(91,824),(99,824),(102,824),(103,824),(105,824),(106,824),(1,825),(2,825),(3,825),(4,825),(5,825),(6,825),(7,825),(8,825),(9,825),(10,825),(11,825),(12,825),(13,825),(14,825),(15,825),(16,825),(17,825),(18,825),(19,825),(20,825),(21,825),(22,825),(23,825),(24,825),(25,825),(26,825),(27,825),(28,825),(29,825),(30,825),(31,825),(32,825),(33,825),(34,825),(35,825),(36,825),(37,825),(38,825),(39,825),(40,825),(41,825),(42,825),(43,825),(44,825),(45,825),(46,825),(47,825),(48,825),(49,825),(50,825),(51,825),(52,825),(53,825),(54,825),(55,825),(56,825),(57,825),(58,825),(59,825),(60,825),(61,825),(85,825),(86,825),(87,825),(88,825),(89,825),(90,825),(91,825),(92,825),(93,825),(94,825),(96,825),(97,825),(98,825),(99,825),(100,825),(101,825),(102,825),(103,825),(104,825),(105,825),(106,825),(2,826),(4,826),(8,826),(10,826),(14,826),(16,826),(22,826),(31,826),(39,826),(44,826),(48,826),(51,826),(53,826),(55,826),(56,826),(91,826),(103,826),(105,826),(2,827),(4,827),(7,827),(8,827),(9,827),(10,827),(13,827),(14,827),(15,827),(16,827),(21,827),(22,827),(24,827),(30,827),(31,827),(33,827),(38,827),(39,827),(41,827),(44,827),(47,827),(48,827),(49,827),(51,827),(53,827),(55,827),(56,827),(91,827),(99,827),(102,827),(103,827),(105,827),(106,827),(1,828),(2,828),(3,828),(4,828),(5,828),(6,828),(7,828),(8,828),(9,828),(10,828),(11,828),(12,828),(13,828),(14,828),(15,828),(16,828),(17,828),(18,828),(19,828),(20,828),(21,828),(22,828),(23,828),(24,828),(25,828),(26,828),(27,828),(28,828),(29,828),(30,828),(31,828),(32,828),(33,828),(34,828),(35,828),(36,828),(37,828),(38,828),(39,828),(40,828),(41,828),(42,828),(43,828),(44,828),(45,828),(46,828),(47,828),(48,828),(49,828),(50,828),(51,828),(52,828),(53,828),(54,828),(55,828),(56,828),(57,828),(58,828),(59,828),(60,828),(61,828),(85,828),(86,828),(87,828),(88,828),(89,828),(90,828),(91,828),(92,828),(93,828),(94,828),(96,828),(97,828),(98,828),(99,828),(100,828),(101,828),(102,828),(103,828),(104,828),(105,828),(106,828),(2,829),(4,829),(8,829),(10,829),(14,829),(16,829),(22,829),(31,829),(39,829),(44,829),(48,829),(51,829),(53,829),(55,829),(56,829),(91,829),(103,829),(105,829),(2,830),(4,830),(7,830),(8,830),(9,830),(10,830),(13,830),(14,830),(15,830),(16,830),(21,830),(22,830),(24,830),(30,830),(31,830),(33,830),(38,830),(39,830),(41,830),(44,830),(47,830),(48,830),(49,830),(51,830),(53,830),(55,830),(56,830),(91,830),(99,830),(102,830),(103,830),(105,830),(106,830),(1,831),(2,831),(3,831),(4,831),(5,831),(6,831),(7,831),(8,831),(9,831),(10,831),(11,831),(12,831),(13,831),(14,831),(15,831),(16,831),(17,831),(18,831),(19,831),(20,831),(21,831),(22,831),(23,831),(24,831),(25,831),(26,831),(27,831),(28,831),(29,831),(30,831),(31,831),(32,831),(33,831),(34,831),(35,831),(36,831),(37,831),(38,831),(39,831),(40,831),(41,831),(42,831),(43,831),(44,831),(45,831),(46,831),(47,831),(48,831),(49,831),(50,831),(51,831),(52,831),(53,831),(54,831),(55,831),(56,831),(57,831),(58,831),(59,831),(60,831),(61,831),(85,831),(86,831),(87,831),(88,831),(89,831),(90,831),(91,831),(92,831),(93,831),(94,831),(96,831),(97,831),(98,831),(99,831),(100,831),(101,831),(102,831),(103,831),(104,831),(105,831),(106,831);

--
-- Table structure for table `roles`
--

CREATE TABLE `roles` (
  `id` int(10) unsigned NOT NULL AUTO_INCREMENT,
  `name` varchar(255) COLLATE utf8_unicode_ci NOT NULL,
  `office_id` varchar(255) COLLATE utf8_unicode_ci NOT NULL,
  `deleted_at` timestamp NULL DEFAULT NULL,
  `company_id` bigint(20) unsigned NOT NULL,
  PRIMARY KEY (`id`)
) ENGINE=InnoDB AUTO_INCREMENT=832 DEFAULT CHARSET=utf8 COLLATE=utf8_unicode_ci;

--
-- Dumping data for table `roles`
--

INSERT INTO `roles` VALUES (1,'Employee','1',NULL,1),(2,'Admin','1',NULL,1),(3,'Employee','2',NULL,2),(4,'Admin','2',NULL,2),(5,'Employee','3',NULL,3),(6,'Admin','3',NULL,3),(7,'Manager','1',NULL,1),(8,'Employee','4',NULL,4),(9,'Admin','4',NULL,4),(10,'Employee','5',NULL,0),(11,'Admin','5',NULL,0),(12,'Employee','6',NULL,6),(13,'Admin','6',NULL,6),(14,'Employee','7',NULL,0),(15,'Admin','7',NULL,0),(16,'Employee','8',NULL,0),(17,'Admin','8',NULL,0),(18,'Employee','9',NULL,0),(19,'Admin','9',NULL,0),(20,'Employee','10',NULL,0),(21,'Admin','10',NULL,0),(22,'Employee','11',NULL,0),(23,'Admin','11',NULL,0),(24,'Employee','12',NULL,0),(25,'Admin','12',NULL,0),(26,'Employee','13',NULL,0),(27,'Admin','13',NULL,0),(28,'Employee','14',NULL,0),(29,'Admin','14',NULL,0),(30,'Employee','15',NULL,0),(31,'Admin','15',NULL,0),(32,'Employee','16',NULL,0),(33,'Admin','16',NULL,0),(34,'Employee','17',NULL,0),(35,'Admin','17',NULL,0),(36,'Employee','18',NULL,0),(37,'Admin','18',NULL,0),(38,'Employee','19',NULL,0),(39,'Admin','19',NULL,0),(40,'Employee','20',NULL,0),(41,'Admin','20',NULL,0),(42,'Employee','21',NULL,0),(43,'Admin','21',NULL,0),(44,'Employee','22',NULL,0),(45,'Admin','22',NULL,0),(46,'Employee','23',NULL,0),(47,'Admin','23',NULL,0),(48,'Employee','24',NULL,0),(49,'Admin','24',NULL,0),(50,'Employee','25',NULL,0),(51,'Admin','25',NULL,0),(52,'Employee','26',NULL,0),(53,'Admin','26',NULL,0),(54,'Employee','27',NULL,32),(55,'Admin','27',NULL,32),(56,'Employee','28',NULL,0),(57,'Admin','28',NULL,0),(58,'Employee','29',NULL,0),(59,'Admin','29',NULL,0),(60,'Employee','30',NULL,0),(61,'Admin','30',NULL,0),(62,'Employee','31',NULL,0),(63,'Admin','31',NULL,0),(64,'Employee','32',NULL,37),(65,'Admin','32',NULL,37),(66,'Employee','33',NULL,0),(67,'Admin','33',NULL,0),(68,'Employee','34',NULL,0),(69,'Admin','34',NULL,0),(70,'Employee','35',NULL,0),(71,'Admin','35',NULL,0),(72,'Employee','36',NULL,0),(73,'Admin','36',NULL,0),(74,'Employee','37',NULL,0),(75,'Admin','37',NULL,0),(76,'Employee','38',NULL,0),(77,'Admin','38',NULL,0),(78,'Employee','39',NULL,0),(79,'Admin','39',NULL,0),(80,'Employee','40',NULL,0),(81,'Admin','40',NULL,0),(82,'Employee','41',NULL,0),(83,'Admin','41',NULL,0),(84,'Employee','42',NULL,0),(85,'Admin','42',NULL,0),(86,'Employee','43',NULL,0),(87,'Admin','43',NULL,0),(88,'Employee','44',NULL,0),(89,'Admin','44',NULL,0),(90,'Employee','45',NULL,0),(91,'Admin','45',NULL,0),(92,'Employee','46',NULL,0),(93,'Admin','46',NULL,0),(94,'Employee','47',NULL,0),(95,'Admin','47',NULL,0),(96,'Employee','48',NULL,0),(97,'Admin','48',NULL,0),(98,'Employee','49',NULL,0),(99,'Admin','49',NULL,0),(100,'Employee','50',NULL,0),(101,'Admin','50',NULL,0),(102,'Employee','51',NULL,0),(103,'Admin','51',NULL,0),(104,'Employee','52',NULL,0),(105,'Admin','52',NULL,0),(130,'employer','6',NULL,6),(131,'Employee','65',NULL,0),(132,'Admin','65',NULL,0),(133,'Employee','66',NULL,0),(134,'Admin','66',NULL,0),(135,'Employee','67',NULL,0),(136,'Admin','67',NULL,0),(137,'employer','8',NULL,0),(150,'Employee','74',NULL,0),(151,'Admin','74',NULL,0),(152,'Employee','75',NULL,0),(153,'Admin','75',NULL,0),(154,'Employee','76',NULL,0),(155,'Admin','76',NULL,0),(156,'Employee','77',NULL,0),(157,'Admin','77',NULL,0),(158,'Employee','78',NULL,88),(159,'Admin','78',NULL,88),(160,'Employee','79',NULL,0),(161,'Admin','79',NULL,0),(162,'Employee','80',NULL,0),(163,'Admin','80',NULL,0),(164,'employer','7',NULL,0),(165,'Employee','81',NULL,0),(166,'Admin','81',NULL,0),(167,'Employee','82',NULL,0),(168,'Admin','82',NULL,0),(169,'Employee','83',NULL,0),(170,'Admin','83',NULL,0),(171,'Employee','84',NULL,0),(172,'Admin','84',NULL,0),(173,'Sales Executive','85',NULL,95),(174,'Admin','85',NULL,95),(175,'CEO','85',NULL,95),(176,'Director','85',NULL,95),(177,'Team Lead','85',NULL,95),(178,'Employee','86',NULL,0),(179,'Admin','86',NULL,0),(180,'Employee','87',NULL,0),(181,'Admin','87',NULL,0),(182,'Employee','88',NULL,0),(183,'Admin','88',NULL,0),(184,'Employee','89',NULL,0),(185,'Admin','89',NULL,0),(186,'Employee','90',NULL,0),(187,'Admin','90',NULL,0),(188,'Manager','78',NULL,88),(189,'Employee','91',NULL,0),(190,'Admin','91',NULL,0),(191,'Employee','92',NULL,0),(192,'Admin','92',NULL,0),(193,'Employee','93',NULL,0),(194,'Admin','93',NULL,0),(195,'Employee','94',NULL,0),(196,'Admin','94',NULL,0),(197,'Employee','95',NULL,105),(198,'Admin','95',NULL,105),(199,'Employee','96',NULL,0),(200,'Admin','96',NULL,0),(201,'Employee','97',NULL,0),(202,'Admin','97',NULL,0),(203,'Employee','98',NULL,0),(204,'Admin','98',NULL,0),(205,'Employee','99',NULL,0),(206,'Admin','99',NULL,0),(207,'Employee','100',NULL,0),(208,'Admin','100',NULL,0),(209,'Employee','101',NULL,0),(210,'Admin','101',NULL,0),(211,'Employee','102',NULL,0),(212,'Admin','102',NULL,0),(213,'Employee','103',NULL,0),(214,'Admin','103',NULL,0),(215,'Employee','104',NULL,0),(216,'Admin','104',NULL,0),(217,'Employee','105',NULL,0),(218,'Admin','105',NULL,0),(219,'Employee','106',NULL,0),(220,'Admin','106',NULL,0),(221,'Employee','107',NULL,0),(222,'Admin','107',NULL,0),(223,'Employee','108',NULL,0),(224,'Admin','108',NULL,0),(225,'Employee','109',NULL,0),(226,'Admin','109',NULL,0),(227,'Employee','110',NULL,0),(228,'Admin','110',NULL,0),(229,'Employee','111',NULL,0),(230,'Admin','111',NULL,0),(231,'Employee','112',NULL,0),(232,'Admin','112',NULL,0),(233,'Employee','113',NULL,0),(234,'Admin','113',NULL,0),(235,'Employee','114',NULL,0),(236,'Admin','114',NULL,0),(237,'Employee','115',NULL,0),(238,'Admin','115',NULL,0),(239,'Employee','116',NULL,0),(240,'Admin','116',NULL,0),(241,'Employee','117',NULL,0),(242,'Admin','117',NULL,0),(243,'Employee','118',NULL,0),(244,'Admin','118',NULL,0),(245,'Employee','119',NULL,0),(246,'Admin','119',NULL,0),(247,'Employee','120',NULL,0),(248,'Admin','120',NULL,0),(249,'Employee','121',NULL,0),(250,'Admin','121',NULL,0),(251,'Employee','122',NULL,0),(252,'Admin','122',NULL,0),(253,'Employee','123',NULL,0),(254,'Admin','123',NULL,0),(255,'Employee','124',NULL,0),(256,'Admin','124',NULL,0),(257,'Employee','125',NULL,0),(258,'Admin','125',NULL,0),(259,'Employee','126',NULL,0),(260,'Admin','126',NULL,0),(265,'Employee','127',NULL,0),(266,'Admin','127',NULL,0),(267,'test','78',NULL,88),(268,'Employee','128',NULL,0),(269,'Admin','128',NULL,0),(270,'HR Manager','128',NULL,0),(271,'Employee','129',NULL,0),(272,'Admin','129',NULL,0),(273,'HR Managers','78',NULL,88),(288,'Employee','137',NULL,147),(289,'Admin','137',NULL,147),(290,'Employee','138',NULL,148),(291,'Admin','138',NULL,148),(292,'Employee','139',NULL,149),(293,'Admin','139',NULL,149),(294,'Employee','140',NULL,150),(295,'Admin','140',NULL,150),(296,'Employee','141',NULL,151),(297,'Admin','141',NULL,151),(298,'Employee','142',NULL,152),(299,'Admin','142',NULL,152),(300,'Employee','143',NULL,153),(301,'Admin','143',NULL,153),(302,'Employee','144',NULL,154),(303,'Admin','144',NULL,154),(304,'Employee','145',NULL,155),(305,'Admin','145',NULL,155),(306,'Employee','146',NULL,156),(307,'Admin','146',NULL,156),(308,'Employee','147',NULL,157),(309,'Admin','147',NULL,157),(310,'Employee','148',NULL,158),(311,'Admin','148',NULL,158),(312,'Employee','149',NULL,159),(313,'Admin','149',NULL,159),(314,'Employee','150',NULL,160),(315,'Admin','150',NULL,160),(316,'Employee','151',NULL,161),(317,'Admin','151',NULL,161),(318,'Employee','152',NULL,162),(319,'Admin','152',NULL,162),(320,'Employee','153',NULL,163),(321,'Admin','153',NULL,163),(322,'Employee','154',NULL,164),(323,'Admin','154',NULL,164),(324,'Employee','155',NULL,165),(325,'Admin','155',NULL,165),(326,'Employee','156',NULL,166),(327,'Admin','156',NULL,166),(328,'Manager','149',NULL,159),(329,'Employee','157',NULL,167),(330,'Manager','157',NULL,167),(331,'Admin','157',NULL,167),(332,'Employee','158',NULL,168),(333,'Manager','158',NULL,168),(334,'Admin','158',NULL,168),(335,'Employee','159',NULL,169),(336,'Manager','159',NULL,169),(337,'Admin','159',NULL,169),(338,'Employee','160',NULL,170),(339,'Manager','160',NULL,170),(340,'Admin','160',NULL,170),(341,'Employee','161',NULL,171),(342,'Manager','161',NULL,171),(343,'Admin','161',NULL,171),(344,'Employee','162',NULL,172),(345,'Manager','162',NULL,172),(346,'Admin','162',NULL,172),(347,'Manager','156',NULL,166),(348,'Employee','163',NULL,173),(349,'Manager','163',NULL,173),(350,'Admin','163',NULL,173),(351,'Employee','164',NULL,174),(352,'Manager','164',NULL,174),(353,'Admin','164',NULL,174),(357,'Employee','165',NULL,175),(358,'Manager','165',NULL,175),(359,'Admin','165',NULL,175),(360,'Employee','166',NULL,176),(361,'Manager','166',NULL,176),(362,'Admin','166',NULL,176),(363,'Employee','167',NULL,177),(364,'Manager','167',NULL,177),(365,'Admin','167',NULL,177),(366,'Employee','168',NULL,178),(367,'Manager','168',NULL,178),(368,'Admin','168',NULL,178),(369,'Employee','169',NULL,179),(370,'Manager','169',NULL,179),(371,'Admin','169',NULL,179),(372,'Employee','170',NULL,180),(373,'Manager','170',NULL,180),(374,'Admin','170',NULL,180),(375,'Employee','171',NULL,181),(376,'Manager','171',NULL,181),(377,'Admin','171',NULL,181),(378,'Employee','172',NULL,182),(379,'Manager','172',NULL,182),(380,'Admin','172',NULL,182),(381,'Affiliate','',NULL,0),(382,'Employee','173',NULL,183),(383,'Manager','173',NULL,183),(384,'Admin','173',NULL,183),(385,'Employee','174',NULL,184),(386,'Manager','174',NULL,184),(387,'Admin','174',NULL,184),(388,'Employee','175',NULL,185),(389,'Manager','175',NULL,185),(390,'Admin','175',NULL,185),(391,'Employee','176',NULL,186),(392,'Manager','176',NULL,186),(393,'Admin','176',NULL,186),(394,'Employee','177',NULL,187),(395,'Manager','177',NULL,187),(396,'Admin','177',NULL,187),(397,'Employee','178',NULL,188),(398,'Manager','178',NULL,188),(399,'Admin','178',NULL,188),(400,'Employee','179',NULL,189),(401,'Manager','179',NULL,189),(402,'Admin','179',NULL,189),(403,'Employee','180',NULL,190),(404,'Manager','180',NULL,190),(405,'Admin','180',NULL,190),(406,'Employee','181',NULL,191),(407,'Manager','181',NULL,191),(408,'Admin','181',NULL,191),(409,'Employee','182',NULL,192),(410,'Manager','182',NULL,192),(411,'Admin','182',NULL,192),(412,'Employee','183',NULL,193),(413,'Manager','183',NULL,193),(414,'Admin','183',NULL,193),(415,'Employee','184',NULL,194),(416,'Manager','184',NULL,194),(417,'Admin','184',NULL,194),(418,'Employee','185',NULL,195),(419,'Manager','185',NULL,195),(420,'Admin','185',NULL,195),(421,'Employee','186',NULL,196),(422,'Manager','186',NULL,196),(423,'Admin','186',NULL,196),(424,'Employee','187',NULL,197),(425,'Manager','187',NULL,197),(426,'Admin','187',NULL,197),(427,'Employee','188',NULL,198),(428,'Manager','188',NULL,198),(429,'Admin','188',NULL,198),(430,'Employee','189',NULL,199),(431,'Manager','189',NULL,199),(432,'Admin','189',NULL,199),(433,'Employee','190',NULL,200),(434,'Manager','190',NULL,200),(435,'Admin','190',NULL,200),(436,'Employee','191',NULL,201),(437,'Manager','191',NULL,201),(438,'Admin','191',NULL,201),(439,'Employee','192',NULL,202),(440,'Manager','192',NULL,202),(441,'Admin','192',NULL,202),(442,'Employee','193',NULL,203),(443,'Manager','193',NULL,203),(444,'Admin','193',NULL,203),(445,'Employee','194',NULL,204),(446,'Manager','194',NULL,204),(447,'Admin','194',NULL,204),(448,'Employee','195',NULL,205),(449,'Manager','195',NULL,205),(450,'Admin','195',NULL,205),(451,'Employee','196',NULL,206),(452,'Manager','196',NULL,206),(453,'Admin','196',NULL,206),(454,'Employee','197',NULL,207),(455,'Manager','197',NULL,207),(456,'Admin','197',NULL,207),(457,'Employee','198',NULL,208),(458,'Manager','198',NULL,208),(459,'Admin','198',NULL,208),(460,'Employee','199',NULL,209),(461,'Manager','199',NULL,209),(462,'Admin','199',NULL,209),(463,'Employee','200',NULL,210),(464,'Manager','200',NULL,210),(465,'Admin','200',NULL,210),(466,'Employee','201',NULL,211),(467,'Manager','201',NULL,211),(468,'Admin','201',NULL,211),(469,'Employee','202',NULL,212),(470,'Manager','202',NULL,212),(471,'Admin','202',NULL,212),(472,'Employee','203',NULL,213),(473,'Manager','203',NULL,213),(474,'Admin','203',NULL,213),(475,'Employee','204',NULL,214),(476,'Manager','204',NULL,214),(477,'Admin','204',NULL,214),(478,'Employee','205',NULL,215),(479,'Manager','205',NULL,215),(480,'Admin','205',NULL,215),(481,'Employee','206',NULL,216),(482,'Manager','206',NULL,216),(483,'Admin','206',NULL,216),(484,'Employee','207',NULL,217),(485,'Manager','207',NULL,217),(486,'Admin','207',NULL,217),(487,'Employee','208',NULL,218),(488,'Manager','208',NULL,218),(489,'Admin','208',NULL,218),(490,'Employee','209',NULL,219),(491,'Manager','209',NULL,219),(492,'Admin','209',NULL,219),(493,'Employee','210',NULL,220),(494,'Manager','210',NULL,220),(495,'Admin','210',NULL,220),(496,'Employee','211',NULL,221),(497,'Manager','211',NULL,221),(498,'Admin','211',NULL,221),(499,'Employee','212',NULL,222),(500,'Manager','212',NULL,222),(501,'Admin','212',NULL,222),(502,'Employee','213',NULL,223),(503,'Manager','213',NULL,223),(504,'Admin','213',NULL,223),(505,'Employee','214',NULL,224),(506,'Manager','214',NULL,224),(507,'Admin','214',NULL,224),(508,'Employee','215',NULL,225),(509,'Manager','215',NULL,225),(510,'Admin','215',NULL,225),(511,'Employee','216',NULL,226),(512,'Manager','216',NULL,226),(513,'Admin','216',NULL,226),(514,'Employee','217',NULL,227),(515,'Manager','217',NULL,227),(516,'Admin','217',NULL,227),(517,'Employee','218',NULL,228),(518,'Manager','218',NULL,228),(519,'Admin','218',NULL,228),(520,'Employee','219',NULL,229),(521,'Manager','219',NULL,229),(522,'Admin','219',NULL,229),(523,'Employee','220',NULL,230),(524,'Manager','220',NULL,230),(525,'Admin','220',NULL,230),(526,'Employee','221',NULL,231),(527,'Manager','221',NULL,231),(528,'Admin','221',NULL,231),(529,'Employee','222',NULL,232),(530,'Manager','222',NULL,232),(531,'Admin','222',NULL,232),(532,'Employee','223',NULL,233),(533,'Manager','223',NULL,233),(534,'Admin','223',NULL,233),(535,'Employee','224',NULL,234),(536,'Manager','224',NULL,234),(537,'Admin','224',NULL,234),(538,'Employee','225',NULL,235),(539,'Manager','225',NULL,235),(540,'Admin','225',NULL,235),(541,'Employee','226',NULL,236),(542,'Manager','226',NULL,236),(543,'Admin','226',NULL,236),(544,'Employee','227',NULL,237),(545,'Manager','227',NULL,237),(546,'Admin','227',NULL,237),(547,'Employee','228',NULL,238),(548,'Manager','228',NULL,238),(549,'Admin','228',NULL,238),(550,'Employee','229',NULL,239),(551,'Manager','229',NULL,239),(552,'Admin','229',NULL,239),(553,'Employee','230',NULL,240),(554,'Manager','230',NULL,240),(555,'Admin','230',NULL,240),(556,'Employee','231',NULL,241),(557,'Manager','231',NULL,241),(558,'Admin','231',NULL,241),(559,'Employee','232',NULL,242),(560,'Manager','232',NULL,242),(561,'Admin','232',NULL,242),(562,'Employee','233',NULL,243),(563,'Manager','233',NULL,243),(564,'Admin','233',NULL,243),(565,'Employee','234',NULL,244),(566,'Manager','234',NULL,244),(567,'Admin','234',NULL,244),(568,'Employee','235',NULL,245),(569,'Manager','235',NULL,245),(570,'Admin','235',NULL,245),(571,'Employee','236',NULL,246),(572,'Manager','236',NULL,246),(573,'Admin','236',NULL,246),(574,'Employee','237',NULL,247),(575,'Manager','237',NULL,247),(576,'Admin','237',NULL,247),(577,'Employee','238',NULL,248),(578,'Manager','238',NULL,248),(579,'Admin','238',NULL,248),(580,'Employee','239',NULL,249),(581,'Manager','239',NULL,249),(582,'Admin','239',NULL,249),(583,'Employee','240',NULL,250),(584,'Manager','240',NULL,250),(585,'Admin','240',NULL,250),(586,'Employee','241',NULL,251),(587,'Manager','241',NULL,251),(588,'Admin','241',NULL,251),(589,'Employee','242',NULL,252),(590,'Manager','242',NULL,252),(591,'Admin','242',NULL,252),(592,'Employee','243',NULL,253),(593,'Manager','243',NULL,253),(594,'Admin','243',NULL,253),(595,'Employee','244',NULL,254),(596,'Manager','244',NULL,254),(597,'Admin','244',NULL,254),(598,'Employee','245',NULL,255),(599,'Manager','245',NULL,255),(600,'Admin','245',NULL,255),(601,'Employee','246',NULL,256),(602,'Manager','246',NULL,256),(603,'Admin','246',NULL,256),(604,'Employee','247',NULL,257),(605,'Manager','247',NULL,257),(606,'Admin','247',NULL,257),(607,'Employee','248',NULL,258),(608,'Manager','248',NULL,258),(609,'Admin','248',NULL,258),(610,'Employee','249',NULL,259),(611,'Manager','249',NULL,259),(612,'Admin','249',NULL,259),(613,'Employee','250',NULL,260),(614,'Manager','250',NULL,260),(615,'Admin','250',NULL,260),(616,'Employee','251',NULL,261),(617,'Manager','251',NULL,261),(618,'Admin','251',NULL,261),(619,'Employee','252',NULL,262),(620,'Manager','252',NULL,262),(621,'Admin','252',NULL,262),(622,'Employee','253',NULL,263),(623,'Manager','253',NULL,263),(624,'Admin','253',NULL,263),(625,'Employee','254',NULL,264),(626,'Manager','254',NULL,264),(627,'Admin','254',NULL,264),(628,'Employee','255',NULL,265),(629,'Manager','255',NULL,265),(630,'Admin','255',NULL,265),(631,'Employee','256',NULL,266),(632,'Manager','256',NULL,266),(633,'Admin','256',NULL,266),(634,'Employee','257',NULL,267),(635,'Manager','257',NULL,267),(636,'Admin','257',NULL,267),(637,'Employee','258',NULL,268),(638,'Manager','258',NULL,268),(639,'Admin','258',NULL,268),(640,'Employee','259',NULL,269),(641,'Manager','259',NULL,269),(642,'Admin','259',NULL,269),(643,'Employee','260',NULL,270),(644,'Manager','260',NULL,270),(645,'Admin','260',NULL,270),(646,'Employee','261',NULL,271),(647,'Manager','261',NULL,271),(648,'Admin','261',NULL,271),(649,'Employee','262',NULL,272),(650,'Manager','262',NULL,272),(651,'Admin','262',NULL,272),(652,'Employee','263',NULL,273),(653,'Manager','263',NULL,273),(654,'Admin','263',NULL,273),(655,'Employee','264',NULL,274),(656,'Manager','264',NULL,274),(657,'Admin','264',NULL,274),(658,'Employee','265',NULL,275),(659,'Manager','265',NULL,275),(660,'Admin','265',NULL,275),(661,'Employee','266',NULL,276),(662,'Manager','266',NULL,276),(663,'Admin','266',NULL,276),(664,'Employee','267',NULL,277),(665,'Manager','267',NULL,277),(666,'Admin','267',NULL,277),(667,'Employee','268',NULL,0),(668,'Manager','268',NULL,0),(669,'Admin','268',NULL,0),(670,'Employee','269',NULL,279),(671,'Manager','269',NULL,279),(672,'Admin','269',NULL,279),(673,'Employee','270','2021-09-15 18:49:07',280),(674,'Manager','270','2021-09-15 18:49:07',280),(675,'Admin','270','2021-09-15 18:49:07',280),(676,'Employee','271',NULL,281),(677,'Manager','271',NULL,281),(678,'Admin','271',NULL,281),(679,'Employee','272',NULL,282),(680,'Manager','272',NULL,282),(681,'Admin','272',NULL,282),(682,'Employee','273',NULL,283),(683,'Manager','273',NULL,283),(684,'Admin','273',NULL,283),(691,'Employee','276',NULL,286),(692,'Manager','276',NULL,286),(693,'Admin','276',NULL,286),(694,'Employee','277',NULL,287),(695,'Manager','277',NULL,287),(696,'Admin','277',NULL,287),(697,'Employee','278',NULL,288),(698,'Manager','278',NULL,288),(699,'Admin','278',NULL,288),(700,'Employee','279',NULL,289),(701,'Manager','279',NULL,289),(702,'Admin','279',NULL,289),(703,'Employee','280',NULL,290),(704,'Manager','280',NULL,290),(705,'Admin','280',NULL,290),(706,'Employee','281',NULL,291),(707,'Manager','281',NULL,291),(708,'Admin','281',NULL,291),(709,'Employee','282',NULL,292),(710,'Manager','282',NULL,292),(711,'Admin','282',NULL,292),(712,'Employee','283',NULL,293),(713,'Manager','283',NULL,293),(714,'Admin','283',NULL,293),(715,'Employee','284',NULL,294),(716,'Manager','284',NULL,294),(717,'Admin','284',NULL,294),(718,'Employee','285',NULL,295),(719,'Manager','285',NULL,295),(720,'Admin','285',NULL,295),(721,'Employee','286',NULL,296),(722,'Manager','286',NULL,296),(723,'Admin','286',NULL,296),(724,'Employee','287',NULL,297),(725,'Manager','287',NULL,297),(726,'Admin','287',NULL,297),(727,'Employee','288',NULL,298),(728,'Manager','288',NULL,298),(729,'Admin','288',NULL,298),(730,'Employee','289','2021-11-06 00:28:26',299),(731,'Manager','289','2021-11-06 00:28:26',299),(732,'Admin','289','2021-11-06 00:28:26',299),(733,'Employee','290',NULL,300),(734,'Manager','290',NULL,300),(735,'Admin','290',NULL,300),(736,'Employee','291',NULL,301),(737,'Manager','291',NULL,301),(738,'Admin','291',NULL,301),(739,'Employee','292',NULL,302),(740,'Manager','292',NULL,302),(741,'Admin','292',NULL,302),(742,'Employee','293','2021-11-17 18:00:11',303),(743,'Manager','293','2021-11-17 18:00:11',303),(744,'Admin','293','2021-11-17 18:00:11',303),(745,'Employee','294',NULL,304),(746,'Manager','294',NULL,304),(747,'Admin','294',NULL,304),(748,'Employee','295',NULL,305),(749,'Manager','295',NULL,305),(750,'Admin','295',NULL,305),(751,'Employee','296',NULL,306),(752,'Manager','296',NULL,306),(753,'Admin','296',NULL,306),(754,'Employee','297',NULL,307),(755,'Manager','297',NULL,307),(756,'Admin','297',NULL,307),(757,'Employee','298',NULL,308),(758,'Manager','298',NULL,308),(759,'Admin','298',NULL,308),(760,'Employee','299',NULL,309),(761,'Manager','299',NULL,309),(762,'Admin','299',NULL,309),(763,'Employee','300',NULL,310),(764,'Manager','300',NULL,310),(765,'Admin','300',NULL,310),(787,'Employee','308',NULL,318),(788,'Manager','308',NULL,318),(789,'Admin','308',NULL,318),(790,'Employee','309',NULL,319),(791,'Manager','309',NULL,319),(792,'Admin','309',NULL,319),(793,'Employee','310',NULL,320),(794,'Manager','310',NULL,320),(795,'Admin','310',NULL,320),(796,'Employee','311',NULL,321),(797,'Manager','311',NULL,321),(798,'Admin','311',NULL,321),(799,'Employee','312',NULL,322),(800,'Manager','312',NULL,322),(801,'Admin','312',NULL,322),(802,'Employee','313',NULL,323),(803,'Manager','313',NULL,323),(804,'Admin','313',NULL,323),(805,'Employee','314',NULL,324),(806,'Manager','314',NULL,324),(807,'Admin','314',NULL,324),(808,'Employee','315',NULL,325),(809,'Manager','315',NULL,325),(810,'Admin','315',NULL,325),(811,'Employee','316',NULL,326),(812,'Manager','316',NULL,326),(813,'Admin','316',NULL,326),(814,'Employee','317',NULL,327),(815,'Manager','317',NULL,327),(816,'Admin','317',NULL,327),(817,'Employee','318',NULL,328),(818,'Manager','318',NULL,328),(819,'Admin','318',NULL,328),(820,'Employee','319',NULL,329),(821,'Manager','319',NULL,329),(822,'Admin','319',NULL,329),(823,'Employee','320',NULL,330),(824,'Manager','320',NULL,330),(825,'Admin','320',NULL,330),(826,'Employee','321',NULL,331),(827,'Manager','321',NULL,331),(828,'Admin','321',NULL,331),(829,'Employee','322',NULL,332),(830,'Manager','322',NULL,332),(831,'Admin','322',NULL,332);

--
-- Table structure for table `teams`
--

CREATE TABLE `teams` (
  `id` int(10) unsigned NOT NULL AUTO_INCREMENT,
  `title` varchar(255) COLLATE utf8_unicode_ci NOT NULL,
  `description` text COLLATE utf8_unicode_ci,
  `created_by` int(11) NOT NULL,
  `created_at` timestamp NULL DEFAULT NULL,
  `updated_at` timestamp NULL DEFAULT NULL,
  PRIMARY KEY (`id`)
) ENGINE=InnoDB DEFAULT CHARSET=utf8 COLLATE=utf8_unicode_ci;

--
-- Dumping data for table `teams`
--



